xen.org
2012-Feb-10  15:59 UTC
[xen-unstable test] 11929: regressions - trouble: blocked/fail/pass/preparing/queued/running
flight 11929 xen-unstable running [real]
http://www.chiark.greenend.org.uk/~xensrcts/logs/11929/
Regressions :-(
Tests which did not succeed and are blocking,
including tests which could not be run:
 test-i386-i386-xl-qemuu-winxpsp3    <none executed>              queued
 test-amd64-amd64-xl-qemuu-winxpsp3    <none executed>              queued
 test-amd64-amd64-xl-qemuu-win7-amd64    <none executed>             
queued
 test-amd64-amd64-xl-pcipt-intel    <none executed>              queued
 test-amd64-amd64-xl             <none executed>              queued
 test-amd64-amd64-pv             <none executed>              queued
 test-amd64-amd64-xl-sedf-pin    <none executed>              queued
 test-amd64-amd64-xl-sedf        <none executed>              queued
 test-amd64-amd64-pair           <none executed>              queued
 test-amd64-amd64-win            <none executed>              queued
 test-amd64-i386-xl-credit2      <none executed>              queued
 test-amd64-amd64-xl-winxpsp3    <none executed>              queued
 test-i386-i386-xl               <none executed>              queued
 build-amd64-pvops             4 kernel-build             running [st=running!]
 test-i386-i386-pv               <none executed>              queued
 test-i386-i386-xl-winxpsp3      <none executed>              queued
 test-amd64-i386-xl-multivcpu    <none executed>              queued
 test-amd64-amd64-xl-win7-amd64    <none executed>              queued
 test-amd64-i386-xl-winxpsp3-vcpus1    <none executed>              queued
 test-i386-i386-xl-win           <none executed>              queued
 test-i386-i386-pair             <none executed>              queued
 test-amd64-amd64-xl-win         <none executed>              queued
 test-i386-i386-win              <none executed>              queued
 test-amd64-i386-xl-win7-amd64    <none executed>              queued
 test-amd64-i386-xl-win-vcpus1    <none executed>              queued
 test-amd64-amd64-win          7 windows-install  fail in 11911 REGR. vs. 11904
 test-amd64-i386-win-vcpus1    7 windows-install  fail in 11911 REGR. vs. 11904
 test-amd64-i386-win           7 windows-install  fail in 11911 REGR. vs. 11904
 test-amd64-i386-xend-winxpsp3  7 windows-install fail in 11911 REGR. vs. 11904
 test-i386-i386-win            7 windows-install  fail in 11911 REGR. vs. 11904
Tests which are failing intermittently (not blocking):
 build-amd64-oldkern           4 xen-build                   fail pass in 11911
 build-i386                    4 xen-build                   fail pass in 11911
 build-i386-oldkern            4 xen-build                   fail pass in 11911
 build-amd64                   4 xen-build                   fail pass in 11911
 test-amd64-amd64-xl-sedf-pin 14 guest-localmigrate/x10 fail in 11911 pass in
11907
Tests which did not succeed, but are not blocking:
 test-amd64-i386-qemuu-rhel6hvm-intel  1 xen-build-check(1)         blocked n/a
 test-amd64-i386-qemuu-rhel6hvm-amd  1 xen-build-check(1)           blocked n/a
 test-amd64-i386-pair          1 xen-build-check(1)           blocked  n/a
 test-amd64-i386-pv            1 xen-build-check(1)           blocked  n/a
 test-amd64-i386-win-vcpus1    1 xen-build-check(1)           blocked  n/a
 test-amd64-i386-rhel6hvm-intel  1 xen-build-check(1)           blocked  n/a
 test-amd64-i386-rhel6hvm-amd  1 xen-build-check(1)           blocked  n/a
 test-amd64-i386-win           1 xen-build-check(1)           blocked  n/a
 test-amd64-i386-xl            1 xen-build-check(1)           blocked  n/a
 test-amd64-i386-xend-winxpsp3  1 xen-build-check(1)           blocked  n/a
 test-i386-i386-xl-qemuu-winxpsp3  7 windows-install   fail in 11911 never pass
 test-amd64-amd64-xl-qemuu-winxpsp3  7 windows-install fail in 11911 never pass
 test-amd64-amd64-xl-qemuu-win7-amd64 7 windows-install fail in 11911 never pass
 test-amd64-i386-qemuu-rhel6hvm-intel 7 redhat-install fail in 11911 never pass
 test-amd64-amd64-xl-pcipt-intel  9 guest-start        fail in 11911 never pass
 test-amd64-i386-qemuu-rhel6hvm-amd  7 redhat-install  fail in 11911 never pass
 test-amd64-amd64-xl-winxpsp3 13 guest-stop            fail in 11911 never pass
 test-amd64-i386-rhel6hvm-intel 11 leak-check/check    fail in 11911 never pass
 test-amd64-i386-rhel6hvm-amd 11 leak-check/check      fail in 11911 never pass
 test-i386-i386-xl-winxpsp3   13 guest-stop            fail in 11911 never pass
 test-amd64-amd64-xl-win7-amd64 13 guest-stop          fail in 11911 never pass
 test-amd64-i386-xl-winxpsp3-vcpus1 13 guest-stop      fail in 11911 never pass
 test-i386-i386-xl-win        13 guest-stop            fail in 11911 never pass
 test-amd64-amd64-xl-win      13 guest-stop            fail in 11911 never pass
 test-amd64-i386-xl-win7-amd64 13 guest-stop           fail in 11911 never pass
 test-amd64-i386-xl-win-vcpus1 13 guest-stop           fail in 11911 never pass
version targeted for testing:
 xen                  730f6ed72d70
baseline version:
 xen                  9fc810bb8145
------------------------------------------------------------
People who touched revisions under test:
  Alex Zeffertt <alex.zeffertt@eu.citrix.com>
  Daniel De Graaf <dgdegra@tycho.nsa.gov>
  Diego Ongaro <diego.ongaro@citrix.com>
  hongkaixing <hongkaixing@huawei.com>
  Ian Campbell <ian.campbell@citrix.com>
  Ian Jackson <ian.jackson@eu.citrix.com>
  Jan Beulich <jbeulich@suse.com>
  John McDermott <john.mcdermott@nrl.navy.mil>
  Keir Fraser <keir@xen.org>
  Olaf Hering <olaf@aepfle.de>
  Samuel Thibault <samuel.thibault@ens-lyon.org>
  shizhen <bicky.shi@huawei.com>
  Shriram Rajagopalan <rshriram@cs.ubc.ca>
  Stefano Stabellini <stefano.stabellini@eu.citrix.com>
  Wei Liu <wei.liu2@citrix.com>
  Yongjie Ren <yongjie.ren@intel.com>
  Zhigang Wang <zhigang.x.wang@oracle.com>
------------------------------------------------------------
jobs:
 build-amd64                                                  fail    
 build-i386                                                   fail    
 build-amd64-oldkern                                          fail    
 build-i386-oldkern                                           fail    
 build-amd64-pvops                                            running 
 build-i386-pvops                                             pass    
 test-amd64-amd64-xl                                          queued  
 test-amd64-i386-xl                                           preparing
 test-i386-i386-xl                                            queued  
 test-amd64-i386-rhel6hvm-amd                                 blocked 
 test-amd64-i386-qemuu-rhel6hvm-amd                           blocked 
 test-amd64-amd64-xl-qemuu-win7-amd64                         queued  
 test-amd64-amd64-xl-win7-amd64                               queued  
 test-amd64-i386-xl-win7-amd64                                queued  
 test-amd64-i386-xl-credit2                                   queued  
 test-amd64-amd64-xl-pcipt-intel                              queued  
 test-amd64-i386-rhel6hvm-intel                               blocked 
 test-amd64-i386-qemuu-rhel6hvm-intel                         blocked 
 test-amd64-i386-xl-multivcpu                                 queued  
 test-amd64-amd64-pair                                        queued  
 test-amd64-i386-pair                                         blocked 
 test-i386-i386-pair                                          queued  
 test-amd64-amd64-xl-sedf-pin                                 queued  
 test-amd64-amd64-pv                                          queued  
 test-amd64-i386-pv                                           blocked 
 test-i386-i386-pv                                            queued  
 test-amd64-amd64-xl-sedf                                     queued  
 test-amd64-i386-win-vcpus1                                   blocked 
 test-amd64-i386-xl-win-vcpus1                                queued  
 test-amd64-i386-xl-winxpsp3-vcpus1                           queued  
 test-amd64-amd64-win                                         queued  
 test-amd64-i386-win                                          blocked 
 test-i386-i386-win                                           queued  
 test-amd64-amd64-xl-win                                      queued  
 test-i386-i386-xl-win                                        queued  
 test-amd64-amd64-xl-qemuu-winxpsp3                           queued  
 test-i386-i386-xl-qemuu-winxpsp3                             queued  
 test-amd64-i386-xend-winxpsp3                                blocked 
 test-amd64-amd64-xl-winxpsp3                                 queued  
 test-i386-i386-xl-winxpsp3                                   queued  
------------------------------------------------------------
sg-report-flight on woking.cam.xci-test.com
logs: /home/xc_osstest/logs
images: /home/xc_osstest/images
Logs, config files, etc. are available at
    http://www.chiark.greenend.org.uk/~xensrcts/logs
Test harness code can be found at
    http://xenbits.xensource.com/gitweb?p=osstest.git;a=summary
Not pushing.
(No revision log; it would be 501 lines long.)
Ian Jackson
2012-Feb-10  16:13 UTC
Re: [xen-unstable test] 11929: regressions - trouble: blocked/fail/pass/preparing/queued/running
xen.org writes ("[xen-unstable test] 11929: regressions - trouble:
blocked/fail/pass/preparing/queued/running"):> flight 11929 xen-unstable running [real]
> http://www.chiark.greenend.org.uk/~xensrcts/logs/11929/
> 
> Regressions :-(
> 
> Tests which did not succeed and are blocking,
> including tests which could not be run:
>  test-i386-i386-xl-qemuu-winxpsp3    <none executed>             
queued
>  test-amd64-amd64-xl-qemuu-winxpsp3    <none executed>             
queued
>  test-amd64-amd64-xl-qemuu-win7-amd64    <none executed>             
queued
>  test-amd64-amd64-xl-pcipt-intel    <none executed>             
queued
This is my fault.  I messed something up and had to kill this one.
Ian.
Apparently Analagous Threads
- [xen-unstable test] 13439: regressions - FAIL
- [xen-unstable test] 13339: regressions - FAIL
- [xen-4.2-testing test] 16260: regressions - FAIL
- [xen-unstable test] 14586: regressions - trouble: blocked/broken/fail/pass
- [xen-unstable test] 14916: regressions - FAIL