xen.org
2012-Dec-07  06:49 UTC
[xen-unstable test] 14586: regressions - trouble: blocked/broken/fail/pass
flight 14586 xen-unstable real [real]
http://www.chiark.greenend.org.uk/~xensrcts/logs/14586/
Regressions :-(
Tests which did not succeed and are blocking,
including tests which could not be run:
 test-amd64-amd64-pv           3 host-install(3)         broken REGR. vs. 14565
 test-amd64-amd64-xl-qemuu-winxpsp3 10 guest-saverestore.2 fail REGR. vs. 14565
 test-amd64-amd64-win          3 host-install(3)         broken REGR. vs. 14565
 test-amd64-amd64-xl-winxpsp3  3 host-install(3)         broken REGR. vs. 14565
 build-i386-pvops              2 host-install(2)         broken REGR. vs. 14565
 build-i386                    2 host-install(2)         broken REGR. vs. 14565
 build-i386-oldkern            2 host-install(2)         broken REGR. vs. 14565
 test-amd64-amd64-pair        3 host-install/src_host(3) broken REGR. vs. 14565
 test-amd64-amd64-pair        4 host-install/dst_host(4) broken REGR. vs. 14565
 test-amd64-amd64-xl-qemut-winxpsp3  3 host-install(3)   broken REGR. vs. 14565
Regressions which are regarded as allowable (not blocking):
 test-amd64-amd64-xl-pcipt-intel  3 host-install(3)      broken REGR. vs. 14565
 test-amd64-amd64-xl-sedf-pin 10 guest-saverestore            fail   like 14565
 test-amd64-amd64-xl-sedf      3 host-install(3)         broken REGR. vs. 14565
Tests which did not succeed, but are not blocking:
 test-amd64-i386-xl-credit2    1 xen-build-check(1)           blocked  n/a
 test-amd64-i386-qemut-rhel6hvm-intel  1 xen-build-check(1)         blocked n/a
 test-amd64-i386-rhel6hvm-intel  1 xen-build-check(1)           blocked  n/a
 test-amd64-i386-xl            1 xen-build-check(1)           blocked  n/a
 test-amd64-i386-qemut-rhel6hvm-amd  1 xen-build-check(1)           blocked n/a
 test-amd64-i386-qemuu-rhel6hvm-amd  1 xen-build-check(1)           blocked n/a
 test-amd64-i386-rhel6hvm-amd  1 xen-build-check(1)           blocked  n/a
 test-amd64-i386-xend-winxpsp3  1 xen-build-check(1)           blocked  n/a
 test-amd64-i386-win           1 xen-build-check(1)           blocked  n/a
 test-amd64-i386-xl-win-vcpus1  1 xen-build-check(1)           blocked  n/a
 test-amd64-i386-qemut-win-vcpus1  1 xen-build-check(1)           blocked  n/a
 test-amd64-amd64-xl-qemut-win7-amd64 13 guest-stop             fail never pass
 test-amd64-i386-pair          1 xen-build-check(1)           blocked  n/a
 test-amd64-i386-pv            1 xen-build-check(1)           blocked  n/a
 test-amd64-i386-xl-multivcpu  1 xen-build-check(1)           blocked  n/a
 test-amd64-i386-xl-qemut-win7-amd64  1 xen-build-check(1)          blocked n/a
 test-amd64-i386-qemuu-rhel6hvm-intel  1 xen-build-check(1)         blocked n/a
 test-amd64-i386-win-vcpus1    1 xen-build-check(1)           blocked  n/a
 test-amd64-i386-xl-win7-amd64  1 xen-build-check(1)           blocked  n/a
 test-amd64-i386-xl-qemut-winxpsp3-vcpus1  1 xen-build-check(1)     blocked n/a
 test-amd64-i386-xl-winxpsp3-vcpus1  1 xen-build-check(1)           blocked n/a
 test-amd64-i386-xl-qemut-win-vcpus1  1 xen-build-check(1)          blocked n/a
 test-amd64-i386-xend-qemut-winxpsp3  1 xen-build-check(1)          blocked n/a
 test-amd64-i386-qemut-win     1 xen-build-check(1)           blocked  n/a
 test-amd64-amd64-xl-win      13 guest-stop                   fail   never pass
 test-amd64-amd64-xl-qemuu-win7-amd64 13 guest-stop             fail never pass
 test-amd64-amd64-xl-win7-amd64 13 guest-stop                   fail never pass
 test-amd64-amd64-qemut-win   16 leak-check/check             fail   never pass
 test-amd64-amd64-xl-qemut-win 13 guest-stop                   fail  never pass
version targeted for testing:
 xen                  12d2786dc549
baseline version:
 xen                  bc624b00d6d6
------------------------------------------------------------
People who touched revisions under test:
  David Vrabel <david.vrabel@citrix.com>
  Dongxiao Xu <dongxiao.xu@intel.com>
  George Dunlap <george.dunlap@eu.citrix.com>
  Ian Campbell <ian.campbell@citrix.com>
  Ian Jackson <ian.jackson.citrix.com>
  Jan Beulich <jbeulich@suse.com>
  Keir Fraser <keir@xen.org>
  Liu Jinsong <jinsong.liu@intel.com>
  Olaf Hering <olaf@aepfle.de>
  Samuel Thibault <samuel.thibault@ens-lyon.org>
  Stefano Stabellini <stefano.stabellini@eu.citrix.com>
  Tim Deegan <tim@xen.org>
  Wei Huang <wei.huang2@amd.com>
  Xiantao Zhang <xiantao.zhang@intel.com>
------------------------------------------------------------
jobs:
 build-amd64                                                  pass    
 build-i386                                                   broken  
 build-amd64-oldkern                                          pass    
 build-i386-oldkern                                           broken  
 build-amd64-pvops                                            pass    
 build-i386-pvops                                             broken  
 test-amd64-amd64-xl                                          pass    
 test-amd64-i386-xl                                           blocked 
 test-amd64-i386-rhel6hvm-amd                                 blocked 
 test-amd64-i386-qemut-rhel6hvm-amd                           blocked 
 test-amd64-i386-qemuu-rhel6hvm-amd                           blocked 
 test-amd64-amd64-xl-qemut-win7-amd64                         fail    
 test-amd64-i386-xl-qemut-win7-amd64                          blocked 
 test-amd64-amd64-xl-qemuu-win7-amd64                         fail    
 test-amd64-amd64-xl-win7-amd64                               fail    
 test-amd64-i386-xl-win7-amd64                                blocked 
 test-amd64-i386-xl-credit2                                   blocked 
 test-amd64-amd64-xl-pcipt-intel                              broken  
 test-amd64-i386-rhel6hvm-intel                               blocked 
 test-amd64-i386-qemut-rhel6hvm-intel                         blocked 
 test-amd64-i386-qemuu-rhel6hvm-intel                         blocked 
 test-amd64-i386-xl-multivcpu                                 blocked 
 test-amd64-amd64-pair                                        broken  
 test-amd64-i386-pair                                         blocked 
 test-amd64-amd64-xl-sedf-pin                                 fail    
 test-amd64-amd64-pv                                          broken  
 test-amd64-i386-pv                                           blocked 
 test-amd64-amd64-xl-sedf                                     broken  
 test-amd64-i386-win-vcpus1                                   blocked 
 test-amd64-i386-qemut-win-vcpus1                             blocked 
 test-amd64-i386-xl-qemut-win-vcpus1                          blocked 
 test-amd64-i386-xl-win-vcpus1                                blocked 
 test-amd64-i386-xl-qemut-winxpsp3-vcpus1                     blocked 
 test-amd64-i386-xl-winxpsp3-vcpus1                           blocked 
 test-amd64-amd64-win                                         broken  
 test-amd64-i386-win                                          blocked 
 test-amd64-amd64-qemut-win                                   fail    
 test-amd64-i386-qemut-win                                    blocked 
 test-amd64-amd64-xl-qemut-win                                fail    
 test-amd64-amd64-xl-win                                      fail    
 test-amd64-i386-xend-qemut-winxpsp3                          blocked 
 test-amd64-amd64-xl-qemut-winxpsp3                           broken  
 test-amd64-amd64-xl-qemuu-winxpsp3                           fail    
 test-amd64-i386-xend-winxpsp3                                blocked 
 test-amd64-amd64-xl-winxpsp3                                 broken  
------------------------------------------------------------
sg-report-flight on woking.cam.xci-test.com
logs: /home/xc_osstest/logs
images: /home/xc_osstest/images
Logs, config files, etc. are available at
    http://www.chiark.greenend.org.uk/~xensrcts/logs
Test harness code can be found at
    http://xenbits.xensource.com/gitweb?p=osstest.git;a=summary
Not pushing.
(No revision log; it would be 402 lines long.)
Reasonably Related Threads
- [xen-unstable test] 14916: regressions - FAIL
- [linux-linus test] 16875: regressions - trouble: broken/fail/pass
- [xen-4.1-testing test] 18782: regressions - FAIL
- [xen-unstable test] 19723: regressions - FAIL
- [xen-unstable test] 22043: regressions - trouble: blocked/broken/fail/pass
