flight 13339 xen-unstable real [real]
http://www.chiark.greenend.org.uk/~xensrcts/logs/13339/
Regressions :-(
Tests which did not succeed and are blocking,
including tests which could not be run:
 test-amd64-amd64-xl-sedf-pin  9 guest-start               fail REGR. vs. 13025
Regressions which are regarded as allowable (not blocking):
 test-amd64-amd64-xl-sedf      9 guest-start               fail REGR. vs. 13025
 test-amd64-amd64-xl-qemuu-win7-amd64 12 guest-localmigrate/x10 fail like 13025
Tests which did not succeed, but are not blocking:
 test-amd64-amd64-xl-pcipt-intel  9 guest-start                 fail never pass
 test-amd64-i386-qemuu-rhel6hvm-amd 11 leak-check/check         fail never pass
 test-amd64-i386-rhel6hvm-amd 11 leak-check/check             fail   never pass
 test-amd64-i386-qemuu-rhel6hvm-intel 11 leak-check/check       fail never pass
 test-amd64-i386-rhel6hvm-intel 11 leak-check/check             fail never pass
 test-amd64-i386-xend-winxpsp3 16 leak-check/check             fail  never pass
 test-amd64-amd64-win         16 leak-check/check             fail   never pass
 test-amd64-i386-win-vcpus1   16 leak-check/check             fail   never pass
 test-amd64-i386-win          16 leak-check/check             fail   never pass
 test-i386-i386-win           16 leak-check/check             fail   never pass
 test-amd64-amd64-xl-win7-amd64 13 guest-stop                   fail never pass
 test-amd64-amd64-xl-qemuu-winxpsp3 13 guest-stop               fail never pass
 test-amd64-amd64-xl-win      13 guest-stop                   fail   never pass
 test-amd64-i386-xl-win7-amd64 13 guest-stop                   fail  never pass
 test-i386-i386-xl-win        13 guest-stop                   fail   never pass
 test-i386-i386-xl-qemuu-winxpsp3 13 guest-stop                 fail never pass
 test-amd64-i386-xl-win-vcpus1 13 guest-stop                   fail  never pass
 test-amd64-amd64-xl-winxpsp3 13 guest-stop                   fail   never pass
 test-i386-i386-xl-winxpsp3   13 guest-stop                   fail   never pass
 test-amd64-i386-xl-winxpsp3-vcpus1 13 guest-stop               fail never pass
version targeted for testing:
 xen                  9c5e36af6ef3
baseline version:
 xen                  32034d1914a6
jobs:
 build-amd64                                                  pass    
 build-i386                                                   pass    
 build-amd64-oldkern                                          pass    
 build-i386-oldkern                                           pass    
 build-amd64-pvops                                            pass    
 build-i386-pvops                                             pass    
 test-amd64-amd64-xl                                          pass    
 test-amd64-i386-xl                                           pass    
 test-i386-i386-xl                                            pass    
 test-amd64-i386-rhel6hvm-amd                                 fail    
 test-amd64-i386-qemuu-rhel6hvm-amd                           fail    
 test-amd64-amd64-xl-qemuu-win7-amd64                         fail    
 test-amd64-amd64-xl-win7-amd64                               fail    
 test-amd64-i386-xl-win7-amd64                                fail    
 test-amd64-i386-xl-credit2                                   pass    
 test-amd64-amd64-xl-pcipt-intel                              fail    
 test-amd64-i386-rhel6hvm-intel                               fail    
 test-amd64-i386-qemuu-rhel6hvm-intel                         fail    
 test-amd64-i386-xl-multivcpu                                 pass    
 test-amd64-amd64-pair                                        pass    
 test-amd64-i386-pair                                         pass    
 test-i386-i386-pair                                          pass    
 test-amd64-amd64-xl-sedf-pin                                 fail    
 test-amd64-amd64-pv                                          pass    
 test-amd64-i386-pv                                           pass    
 test-i386-i386-pv                                            pass    
 test-amd64-amd64-xl-sedf                                     fail    
 test-amd64-i386-win-vcpus1                                   fail    
 test-amd64-i386-xl-win-vcpus1                                fail    
 test-amd64-i386-xl-winxpsp3-vcpus1                           fail    
 test-amd64-amd64-win                                         fail    
 test-amd64-i386-win                                          fail    
 test-i386-i386-win                                           fail    
 test-amd64-amd64-xl-win                                      fail    
 test-i386-i386-xl-win                                        fail    
 test-amd64-amd64-xl-qemuu-winxpsp3                           fail    
 test-i386-i386-xl-qemuu-winxpsp3                             fail    
 test-amd64-i386-xend-winxpsp3                                fail    
 test-amd64-amd64-xl-winxpsp3                                 fail    
 test-i386-i386-xl-winxpsp3                                   fail    
------------------------------------------------------------
sg-report-flight on woking.cam.xci-test.com
logs: /home/xc_osstest/logs
images: /home/xc_osstest/images
Logs, config files, etc. are available at
    http://www.chiark.greenend.org.uk/~xensrcts/logs
Test harness code can be found at
    http://xenbits.xensource.com/gitweb?p=osstest.git;a=summary
Not pushing.
On Sat, 2012-06-23 at 00:37 +0100, xen.org wrote:> Tests which did not succeed and are blocking, > including tests which could not be run: > test-amd64-amd64-xl-sedf-pin 9 guest-start fail REGR. vs. 13025 >Ok, that was expected as I guess this run benefited from Ian''s patch which fixed the "wrong domid" issue, but not by mine one fixing the NULL pointer dereference in the hypervisor the above caused (although I call it to be sedf''s fault! :-P) Also, it seems the build for flight 13352 (<osstest-13352-mainreport@xen.org>) included both, and the tests pass (http://www.chiark.greenend.org.uk/~xensrcts/logs/13352/test-amd64-amd64-xl-sedf/info.html) in that case. :-)> Regressions which are regarded as allowable (not blocking): > test-amd64-amd64-xl-sedf 9 guest-start fail REGR. vs. 13025 >As above.> test-amd64-amd64-xl-qemuu-win7-amd64 12 guest-localmigrate/x10 fail like 13025 >But what about this? Have we broken migration now?!?! :-O Thanks and Regards, Dario -- <<This happens because I choose it to happen!>> (Raistlin Majere) ----------------------------------------------------------------- Dario Faggioli, Ph.D, http://retis.sssup.it/people/faggioli Senior Software Engineer, Citrix Systems R&D Ltd., Cambridge (UK) _______________________________________________ Xen-devel mailing list Xen-devel@lists.xen.org http://lists.xen.org/xen-devel
On Sat, 2012-06-23 at 16:39 +0100, Dario Faggioli wrote:> > > test-amd64-amd64-xl-qemuu-win7-amd64 12 guest-localmigrate/x10 fail > like 13025 > > > But what about this? Have we broken migration now?!?! :-OThis is a long standing failure (fail like 13025 means it has been failing since then) and isn''t considered a push blocker. We got the push we needed in flight 13352. Ian.
Reasonably Related Threads
- [xen-unstable test] 13439: regressions - FAIL
- [xen-unstable test] 11929: regressions - trouble: blocked/fail/pass/preparing/queued/running
- [xen-unstable test] 22184: regressions - trouble: broken/fail/pass
- [xen-4.2-testing test] 16260: regressions - FAIL
- [xen-unstable test] 14916: regressions - FAIL