xen.org
2013-Mar-03 04:17 UTC
[linux-linus test] 16875: regressions - trouble: broken/fail/pass
flight 16875 linux-linus real [real]
http://www.chiark.greenend.org.uk/~xensrcts/logs/16875/
Regressions :-(
Tests which did not succeed and are blocking,
including tests which could not be run:
test-amd64-amd64-xl 15 guest-stop fail REGR. vs. 12557
test-amd64-i386-xl 15 guest-stop fail REGR. vs. 12557
test-amd64-i386-xl-credit2 15 guest-stop fail REGR. vs. 12557
test-amd64-amd64-pv 5 xen-boot fail REGR. vs. 12557
test-amd64-i386-xl-winxpsp3-vcpus1 5 xen-boot fail REGR. vs. 12557
test-amd64-amd64-xl-win7-amd64 5 xen-boot fail REGR. vs. 12557
test-amd64-amd64-pair 8 xen-boot/dst_host fail REGR. vs. 12557
test-amd64-amd64-pair 7 xen-boot/src_host fail REGR. vs. 12557
test-amd64-i386-pair 8 xen-boot/dst_host fail REGR. vs. 12557
test-amd64-i386-pair 7 xen-boot/src_host fail REGR. vs. 12557
test-amd64-i386-xend-winxpsp3 3 host-install(3) broken REGR. vs. 12557
Regressions which are regarded as allowable (not blocking):
test-amd64-amd64-xl-sedf-pin 15 guest-stop fail REGR. vs. 12557
test-amd64-i386-xl-multivcpu 9 guest-start fail blocked in 12557
test-amd64-i386-win 5 xen-boot fail like 12557
test-amd64-i386-qemut-rhel6hvm-amd 7 redhat-install fail blocked in 12557
test-amd64-amd64-xl-sedf 5 xen-boot fail REGR. vs. 12557
Tests which did not succeed, but are not blocking:
test-amd64-amd64-xl-pcipt-intel 5 xen-boot fail never pass
test-amd64-i386-qemut-win-vcpus1 5 xen-boot fail never pass
test-amd64-i386-qemut-rhel6hvm-intel 5 xen-boot fail never pass
test-amd64-i386-xend-qemut-winxpsp3 5 xen-boot fail never pass
test-amd64-amd64-xl-qemut-winxpsp3 5 xen-boot fail never pass
test-amd64-i386-xl-qemut-win-vcpus1 5 xen-boot fail never pass
test-amd64-i386-xl-win7-amd64 13 guest-stop fail never pass
test-amd64-amd64-xl-qemut-win7-amd64 13 guest-stop fail never pass
test-amd64-i386-xl-qemut-win7-amd64 13 guest-stop fail never pass
test-amd64-amd64-xl-qemuu-win7-amd64 13 guest-stop fail never pass
test-amd64-i386-qemut-win 16 leak-check/check fail never pass
test-amd64-i386-xl-win-vcpus1 13 guest-stop fail never pass
test-amd64-i386-xl-qemut-winxpsp3-vcpus1 13 guest-stop fail never pass
test-amd64-i386-win-vcpus1 16 leak-check/check fail never pass
test-amd64-amd64-win 16 leak-check/check fail never pass
test-amd64-amd64-xl-winxpsp3 13 guest-stop fail never pass
test-amd64-amd64-xl-qemut-win 13 guest-stop fail never pass
test-amd64-amd64-xl-qemuu-winxpsp3 13 guest-stop fail never pass
test-amd64-amd64-qemut-win 16 leak-check/check fail never pass
test-amd64-amd64-xl-win 13 guest-stop fail never pass
version targeted for testing:
linux b0af9cd9aab60ceb17d3ebabb9fdf4ff0a99cf50
baseline version:
linux c16fa4f2ad19908a47c63d8fa436a1178438c7e7
------------------------------------------------------------
People who touched revisions under test:
------------------------------------------------------------
jobs:
build-amd64 pass
build-armhf pass
build-i386 pass
build-amd64-pvops pass
build-i386-pvops pass
test-amd64-amd64-xl fail
test-amd64-i386-xl fail
test-amd64-i386-rhel6hvm-amd pass
test-amd64-i386-qemut-rhel6hvm-amd fail
test-amd64-i386-qemuu-rhel6hvm-amd pass
test-amd64-amd64-xl-qemut-win7-amd64 fail
test-amd64-i386-xl-qemut-win7-amd64 fail
test-amd64-amd64-xl-qemuu-win7-amd64 fail
test-amd64-amd64-xl-win7-amd64 fail
test-amd64-i386-xl-win7-amd64 fail
test-amd64-i386-xl-credit2 fail
test-amd64-amd64-xl-pcipt-intel fail
test-amd64-i386-rhel6hvm-intel pass
test-amd64-i386-qemut-rhel6hvm-intel fail
test-amd64-i386-qemuu-rhel6hvm-intel pass
test-amd64-i386-xl-multivcpu fail
test-amd64-amd64-pair fail
test-amd64-i386-pair fail
test-amd64-amd64-xl-sedf-pin fail
test-amd64-amd64-pv fail
test-amd64-i386-pv pass
test-amd64-amd64-xl-sedf fail
test-amd64-i386-win-vcpus1 fail
test-amd64-i386-qemut-win-vcpus1 fail
test-amd64-i386-xl-qemut-win-vcpus1 fail
test-amd64-i386-xl-win-vcpus1 fail
test-amd64-i386-xl-qemut-winxpsp3-vcpus1 fail
test-amd64-i386-xl-winxpsp3-vcpus1 fail
test-amd64-amd64-win fail
test-amd64-i386-win fail
test-amd64-amd64-qemut-win fail
test-amd64-i386-qemut-win fail
test-amd64-amd64-xl-qemut-win fail
test-amd64-amd64-xl-win fail
test-amd64-i386-xend-qemut-winxpsp3 fail
test-amd64-amd64-xl-qemut-winxpsp3 fail
test-amd64-amd64-xl-qemuu-winxpsp3 fail
test-amd64-i386-xend-winxpsp3 broken
test-amd64-amd64-xl-winxpsp3 fail
------------------------------------------------------------
sg-report-flight on woking.cam.xci-test.com
logs: /home/xc_osstest/logs
images: /home/xc_osstest/images
Logs, config files, etc. are available at
http://www.chiark.greenend.org.uk/~xensrcts/logs
Test harness code can be found at
http://xenbits.xensource.com/gitweb?p=osstest.git;a=summary
Not pushing.
------------------------------------------------------------
commit b0af9cd9aab60ceb17d3ebabb9fdf4ff0a99cf50
Merge: 1e50059... 0ec7382...
Author: Linus Torvalds <torvalds@linux-foundation.org>
Date: Thu Feb 28 20:45:52 2013 -0800
Merge tag ''lzo-update-signature-20130226'' of
git://github.com/markus-oberhumer/linux
Pull LZO compression update from Markus Oberhumer:
"Summary:
=======
Update the Linux kernel LZO compression and decompression code to the
current upstream version which features significant performance
improvements on modern machines.
Some *synthetic* benchmarks:
===========================
x86_64 (Sandy Bridge), gcc-4.6 -O3, Silesia test corpus, 256 kB
block-size:
compression speed decompression speed
LZO-2005 : 150 MB/sec 468 MB/sec
LZO-2012 : 434 MB/sec 1210 MB/sec
i386 (Sandy Bridge), gcc-4.6 -O3, Silesia test corpus, 256 kB
block-size:
compression speed decompression speed
LZO-2005 : 143 MB/sec 409 MB/sec
LZO-2012 : 372 MB/sec 1121 MB/sec
armv7 (Cortex-A9), Linaro gcc-4.6 -O3, Silesia test corpus, 256 kB
block-size:
compression speed decompression speed
LZO-2005 : 27 MB/sec 84 MB/sec
LZO-2012 : 44 MB/sec 117 MB/sec
**LZO-2013-UA : 47 MB/sec 167 MB/sec
Legend:
LZO-2005 : LZO version in current 3.8 kernel (which is based on
the LZO 2.02 release from 2005)
LZO-2012 : updated LZO version available in linux-next
**LZO-2013-UA : updated LZO version available in linux-next plus
experimental
ARM Unaligned Access patch. This needs approval
from some ARM maintainer ist NOT YET INCLUDED."
Andrew Morton <akpm@linux-foundation.org> acks it and says:
"There''s a new LZ4 on the block which is even faster than the
sped-up
LZO, but various filesystems and things use LZO"
* tag ''lzo-update-signature-20130226'' of
git://github.com/markus-oberhumer/linux:
crypto: testmgr - update LZO compression test vectors
lib/lzo: Update LZO compression to current upstream version
lib/lzo: Rename lzo1x_decompress.c to lzo1x_decompress_safe.c
Apparently Analagous Threads
- [xen-unstable test] 14586: regressions - trouble: blocked/broken/fail/pass
- [xen-unstable test] 14916: regressions - FAIL
- [linux-3.10 test] 21641: regressions - FAIL
- [xen-unstable test] 19723: regressions - FAIL
- [xen-4.2-testing test] 16260: regressions - FAIL
