xen.org
2012-Feb-23 17:40 UTC
[xen-4.0-testing test] 12033: regressions - trouble: broken/fail/pass
flight 12033 xen-4.0-testing real [real]
http://www.chiark.greenend.org.uk/~xensrcts/logs/12033/
Regressions :-(
Tests which did not succeed and are blocking,
including tests which could not be run:
test-amd64-i386-xl-win-vcpus1 6 leak-check/basis(6) fail REGR. vs. 11853
Regressions which are regarded as allowable (not blocking):
test-amd64-amd64-xl-sedf 14 guest-localmigrate/x10 fail blocked in 11853
test-amd64-i386-xl-credit2 5 xen-boot fail like 11853
Tests which did not succeed, but are not blocking:
test-amd64-amd64-xl-pcipt-intel 8 debian-fixup fail never pass
test-amd64-amd64-xl-sedf-pin 15 guest-stop fail never pass
test-i386-i386-xl 15 guest-stop fail never pass
test-amd64-i386-rhel6hvm-amd 7 redhat-install fail never pass
test-amd64-amd64-xl 15 guest-stop fail never pass
test-amd64-i386-xl 15 guest-stop fail never pass
test-amd64-i386-xl-multivcpu 15 guest-stop fail never pass
test-amd64-i386-xl-win7-amd64 8 guest-saverestore fail never pass
test-amd64-amd64-xl-win7-amd64 8 guest-saverestore fail never pass
test-amd64-amd64-xl-qemuu-win7-amd64 8 guest-saverestore fail never pass
test-amd64-i386-qemuu-rhel6hvm-intel 7 redhat-install fail never pass
test-amd64-i386-xend-winxpsp3 16 leak-check/check fail never pass
test-amd64-i386-win 16 leak-check/check fail never pass
test-amd64-i386-rhel6hvm-intel 7 redhat-install fail never pass
test-amd64-i386-qemuu-rhel6hvm-amd 7 redhat-install fail never pass
test-amd64-i386-win-vcpus1 16 leak-check/check fail never pass
test-amd64-amd64-win 16 leak-check/check fail never pass
test-i386-i386-win 16 leak-check/check fail never pass
test-i386-i386-xl-win 7 windows-install fail never pass
test-amd64-amd64-xl-winxpsp3 7 windows-install fail never pass
test-amd64-i386-xl-winxpsp3-vcpus1 7 windows-install fail never pass
test-amd64-amd64-xl-win 7 windows-install fail never pass
test-i386-i386-xl-winxpsp3 7 windows-install fail never pass
test-amd64-amd64-xl-qemuu-winxpsp3 7 windows-install fail never pass
test-i386-i386-xl-qemuu-winxpsp3 7 windows-install fail never pass
version targeted for testing:
xen bf902d6661e3
baseline version:
xen 3feb83eed6bd
------------------------------------------------------------
People who touched revisions under test:
Ian Campbell <ian.campbell@citrix.com>
Jan Beulich <jbeulich@suse.com>
Keir Fraser <keir@xen.org>
------------------------------------------------------------
jobs:
build-amd64 pass
build-i386 pass
build-amd64-oldkern pass
build-i386-oldkern pass
build-amd64-pvops pass
build-i386-pvops pass
test-amd64-amd64-xl fail
test-amd64-i386-xl fail
test-i386-i386-xl fail
test-amd64-i386-rhel6hvm-amd fail
test-amd64-i386-qemuu-rhel6hvm-amd fail
test-amd64-amd64-xl-qemuu-win7-amd64 fail
test-amd64-amd64-xl-win7-amd64 fail
test-amd64-i386-xl-win7-amd64 fail
test-amd64-i386-xl-credit2 fail
test-amd64-amd64-xl-pcipt-intel fail
test-amd64-i386-rhel6hvm-intel fail
test-amd64-i386-qemuu-rhel6hvm-intel fail
test-amd64-i386-xl-multivcpu fail
test-amd64-amd64-pair pass
test-amd64-i386-pair pass
test-i386-i386-pair pass
test-amd64-amd64-xl-sedf-pin fail
test-amd64-amd64-pv pass
test-amd64-i386-pv pass
test-i386-i386-pv pass
test-amd64-amd64-xl-sedf fail
test-amd64-i386-win-vcpus1 fail
test-amd64-i386-xl-win-vcpus1 broken
test-amd64-i386-xl-winxpsp3-vcpus1 fail
test-amd64-amd64-win fail
test-amd64-i386-win fail
test-i386-i386-win fail
test-amd64-amd64-xl-win fail
test-i386-i386-xl-win fail
test-amd64-amd64-xl-qemuu-winxpsp3 fail
test-i386-i386-xl-qemuu-winxpsp3 fail
test-amd64-i386-xend-winxpsp3 fail
test-amd64-amd64-xl-winxpsp3 fail
test-i386-i386-xl-winxpsp3 fail
------------------------------------------------------------
sg-report-flight on woking.cam.xci-test.com
logs: /home/xc_osstest/logs
images: /home/xc_osstest/images
Logs, config files, etc. are available at
http://www.chiark.greenend.org.uk/~xensrcts/logs
Test harness code can be found at
http://xenbits.xensource.com/gitweb?p=osstest.git;a=summary
Not pushing.
------------------------------------------------------------
changeset: 21565:bf902d6661e3
tag: tip
user: Ian Campbell <ian.campbell@citrix.com>
date: Thu Feb 23 10:41:33 2012 +0000
xen: add missing unlock from gnttab_get_version
Signed-off-by: Ian Campbell <ian.campbell@citrix.com>
Reported-by: Francisco Rocha <f.e.liberal-rocha@newcastle.ac.uk>
Committed-by: Keir Fraser <keir@xen.org>
xen-unstable changeset: 24871:66cc5b67e749
xen-unstable date: Thu Feb 23 09:59:35 2012 +0000
changeset: 21564:2fc9ae7ee752
user: Jan Beulich <jbeulich@suse.com>
date: Thu Feb 23 10:40:43 2012 +0000
gnttab: miscellaneous fixes
- _GTF_* constants name bit positions, so binary arithmetic on them is
wrong
- gnttab_clear_flag() cannot (on x86 and ia64 at least) simply use
clear_bit(), as that may access more than the two bytes that are
intended to be accessed
Signed-off-by: Jan Beulich <jbeulich@suse.com>
Acked-by: Keir Fraser <keir@xen.org>
xen-unstable changeset: 24742:9fc810bb8145
xen-unstable date: Thu Feb 09 16:39:16 2012 +0100
changeset: 21563:3feb83eed6bd
user: Ian Jackson <Ian.Jackson@eu.citrix.com>
date: Thu Feb 02 14:00:32 2012 +0000
Update QEMU_TAG, for CVE-2012-0029
(qemu changes not included)
Reasonably Related Threads
- [xen-4.0-testing test] 12038: tolerable FAIL - PUSHED
- [xen-unstable test] 14916: regressions - FAIL
- [xen-unstable test] 14586: regressions - trouble: blocked/broken/fail/pass
- [xen-4.2-testing test] 13798: regressions - FAIL
- [xen-unstable test] 13540: regressions - FAIL
