flight 13798 xen-4.2-testing real [real]
http://www.chiark.greenend.org.uk/~xensrcts/logs/13798/
Regressions :-(
Tests which did not succeed and are blocking,
including tests which could not be run:
 test-amd64-i386-rhel6hvm-amd  5 xen-boot                  fail REGR. vs. 13739
 test-amd64-amd64-xl-win       5 xen-boot                  fail REGR. vs. 13739
Regressions which are regarded as allowable (not blocking):
 test-amd64-amd64-xl-sedf     14 guest-localmigrate/x10    fail REGR. vs. 13739
Tests which did not succeed, but are not blocking:
 test-amd64-amd64-xl-sedf-pin 10 guest-saverestore            fail   never pass
 test-amd64-amd64-xl-pcipt-intel  9 guest-start                 fail never pass
 test-i386-i386-xl-qemuu-winxpsp3  9 guest-localmigrate         fail never pass
 test-amd64-amd64-xl-qemuu-win7-amd64  9 guest-localmigrate     fail never pass
 test-amd64-amd64-xl-win7-amd64 13 guest-stop                   fail never pass
 test-amd64-i386-xend-winxpsp3 16 leak-check/check             fail  never pass
 test-i386-i386-win           16 leak-check/check             fail   never pass
 test-amd64-i386-xl-win7-amd64 13 guest-stop                   fail  never pass
 test-i386-i386-xl-winxpsp3   13 guest-stop                   fail   never pass
 test-amd64-i386-win-vcpus1   16 leak-check/check             fail   never pass
 test-amd64-i386-win          16 leak-check/check             fail   never pass
 test-amd64-i386-xl-winxpsp3-vcpus1 13 guest-stop               fail never pass
 test-amd64-i386-xl-win-vcpus1 13 guest-stop                   fail  never pass
 test-i386-i386-xl-win        13 guest-stop                   fail   never pass
 test-amd64-amd64-xl-qemuu-winxpsp3  9 guest-localmigrate       fail never pass
 test-amd64-amd64-xl-winxpsp3 13 guest-stop                   fail   never pass
 test-amd64-amd64-win         16 leak-check/check             fail   never pass
version targeted for testing:
 xen                  357bd4bb2950
baseline version:
 xen                  4027d31caeb0
------------------------------------------------------------
People who touched revisions under test:
------------------------------------------------------------
jobs:
 build-amd64                                                  pass    
 build-i386                                                   pass    
 build-amd64-oldkern                                          pass    
 build-i386-oldkern                                           pass    
 build-amd64-pvops                                            pass    
 build-i386-pvops                                             pass    
 test-amd64-amd64-xl                                          pass    
 test-amd64-i386-xl                                           pass    
 test-i386-i386-xl                                            pass    
 test-amd64-i386-rhel6hvm-amd                                 fail    
 test-amd64-i386-qemuu-rhel6hvm-amd                           pass    
 test-amd64-amd64-xl-qemuu-win7-amd64                         fail    
 test-amd64-amd64-xl-win7-amd64                               fail    
 test-amd64-i386-xl-win7-amd64                                fail    
 test-amd64-i386-xl-credit2                                   pass    
 test-amd64-amd64-xl-pcipt-intel                              fail    
 test-amd64-i386-rhel6hvm-intel                               pass    
 test-amd64-i386-qemuu-rhel6hvm-intel                         pass    
 test-amd64-i386-xl-multivcpu                                 pass    
 test-amd64-amd64-pair                                        pass    
 test-amd64-i386-pair                                         pass    
 test-i386-i386-pair                                          pass    
 test-amd64-amd64-xl-sedf-pin                                 fail    
 test-amd64-amd64-pv                                          pass    
 test-amd64-i386-pv                                           pass    
 test-i386-i386-pv                                            pass    
 test-amd64-amd64-xl-sedf                                     fail    
 test-amd64-i386-win-vcpus1                                   fail    
 test-amd64-i386-xl-win-vcpus1                                fail    
 test-amd64-i386-xl-winxpsp3-vcpus1                           fail    
 test-amd64-amd64-win                                         fail    
 test-amd64-i386-win                                          fail    
 test-i386-i386-win                                           fail    
 test-amd64-amd64-xl-win                                      fail    
 test-i386-i386-xl-win                                        fail    
 test-amd64-amd64-xl-qemuu-winxpsp3                           fail    
 test-i386-i386-xl-qemuu-winxpsp3                             fail    
 test-amd64-i386-xend-winxpsp3                                fail    
 test-amd64-amd64-xl-winxpsp3                                 fail    
 test-i386-i386-xl-winxpsp3                                   fail    
------------------------------------------------------------
sg-report-flight on woking.cam.xci-test.com
logs: /home/xc_osstest/logs
images: /home/xc_osstest/images
Logs, config files, etc. are available at
    http://www.chiark.greenend.org.uk/~xensrcts/logs
Test harness code can be found at
    http://xenbits.xensource.com/gitweb?p=osstest.git;a=summary
Not pushing.
------------------------------------------------------------
changeset:   25844:357bd4bb2950
tag:         tip
user:        Keir Fraser <keir@xen.org>
date:        Mon Sep 17 09:25:24 2012 +0100
    
    Added signature for changeset af176624c3ae
    
    
changeset:   25843:fcf43d9649cd
user:        Keir Fraser <keir@xen.org>
date:        Mon Sep 17 09:25:05 2012 +0100
    
    Added tag RELEASE-4.2.0 for changeset af176624c3ae
    
    
changeset:   25842:af176624c3ae
tag:         RELEASE-4.2.0
user:        Keir Fraser <keir@xen.org>
date:        Mon Sep 17 09:24:34 2012 +0100
    
    Update Xen version to 4.2.0
    
    
changeset:   25841:4027d31caeb0
user:        Keir Fraser <keir@xen.org>
date:        Thu Sep 13 12:21:09 2012 +0100
    
    Added signature for changeset 14164c5f22c8
    
    
(qemu changes not included)
xen.org writes ("[xen-4.2-testing test] 13798: regressions -
FAIL"):> flight 13798 xen-4.2-testing real [real]
> http://www.chiark.greenend.org.uk/~xensrcts/logs/13798/
> 
> Regressions :-(
> 
> Tests which did not succeed and are blocking,
> including tests which could not be run:
>  test-amd64-i386-rhel6hvm-amd  5 xen-boot             fail REGR. vs. 13739
Sep 17 13:10:04.736640 Starting C xenstored...
Sep 17 13:10:07.476559 Setting domain 0 name...
Sep 17 13:10:07.476592 Starting xenconsoled...
Sep 17 13:10:07.476622 Starting QEMU as disk backend for dom0
and the the boot hung.  The intervention of the autotester, poking the
debug keys, seems to have unhung it.
The transcript seems to suggest some lost serial output, too, as the
next thing I see from the boot sequence (in the middle of the debug
keys) is a message about exim4.
Ian.