xen.org
2012-Jan-02  21:26 UTC
[xen-unstable test] 10626: regressions - trouble: blocked/broken/fail/pass
flight 10626 xen-unstable real [real]
http://www.chiark.greenend.org.uk/~xensrcts/logs/10626/
Regressions :-(
Tests which did not succeed and are blocking,
including tests which could not be run:
 test-amd64-i386-xl-multivcpu 16 guest-start.2    fail in 10623 REGR. vs. 10621
Tests which are failing intermittently (not blocking):
 test-amd64-i386-rhel6hvm-intel  4 xen-install               fail pass in 10623
 test-amd64-i386-pv            4 xen-install                 fail pass in 10623
 test-amd64-i386-xl-multivcpu  4 xen-install                 fail pass in 10623
 test-amd64-i386-xl            4 xen-install                 fail pass in 10623
 test-amd64-i386-pair          6 xen-install/dst_host        fail pass in 10623
 test-amd64-i386-pair          5 xen-install/src_host        fail pass in 10623
 test-amd64-i386-rhel6hvm-amd  4 xen-install                 fail pass in 10623
 build-i386                    2 host-install(2)           broken pass in 10623
 test-amd64-i386-xl-credit2    4 xen-install                 fail pass in 10623
 test-amd64-i386-xl-win-vcpus1  4 xen-install                fail pass in 10623
 test-amd64-i386-win           4 xen-install                 fail pass in 10623
 test-amd64-i386-xl-winxpsp3-vcpus1  4 xen-install           fail pass in 10623
 test-amd64-i386-win-vcpus1    4 xen-install                 fail pass in 10623
 test-amd64-i386-xend-winxpsp3  4 xen-install                fail pass in 10623
 test-amd64-i386-xl-win7-amd64  4 xen-install                fail pass in 10623
Regressions which are regarded as allowable (not blocking):
 test-amd64-amd64-pv          16 guest-start.2         fail in 10623 like 10619
 test-amd64-i386-pv           16 guest-start.2         fail in 10623 like 10621
 test-amd64-amd64-xl-sedf      5 xen-boot              fail in 10623 like 10614
Tests which did not succeed, but are not blocking:
 test-amd64-amd64-xl-pcipt-intel  9 guest-start                 fail never pass
 test-i386-i386-pv             1 xen-build-check(1)           blocked  n/a
 test-i386-i386-xl             1 xen-build-check(1)           blocked  n/a
 test-i386-i386-pair           1 xen-build-check(1)           blocked  n/a
 test-amd64-amd64-xl-win      13 guest-stop                   fail   never pass
 test-i386-i386-win            1 xen-build-check(1)           blocked  n/a
 test-amd64-amd64-xl-winxpsp3 13 guest-stop                   fail   never pass
 test-i386-i386-xl-win         1 xen-build-check(1)           blocked  n/a
 test-i386-i386-xl-winxpsp3    1 xen-build-check(1)           blocked  n/a
 test-amd64-amd64-xl-win7-amd64 13 guest-stop                   fail never pass
 test-amd64-amd64-win         16 leak-check/check             fail   never pass
 test-amd64-i386-rhel6hvm-intel  9 guest-start.2       fail in 10623 never pass
 test-amd64-i386-rhel6hvm-amd  9 guest-start.2         fail in 10623 never pass
 test-amd64-i386-xl-win-vcpus1 13 guest-stop           fail in 10623 never pass
 test-amd64-i386-win          16 leak-check/check      fail in 10623 never pass
 test-i386-i386-win           16 leak-check/check      fail in 10623 never pass
 test-i386-i386-xl-win        13 guest-stop            fail in 10623 never pass
 test-amd64-i386-xl-winxpsp3-vcpus1 13 guest-stop      fail in 10623 never pass
 test-i386-i386-xl-winxpsp3   13 guest-stop            fail in 10623 never pass
 test-amd64-i386-win-vcpus1   16 leak-check/check      fail in 10623 never pass
 test-amd64-i386-xend-winxpsp3 16 leak-check/check     fail in 10623 never pass
 test-amd64-i386-xl-win7-amd64 13 guest-stop           fail in 10623 never pass
version targeted for testing:
 xen                  50117a4d1a2c
baseline version:
 xen                  a7b2610b8e5c
------------------------------------------------------------
People who touched revisions under test:
  Gang Wei <gang.wei@intel.com>
  Haitao Shan <haitao.shan@intel.com>
  Jan Beulich <jbeulich@suse.com>
  Joseph Cihula <joseph.cihula@intel.com>
  Keir Fraser <keir@xen.org>
  Shan Haitao <maillists.shan@gmail.com>
  Stefano Stabellini <Stefano.Stabellini@eu.citrix.com>
  Tim Deegan <tim@xen.org>
  Yongjie Ren <yongjie.ren@intel.com>
------------------------------------------------------------
jobs:
 build-amd64                                                  pass    
 build-i386                                                   broken  
 build-amd64-oldkern                                          pass    
 build-i386-oldkern                                           pass    
 build-amd64-pvops                                            pass    
 build-i386-pvops                                             pass    
 test-amd64-amd64-xl                                          pass    
 test-amd64-i386-xl                                           fail    
 test-i386-i386-xl                                            blocked 
 test-amd64-i386-rhel6hvm-amd                                 fail    
 test-amd64-amd64-xl-win7-amd64                               fail    
 test-amd64-i386-xl-win7-amd64                                fail    
 test-amd64-i386-xl-credit2                                   fail    
 test-amd64-amd64-xl-pcipt-intel                              fail    
 test-amd64-i386-rhel6hvm-intel                               fail    
 test-amd64-i386-xl-multivcpu                                 fail    
 test-amd64-amd64-pair                                        pass    
 test-amd64-i386-pair                                         fail    
 test-i386-i386-pair                                          blocked 
 test-amd64-amd64-xl-sedf-pin                                 pass    
 test-amd64-amd64-pv                                          pass    
 test-amd64-i386-pv                                           fail    
 test-i386-i386-pv                                            blocked 
 test-amd64-amd64-xl-sedf                                     pass    
 test-amd64-i386-win-vcpus1                                   fail    
 test-amd64-i386-xl-win-vcpus1                                fail    
 test-amd64-i386-xl-winxpsp3-vcpus1                           fail    
 test-amd64-amd64-win                                         fail    
 test-amd64-i386-win                                          fail    
 test-i386-i386-win                                           blocked 
 test-amd64-amd64-xl-win                                      fail    
 test-i386-i386-xl-win                                        blocked 
 test-amd64-i386-xend-winxpsp3                                fail    
 test-amd64-amd64-xl-winxpsp3                                 fail    
 test-i386-i386-xl-winxpsp3                                   blocked 
------------------------------------------------------------
sg-report-flight on woking.cam.xci-test.com
logs: /home/xc_osstest/logs
images: /home/xc_osstest/images
Logs, config files, etc. are available at
    http://www.chiark.greenend.org.uk/~xensrcts/logs
Test harness code can be found at
    http://xenbits.xensource.com/gitweb?p=osstest.git;a=summary
Not pushing.
------------------------------------------------------------
changeset:   24450:50117a4d1a2c
tag:         tip
user:        Gang Wei <gang.wei@intel.com>
date:        Mon Jan 02 12:43:07 2012 +0000
    
    x86/tboot: fix some coding style issues in tboot.c
    
    Signed-off-by: Gang Wei <gang.wei@intel.com>
    Acked-by:  Joseph Cihula <joseph.cihula@intel.com>
    Committed-by: Keir Fraser <keir@xen.org>
    
    
changeset:   24449:fb1bd2a4ccab
user:        Gang Wei <gang.wei@intel.com>
date:        Mon Jan 02 12:42:15 2012 +0000
    
    Update the maitainer list for Intel(R) TXT
    
    Signed-off-by: Gang Wei <gang.wei@intel.com>
    
    
changeset:   24448:3a22ed3ec534
user:        Jan Beulich <jbeulich@suse.com>
date:        Mon Jan 02 09:26:19 2012 +0100
    
    x86/passthrough: don''t leak guest IRQs
    
    As unmap_domain_pirq_emuirq() fails on a never mapped pIRQ, it must not
    be called for the non-emu-IRQ case (to prevent the entire unmap
    operation failing).
    
    Based on a suggestion from Stefano.
    
    Signed-off-by: Jan Beulich <jbeulich@suse.com>
    Tested-by: Yongjie Ren <yongjie.ren@intel.com>
    Acked-by: Stefano Stabellini <stefano.stabellini@eu.citrix.com>
    
    
changeset:   24447:a7b2610b8e5c
user:        Gang Wei <gang.wei@intel.com>
date:        Thu Dec 29 10:07:54 2011 +0000
    
    X86: Add a delay between INIT & SIPIs for tboot AP bring-up in X2APIC
case
    
    Without this delay, Xen could not bring APs up while working with
    TXT/tboot, because tboot needs some time in APs to handle INIT before
    becoming ready for receiving SIPIs (this delay was removed as part of
    c/s 23724 by Tim Deegan).
    
    Signed-off-by: Gang Wei <gang.wei@intel.com>
    Acked-by: Keir Fraser <keir@xen.org>
    Acked-by: Tim Deegan <tim@xen.org>
    Committed-by: Tim Deegan <tim@xen.org>
    
    
=======================================commit
56d7747a3cf811910c4cf865e1ebcb8b82502005
Author: Ian Jackson <ian.jackson@eu.citrix.com>
Date:   Thu Dec 22 14:46:31 2011 +0000
    qemu: clean up MSI-X table handling
    
    This patch does cleaning up of QEMU MSI handling. The fixes are:
    1. Changes made to MSI-X table mapping handling to eliminate the small
    windows in which guest could have access to physical MSI-X table.
    2. MSI-X table is mapped as read-only to QEMU, as masking of MSI-X is
    already in Xen now.
    3. For registers that coexists inside the MSI-X table (this could be
    only PBA I think), value read from physical page would be returned.
    
    Signed-off-by:  Shan Haitao <maillists.shan@gmail.com>
    
    Consolidated duplicate code into _pt_iomem_helper(). Fixed formatting.
    
    Signed-off-by: Jan Beulich <jbeulich@suse.com>
    
    Acked-by: Haitao Shan <haitao.shan@intel.com>
    Acked-by: Stefano Stabellini <Stefano.Stabellini@eu.citrix.com>
Possibly Parallel Threads
- [xen-unstable test] 10413: regressions - trouble: broken/fail/pass
- [xen-unstable test] 11929: regressions - trouble: blocked/fail/pass/preparing/queued/running
- [xen-unstable test] 8091: regressions - FAIL
- [xen-4.2-testing test] 16260: regressions - FAIL
- [PATCH] update tboot tarfile to latest version
