flight 2042 xen-unstable real
http://www.chiark.greenend.org.uk/~xensrcts/logs/2042/
Regressions :-(
tests which did not succeed:
build-i386-oldkern 1 xen-build fail REGR. vs. 2017
build-i386 3 xen-build fail REGR. vs. 2017
test-amd64-amd64-pair 12 guest-migrate/src_host/dst_host fail never pass
test-amd64-amd64-xl 10 guest-stop fail never pass
test-amd64-i386-pair 1 xen-build-check(1) blocked n/a
test-amd64-i386-pv 1 xen-build-check(1) blocked n/a
test-amd64-i386-win 1 xen-build-check(1) blocked n/a
test-amd64-i386-xl 1 xen-build-check(1) blocked n/a
test-amd64-xcpkern-i386-pair 1 xen-build-check(1) blocked n/a
test-amd64-xcpkern-i386-pv 1 xen-build-check(1) blocked n/a
test-amd64-xcpkern-i386-win 1 xen-build-check(1) blocked n/a
test-amd64-xcpkern-i386-xl 1 xen-build-check(1) blocked n/a
test-i386-i386-pair 1 xen-build-check(1) blocked n/a
test-i386-i386-pv 1 xen-build-check(1) blocked n/a
test-i386-i386-win 1 xen-build-check(1) blocked n/a
test-i386-i386-xl 1 xen-build-check(1) blocked n/a
test-i386-xcpkern-i386-pair 1 xen-build-check(1) blocked n/a
test-i386-xcpkern-i386-pv 1 xen-build-check(1) blocked n/a
test-i386-xcpkern-i386-win 1 xen-build-check(1) blocked n/a
test-i386-xcpkern-i386-xl 1 xen-build-check(1) blocked n/a
version targeted for testing:
xen 81503caeb439
baseline version:
xen 5218db847b58
jobs:
build-amd64 pass
build-amd64-oldkern pass
build-i386 fail
build-i386-oldkern fail
build-i386-xcpkern pass
test-amd64-amd64-pair fail
test-amd64-amd64-pv pass
test-amd64-amd64-win pass
test-amd64-amd64-xl fail
test-amd64-i386-pair blocked
test-amd64-i386-pv blocked
test-amd64-i386-win blocked
test-amd64-i386-xl blocked
test-amd64-xcpkern-i386-pair blocked
test-amd64-xcpkern-i386-pv blocked
test-amd64-xcpkern-i386-win blocked
test-amd64-xcpkern-i386-xl blocked
test-i386-i386-pair blocked
test-i386-i386-pv blocked
test-i386-i386-win blocked
test-i386-i386-xl blocked
test-i386-xcpkern-i386-pair blocked
test-i386-xcpkern-i386-pv blocked
test-i386-xcpkern-i386-win blocked
test-i386-xcpkern-i386-xl blocked
-------------------------------------------------------------------------------
build-amd64:
1 host-install(1) pass
2 host-build-prep pass
3 xen-build pass
linux e6b9b2cbca5093e8e38d
qemu 1734e63891573d4729c7
xen 22054:81503caeb439
-------------------------------------------------------------------------------
build-amd64-oldkern:
1 xen-build pass
linux 1025:042c8cd71081
qemu 1734e63891573d4729c7
xen 22054:81503caeb439
-------------------------------------------------------------------------------
build-i386:
1 host-install(1) pass
2 host-build-prep pass
3 xen-build fail
linux e6b9b2cbca5093e8e38d
qemu 1734e63891573d4729c7
xen 22054:81503caeb439
-------------------------------------------------------------------------------
build-i386-oldkern:
1 xen-build fail
linux 1025:042c8cd71081
qemu 1734e63891573d4729c7
xen 22054:81503caeb439
-------------------------------------------------------------------------------
build-i386-xcpkern:
1 kernel-build pass
linux 110879:32fc6955a6a5
pq_linux 154:61499f9e9a87
-------------------------------------------------------------------------------
test-amd64-amd64-pair:
1 xen-build-check(1) pass
2 host-install/src_host(2) pass
3 host-install/dst_host(3) pass
4 xen-install/src_host pass
5 xen-install/dst_host pass
6 xen-boot/src_host pass
7 xen-boot/dst_host pass
8 debian-install/dst_host pass
9 debian-fixup/dst_host pass
10 guests-nbd-mirror pass
11 guest-start pass
12 guest-migrate/src_host/dst_host fail
13 capture-logs/src_host(13) pass
14 capture-logs/dst_host(14) pass
-------------------------------------------------------------------------------
test-amd64-amd64-pv:
1 xen-build-check(1) pass
2 host-install(2) pass
3 xen-install pass
4 xen-boot pass
5 debian-install pass
6 debian-fixup pass
7 guest-start pass
8 guest-saverestore pass
9 guest-localmigrate pass
10 guest-stop pass
11 capture-logs(11) pass
-------------------------------------------------------------------------------
test-amd64-amd64-win:
1 xen-build-check(1) pass
2 host-install(2) pass
3 xen-install pass
4 xen-boot pass
5 windows-install pass
6 guest-saverestore pass
7 guest-localmigrate pass
8 guest-stop pass
9 capture-logs(9) pass
-------------------------------------------------------------------------------
test-amd64-amd64-xl:
1 xen-build-check(1) pass
2 host-install(2) pass
3 xen-install pass
4 xen-boot pass
5 debian-install pass
6 debian-fixup pass
7 guest-start pass
8 guest-saverestore pass
9 guest-localmigrate pass
10 guest-stop fail
11 capture-logs(11) pass
-------------------------------------------------------------------------------
test-amd64-i386-pair:
1 xen-build-check(1) blocked
-------------------------------------------------------------------------------
test-amd64-i386-pv:
1 xen-build-check(1) blocked
-------------------------------------------------------------------------------
test-amd64-i386-win:
1 xen-build-check(1) blocked
-------------------------------------------------------------------------------
test-amd64-i386-xl:
1 xen-build-check(1) blocked
-------------------------------------------------------------------------------
test-amd64-xcpkern-i386-pair:
1 xen-build-check(1) blocked
-------------------------------------------------------------------------------
test-amd64-xcpkern-i386-pv:
1 xen-build-check(1) blocked
-------------------------------------------------------------------------------
test-amd64-xcpkern-i386-win:
1 xen-build-check(1) blocked
-------------------------------------------------------------------------------
test-amd64-xcpkern-i386-xl:
1 xen-build-check(1) blocked
-------------------------------------------------------------------------------
test-i386-i386-pair:
1 xen-build-check(1) blocked
-------------------------------------------------------------------------------
test-i386-i386-pv:
1 xen-build-check(1) blocked
-------------------------------------------------------------------------------
test-i386-i386-win:
1 xen-build-check(1) blocked
-------------------------------------------------------------------------------
test-i386-i386-xl:
1 xen-build-check(1) blocked
-------------------------------------------------------------------------------
test-i386-xcpkern-i386-pair:
1 xen-build-check(1) blocked
-------------------------------------------------------------------------------
test-i386-xcpkern-i386-pv:
1 xen-build-check(1) blocked
-------------------------------------------------------------------------------
test-i386-xcpkern-i386-win:
1 xen-build-check(1) blocked
-------------------------------------------------------------------------------
test-i386-xcpkern-i386-xl:
1 xen-build-check(1) blocked
------------------------------------------------------------
sg-report-flight on woking.cam.xci-test.com
logs: /home/xc_osstest/logs
images: /home/xc_osstest/images
Logs, config files, etc. are available at
http://www.chiark.greenend.org.uk/~xensrcts/logs
Test harness code can be found at
http://xenbits.xensource.com/gitweb?p=osstest.git;a=summary
Not pushing.
_______________________________________________
Xen-devel mailing list
Xen-devel@lists.xensource.com
http://lists.xensource.com/xen-devel
Ian Jackson
2010-Aug-23 10:02 UTC
[Xen-devel] Re: [xen-unstable test] 2042: regressions - FAIL
Ian Jackson writes ("[xen-unstable test] 2042: regressions -
FAIL"):> flight 2042 xen-unstable real
> http://www.chiark.greenend.org.uk/~xensrcts/logs/2042/
>
> Regressions :-(
>
> tests which did not succeed:
> build-i386 3 xen-build fail REGR. vs.
2017
This is due to the following compile error:
.../xen/include/xen/cper.h: In function
''cper_next_record_id'':
.../xen/include/xen/cper.h:44: error: left shift count >= width of type
This was introduced in 22053:3bd6d29f1435 "mce: Provide ERST
interface". The compiler is correct:
+extern unsigned long get_sec(void);
...
+ record_id = get_sec() << 32;
If the intent is really just to initialise the top 32 bits with a
32-bit number, then you should write something like this:
record_id = (u64)get_sec() << 32;
Ian.
_______________________________________________
Xen-devel mailing list
Xen-devel@lists.xensource.com
http://lists.xensource.com/xen-devel
Liu, Jinsong
2010-Aug-23 10:53 UTC
[Xen-devel] [PATCH] Fix mce erst bug to pass build under i386
Ian Jackson wrote:> Ian Jackson writes ("[xen-unstable test] 2042: regressions - FAIL"): >> flight 2042 xen-unstable real >> http://www.chiark.greenend.org.uk/~xensrcts/logs/2042/ >> >> Regressions :-( >> >> tests which did not succeed: >> build-i386 3 xen-build fail REGR. >> vs. 2017 > > This is due to the following compile error: > > .../xen/include/xen/cper.h: In function ''cper_next_record_id'': > .../xen/include/xen/cper.h:44: error: left shift count >= width of > type > > This was introduced in 22053:3bd6d29f1435 "mce: Provide ERST > interface". The compiler is correct: > > +extern unsigned long get_sec(void); > ... > + record_id = get_sec() << 32; > > If the intent is really just to initialise the top 32 bits with a > 32-bit number, then you should write something like this: > record_id = (u64)get_sec() << 32; > > Ian.Thanks, fix patch attached. Jinsong _______________________________________________ Xen-devel mailing list Xen-devel@lists.xensource.com http://lists.xensource.com/xen-devel