flight 2037 xen-unstable real
http://www.chiark.greenend.org.uk/~xensrcts/logs/2037/
Regressions :-(
tests which did not succeed:
 test-amd64-amd64-pair       12 guest-migrate/src_host/dst_host fail never pass
 test-amd64-amd64-pv           8 guest-saverestore            fail    like 2017
 test-amd64-amd64-win          6 guest-saverestore          fail REGR. vs. 2017
 test-amd64-amd64-xl           8 guest-saverestore            fail    like 2017
 test-amd64-i386-pair         12 guest-migrate/src_host/dst_host fail like 2017
 test-amd64-i386-pv            8 guest-saverestore            fail    like 2017
 test-amd64-i386-win           6 guest-saverestore            fail    like 2017
 test-amd64-i386-xl            8 guest-saverestore            fail    like 2017
 test-amd64-xcpkern-i386-xl   10 guest-stop                   fail   never pass
 test-i386-i386-pair         12 guest-migrate/src_host/dst_host fail never pass
 test-i386-i386-pv             8 guest-saverestore            fail    like 2017
 test-i386-i386-win            7 guest-localmigrate        fail blocked in 2017
 test-i386-i386-xl             9 guest-localmigrate        fail blocked in 2017
 test-i386-xcpkern-i386-pair  12 guest-migrate/src_host/dst_host fail like 2017
 test-i386-xcpkern-i386-xl    10 guest-stop                   fail   never pass
version targeted for testing:
 xen                  f68726cdf357
baseline version:
 xen                  5218db847b58
jobs:
 build-amd64                  pass     
 build-amd64-oldkern          pass     
 build-i386                   pass     
 build-i386-oldkern           pass     
 build-i386-xcpkern           pass     
 test-amd64-amd64-pair        fail     
 test-amd64-amd64-pv          fail     
 test-amd64-amd64-win         fail     
 test-amd64-amd64-xl          fail     
 test-amd64-i386-pair         fail     
 test-amd64-i386-pv           fail     
 test-amd64-i386-win          fail     
 test-amd64-i386-xl           fail     
 test-amd64-xcpkern-i386-pair pass     
 test-amd64-xcpkern-i386-pv   pass     
 test-amd64-xcpkern-i386-win  pass     
 test-amd64-xcpkern-i386-xl   fail     
 test-i386-i386-pair          fail     
 test-i386-i386-pv            fail     
 test-i386-i386-win           fail     
 test-i386-i386-xl            fail     
 test-i386-xcpkern-i386-pair  fail     
 test-i386-xcpkern-i386-pv    pass     
 test-i386-xcpkern-i386-win   pass     
 test-i386-xcpkern-i386-xl    fail     
-------------------------------------------------------------------------------
build-amd64:
 1 host-install(1)              pass     
 2 host-build-prep              pass     
 3 xen-build                    pass     
 linux           e73f4955a821f850f5b8
 qemu            1734e63891573d4729c7
 xen             22049:f68726cdf357
-------------------------------------------------------------------------------
build-amd64-oldkern:
 1 xen-build                    pass     
 linux           1025:042c8cd71081
 qemu            1734e63891573d4729c7
 xen             22049:f68726cdf357
-------------------------------------------------------------------------------
build-i386:
 1 host-install(1)              pass     
 2 host-build-prep              pass     
 3 xen-build                    pass     
 linux           e73f4955a821f850f5b8
 qemu            1734e63891573d4729c7
 xen             22049:f68726cdf357
-------------------------------------------------------------------------------
build-i386-oldkern:
 1 xen-build                    pass     
 linux           1025:042c8cd71081
 qemu            1734e63891573d4729c7
 xen             22049:f68726cdf357
-------------------------------------------------------------------------------
build-i386-xcpkern:
 1 kernel-build                 pass     
 linux           110879:32fc6955a6a5
 pq_linux        154:61499f9e9a87
-------------------------------------------------------------------------------
test-amd64-amd64-pair:
 1 xen-build-check(1)           pass     
 2 host-install/src_host(2)     pass     
 3 host-install/dst_host(3)     pass     
 4 xen-install/src_host         pass     
 5 xen-install/dst_host         pass     
 6 xen-boot/src_host            pass     
 7 xen-boot/dst_host            pass     
 8 debian-install/dst_host      pass     
 9 debian-fixup/dst_host        pass     
10 guests-nbd-mirror            pass     
11 guest-start                  pass     
12 guest-migrate/src_host/dst_host fail     
13 capture-logs/src_host(13)    pass     
14 capture-logs/dst_host(14)    pass     
-------------------------------------------------------------------------------
test-amd64-amd64-pv:
 1 xen-build-check(1)           pass     
 2 host-install(2)              pass     
 3 xen-install                  pass     
 4 xen-boot                     pass     
 5 debian-install               pass     
 6 debian-fixup                 pass     
 7 guest-start                  pass     
 8 guest-saverestore            fail     
 9 capture-logs(9)              pass     
-------------------------------------------------------------------------------
test-amd64-amd64-win:
 1 xen-build-check(1)           pass     
 2 host-install(2)              pass     
 3 xen-install                  pass     
 4 xen-boot                     pass     
 5 windows-install              pass     
 6 guest-saverestore            fail     
 7 capture-logs(7)              pass     
-------------------------------------------------------------------------------
test-amd64-amd64-xl:
 1 xen-build-check(1)           pass     
 2 host-install(2)              pass     
 3 xen-install                  pass     
 4 xen-boot                     pass     
 5 debian-install               pass     
 6 debian-fixup                 pass     
 7 guest-start                  pass     
 8 guest-saverestore            fail     
 9 capture-logs(9)              pass     
-------------------------------------------------------------------------------
test-amd64-i386-pair:
 1 xen-build-check(1)           pass     
 2 host-install/src_host(2)     pass     
 3 host-install/dst_host(3)     pass     
 4 xen-install/src_host         pass     
 5 xen-install/dst_host         pass     
 6 xen-boot/src_host            pass     
 7 xen-boot/dst_host            pass     
 8 debian-install/dst_host      pass     
 9 debian-fixup/dst_host        pass     
10 guests-nbd-mirror            pass     
11 guest-start                  pass     
12 guest-migrate/src_host/dst_host fail     
13 capture-logs/src_host(13)    pass     
14 capture-logs/dst_host(14)    pass     
-------------------------------------------------------------------------------
test-amd64-i386-pv:
 1 xen-build-check(1)           pass     
 2 host-install(2)              pass     
 3 xen-install                  pass     
 4 xen-boot                     pass     
 5 debian-install               pass     
 6 debian-fixup                 pass     
 7 guest-start                  pass     
 8 guest-saverestore            fail     
 9 capture-logs(9)              pass     
-------------------------------------------------------------------------------
test-amd64-i386-win:
 1 xen-build-check(1)           pass     
 2 host-install(2)              pass     
 3 xen-install                  pass     
 4 xen-boot                     pass     
 5 windows-install              pass     
 6 guest-saverestore            fail     
 7 capture-logs(7)              pass     
-------------------------------------------------------------------------------
test-amd64-i386-xl:
 1 xen-build-check(1)           pass     
 2 host-install(2)              pass     
 3 xen-install                  pass     
 4 xen-boot                     pass     
 5 debian-install               pass     
 6 debian-fixup                 pass     
 7 guest-start                  pass     
 8 guest-saverestore            fail     
 9 capture-logs(9)              pass     
-------------------------------------------------------------------------------
test-amd64-xcpkern-i386-pair:
 1 xen-build-check(1)           pass     
 2 host-install/src_host(2)     pass     
 3 host-install/dst_host(3)     pass     
 4 xen-install/src_host         pass     
 5 xen-install/dst_host         pass     
 6 xen-boot/src_host            pass     
 7 xen-boot/dst_host            pass     
 8 debian-install/dst_host      pass     
 9 debian-fixup/dst_host        pass     
10 guests-nbd-mirror            pass     
11 guest-start                  pass     
12 guest-migrate/src_host/dst_host pass     
13 guest-migrate/dst_host/src_host pass     
14 capture-logs/src_host(14)    pass     
15 capture-logs/dst_host(15)    pass     
-------------------------------------------------------------------------------
test-amd64-xcpkern-i386-pv:
 1 xen-build-check(1)           pass     
 2 host-install(2)              pass     
 3 xen-install                  pass     
 4 xen-boot                     pass     
 5 debian-install               pass     
 6 debian-fixup                 pass     
 7 guest-start                  pass     
 8 guest-saverestore            pass     
 9 guest-localmigrate           pass     
10 guest-stop                   pass     
11 capture-logs(11)             pass     
-------------------------------------------------------------------------------
test-amd64-xcpkern-i386-win:
 1 xen-build-check(1)           pass     
 2 host-install(2)              pass     
 3 xen-install                  pass     
 4 xen-boot                     pass     
 5 windows-install              pass     
 6 guest-saverestore            pass     
 7 guest-localmigrate           pass     
 8 guest-stop                   pass     
 9 capture-logs(9)              pass     
-------------------------------------------------------------------------------
test-amd64-xcpkern-i386-xl:
 1 xen-build-check(1)           pass     
 2 host-install(2)              pass     
 3 xen-install                  pass     
 4 xen-boot                     pass     
 5 debian-install               pass     
 6 debian-fixup                 pass     
 7 guest-start                  pass     
 8 guest-saverestore            pass     
 9 guest-localmigrate           pass     
10 guest-stop                   fail     
11 capture-logs(11)             pass     
-------------------------------------------------------------------------------
test-i386-i386-pair:
 1 xen-build-check(1)           pass     
 2 host-install/src_host(2)     pass     
 3 host-install/dst_host(3)     pass     
 4 xen-install/src_host         pass     
 5 xen-install/dst_host         pass     
 6 xen-boot/src_host            pass     
 7 xen-boot/dst_host            pass     
 8 debian-install/dst_host      pass     
 9 debian-fixup/dst_host        pass     
10 guests-nbd-mirror            pass     
11 guest-start                  pass     
12 guest-migrate/src_host/dst_host fail     
13 capture-logs/src_host(13)    pass     
14 capture-logs/dst_host(14)    pass     
-------------------------------------------------------------------------------
test-i386-i386-pv:
 1 xen-build-check(1)           pass     
 2 host-install(2)              pass     
 3 xen-install                  pass     
 4 xen-boot                     pass     
 5 debian-install               pass     
 6 debian-fixup                 pass     
 7 guest-start                  pass     
 8 guest-saverestore            fail     
 9 capture-logs(9)              pass     
-------------------------------------------------------------------------------
test-i386-i386-win:
 1 xen-build-check(1)           pass     
 2 host-install(2)              pass     
 3 xen-install                  pass     
 4 xen-boot                     pass     
 5 windows-install              pass     
 6 guest-saverestore            pass     
 7 guest-localmigrate           fail     
 8 capture-logs(8)              pass     
-------------------------------------------------------------------------------
test-i386-i386-xl:
 1 xen-build-check(1)           pass     
 2 host-install(2)              pass     
 3 xen-install                  pass     
 4 xen-boot                     pass     
 5 debian-install               pass     
 6 debian-fixup                 pass     
 7 guest-start                  pass     
 8 guest-saverestore            pass     
 9 guest-localmigrate           fail     
10 capture-logs(10)             pass     
-------------------------------------------------------------------------------
test-i386-xcpkern-i386-pair:
 1 xen-build-check(1)           pass     
 2 host-install/src_host(2)     pass     
 3 host-install/dst_host(3)     pass     
 4 xen-install/src_host         pass     
 5 xen-install/dst_host         pass     
 6 xen-boot/src_host            pass     
 7 xen-boot/dst_host            pass     
 8 debian-install/dst_host      pass     
 9 debian-fixup/dst_host        pass     
10 guests-nbd-mirror            pass     
11 guest-start                  pass     
12 guest-migrate/src_host/dst_host fail     
13 capture-logs/src_host(13)    pass     
14 capture-logs/dst_host(14)    pass     
-------------------------------------------------------------------------------
test-i386-xcpkern-i386-pv:
 1 xen-build-check(1)           pass     
 2 host-install(2)              pass     
 3 xen-install                  pass     
 4 xen-boot                     pass     
 5 debian-install               pass     
 6 debian-fixup                 pass     
 7 guest-start                  pass     
 8 guest-saverestore            pass     
 9 guest-localmigrate           pass     
10 guest-stop                   pass     
11 capture-logs(11)             pass     
-------------------------------------------------------------------------------
test-i386-xcpkern-i386-win:
 1 xen-build-check(1)           pass     
 2 host-install(2)              pass     
 3 xen-install                  pass     
 4 xen-boot                     pass     
 5 windows-install              pass     
 6 guest-saverestore            pass     
 7 guest-localmigrate           pass     
 8 guest-stop                   pass     
 9 capture-logs(9)              pass     
-------------------------------------------------------------------------------
test-i386-xcpkern-i386-xl:
 1 xen-build-check(1)           pass     
 2 host-install(2)              pass     
 3 xen-install                  pass     
 4 xen-boot                     pass     
 5 debian-install               pass     
 6 debian-fixup                 pass     
 7 guest-start                  pass     
 8 guest-saverestore            pass     
 9 guest-localmigrate           pass     
10 guest-stop                   fail     
11 capture-logs(11)             pass     
------------------------------------------------------------
sg-report-flight on woking.cam.xci-test.com
logs: /home/xc_osstest/logs
images: /home/xc_osstest/images
Logs, config files, etc. are available at
    http://www.chiark.greenend.org.uk/~xensrcts/logs
Test harness code can be found at
    http://xenbits.xensource.com/gitweb?p=osstest.git;a=summary
Not pushing.
_______________________________________________
Xen-devel mailing list
Xen-devel@lists.xensource.com
http://lists.xensource.com/xen-devel