flight 2036 xen-4.0-testing real
http://www.chiark.greenend.org.uk/~xensrcts/logs/2036/
Regressions :-(
tests which did not succeed:
test-amd64-amd64-pair 12 guest-migrate/src_host/dst_host fail never pass
test-amd64-amd64-xl 10 guest-stop fail never pass
test-amd64-i386-pair 12 guest-migrate/src_host/dst_host fail REGR. vs. 1993
test-amd64-i386-win 5 windows-install fail REGR. vs. 1993
test-amd64-i386-xl 10 guest-stop fail never pass
test-amd64-xcpkern-i386-xl 10 guest-stop fail never pass
test-i386-i386-pair 12 guest-migrate/src_host/dst_host fail never pass
test-i386-i386-win 5 windows-install fail REGR. vs. 1993
test-i386-i386-xl 10 guest-stop fail never pass
test-i386-xcpkern-i386-pair 12 guest-migrate/src_host/dst_host fail like 1993
test-i386-xcpkern-i386-xl 10 guest-stop fail never pass
version targeted for testing:
xen 7b8b976f534e
baseline version:
xen 8e8dd38374e9
jobs:
build-amd64 pass
build-amd64-oldkern pass
build-i386 pass
build-i386-oldkern pass
build-i386-xcpkern pass
test-amd64-amd64-pair fail
test-amd64-amd64-pv pass
test-amd64-amd64-win pass
test-amd64-amd64-xl fail
test-amd64-i386-pair fail
test-amd64-i386-pv pass
test-amd64-i386-win fail
test-amd64-i386-xl fail
test-amd64-xcpkern-i386-pair pass
test-amd64-xcpkern-i386-pv pass
test-amd64-xcpkern-i386-win pass
test-amd64-xcpkern-i386-xl fail
test-i386-i386-pair fail
test-i386-i386-pv pass
test-i386-i386-win fail
test-i386-i386-xl fail
test-i386-xcpkern-i386-pair fail
test-i386-xcpkern-i386-pv pass
test-i386-xcpkern-i386-win pass
test-i386-xcpkern-i386-xl fail
-------------------------------------------------------------------------------
build-amd64:
1 host-install(1) pass
2 host-build-prep pass
3 xen-build pass
linux e6b9b2cbca5093e8e38d
qemu 0a940d892e90c820567c
xen 21323:7b8b976f534e
-------------------------------------------------------------------------------
build-amd64-oldkern:
1 xen-build pass
linux 1025:042c8cd71081
qemu 0a940d892e90c820567c
xen 21323:7b8b976f534e
-------------------------------------------------------------------------------
build-i386:
1 host-install(1) pass
2 host-build-prep pass
3 xen-build pass
linux e6b9b2cbca5093e8e38d
qemu 0a940d892e90c820567c
xen 21323:7b8b976f534e
-------------------------------------------------------------------------------
build-i386-oldkern:
1 xen-build pass
linux 1025:042c8cd71081
qemu 0a940d892e90c820567c
xen 21323:7b8b976f534e
-------------------------------------------------------------------------------
build-i386-xcpkern:
1 kernel-build pass
linux 110879:32fc6955a6a5
pq_linux 154:61499f9e9a87
-------------------------------------------------------------------------------
test-amd64-amd64-pair:
1 xen-build-check(1) pass
2 host-install/src_host(2) pass
3 host-install/dst_host(3) pass
4 xen-install/src_host pass
5 xen-install/dst_host pass
6 xen-boot/src_host pass
7 xen-boot/dst_host pass
8 debian-install/dst_host pass
9 debian-fixup/dst_host pass
10 guests-nbd-mirror pass
11 guest-start pass
12 guest-migrate/src_host/dst_host fail
13 capture-logs/src_host(13) pass
14 capture-logs/dst_host(14) pass
-------------------------------------------------------------------------------
test-amd64-amd64-pv:
1 xen-build-check(1) pass
2 host-install(2) pass
3 xen-install pass
4 xen-boot pass
5 debian-install pass
6 debian-fixup pass
7 guest-start pass
8 guest-saverestore pass
9 guest-localmigrate pass
10 guest-stop pass
11 capture-logs(11) pass
-------------------------------------------------------------------------------
test-amd64-amd64-win:
1 xen-build-check(1) pass
2 host-install(2) pass
3 xen-install pass
4 xen-boot pass
5 windows-install pass
6 guest-saverestore pass
7 guest-localmigrate pass
8 guest-stop pass
9 capture-logs(9) pass
-------------------------------------------------------------------------------
test-amd64-amd64-xl:
1 xen-build-check(1) pass
2 host-install(2) pass
3 xen-install pass
4 xen-boot pass
5 debian-install pass
6 debian-fixup pass
7 guest-start pass
8 guest-saverestore pass
9 guest-localmigrate pass
10 guest-stop fail
11 capture-logs(11) pass
-------------------------------------------------------------------------------
test-amd64-i386-pair:
1 xen-build-check(1) pass
2 host-install/src_host(2) pass
3 host-install/dst_host(3) pass
4 xen-install/src_host pass
5 xen-install/dst_host pass
6 xen-boot/src_host pass
7 xen-boot/dst_host pass
8 debian-install/dst_host pass
9 debian-fixup/dst_host pass
10 guests-nbd-mirror pass
11 guest-start pass
12 guest-migrate/src_host/dst_host fail
13 capture-logs/src_host(13) pass
14 capture-logs/dst_host(14) pass
-------------------------------------------------------------------------------
test-amd64-i386-pv:
1 xen-build-check(1) pass
2 host-install(2) pass
3 xen-install pass
4 xen-boot pass
5 debian-install pass
6 debian-fixup pass
7 guest-start pass
8 guest-saverestore pass
9 guest-localmigrate pass
10 guest-stop pass
11 capture-logs(11) pass
-------------------------------------------------------------------------------
test-amd64-i386-win:
1 xen-build-check(1) pass
2 host-install(2) pass
3 xen-install pass
4 xen-boot pass
5 windows-install fail
6 capture-logs(6) pass
-------------------------------------------------------------------------------
test-amd64-i386-xl:
1 xen-build-check(1) pass
2 host-install(2) pass
3 xen-install pass
4 xen-boot pass
5 debian-install pass
6 debian-fixup pass
7 guest-start pass
8 guest-saverestore pass
9 guest-localmigrate pass
10 guest-stop fail
11 capture-logs(11) pass
-------------------------------------------------------------------------------
test-amd64-xcpkern-i386-pair:
1 xen-build-check(1) pass
2 host-install/src_host(2) pass
3 host-install/dst_host(3) pass
4 xen-install/src_host pass
5 xen-install/dst_host pass
6 xen-boot/src_host pass
7 xen-boot/dst_host pass
8 debian-install/dst_host pass
9 debian-fixup/dst_host pass
10 guests-nbd-mirror pass
11 guest-start pass
12 guest-migrate/src_host/dst_host pass
13 guest-migrate/dst_host/src_host pass
14 capture-logs/src_host(14) pass
15 capture-logs/dst_host(15) pass
-------------------------------------------------------------------------------
test-amd64-xcpkern-i386-pv:
1 xen-build-check(1) pass
2 host-install(2) pass
3 xen-install pass
4 xen-boot pass
5 debian-install pass
6 debian-fixup pass
7 guest-start pass
8 guest-saverestore pass
9 guest-localmigrate pass
10 guest-stop pass
11 capture-logs(11) pass
-------------------------------------------------------------------------------
test-amd64-xcpkern-i386-win:
1 xen-build-check(1) pass
2 host-install(2) pass
3 xen-install pass
4 xen-boot pass
5 windows-install pass
6 guest-saverestore pass
7 guest-localmigrate pass
8 guest-stop pass
9 capture-logs(9) pass
-------------------------------------------------------------------------------
test-amd64-xcpkern-i386-xl:
1 xen-build-check(1) pass
2 host-install(2) pass
3 xen-install pass
4 xen-boot pass
5 debian-install pass
6 debian-fixup pass
7 guest-start pass
8 guest-saverestore pass
9 guest-localmigrate pass
10 guest-stop fail
11 capture-logs(11) pass
-------------------------------------------------------------------------------
test-i386-i386-pair:
1 xen-build-check(1) pass
2 host-install/src_host(2) pass
3 host-install/dst_host(3) pass
4 xen-install/src_host pass
5 xen-install/dst_host pass
6 xen-boot/src_host pass
7 xen-boot/dst_host pass
8 debian-install/dst_host pass
9 debian-fixup/dst_host pass
10 guests-nbd-mirror pass
11 guest-start pass
12 guest-migrate/src_host/dst_host fail
13 capture-logs/src_host(13) pass
14 capture-logs/dst_host(14) pass
-------------------------------------------------------------------------------
test-i386-i386-pv:
1 xen-build-check(1) pass
2 host-install(2) pass
3 xen-install pass
4 xen-boot pass
5 debian-install pass
6 debian-fixup pass
7 guest-start pass
8 guest-saverestore pass
9 guest-localmigrate pass
10 guest-stop pass
11 capture-logs(11) pass
-------------------------------------------------------------------------------
test-i386-i386-win:
1 xen-build-check(1) pass
2 host-install(2) pass
3 xen-install pass
4 xen-boot pass
5 windows-install fail
6 capture-logs(6) pass
-------------------------------------------------------------------------------
test-i386-i386-xl:
1 xen-build-check(1) pass
2 host-install(2) pass
3 xen-install pass
4 xen-boot pass
5 debian-install pass
6 debian-fixup pass
7 guest-start pass
8 guest-saverestore pass
9 guest-localmigrate pass
10 guest-stop fail
11 capture-logs(11) pass
-------------------------------------------------------------------------------
test-i386-xcpkern-i386-pair:
1 xen-build-check(1) pass
2 host-install/src_host(2) pass
3 host-install/dst_host(3) pass
4 xen-install/src_host pass
5 xen-install/dst_host pass
6 xen-boot/src_host pass
7 xen-boot/dst_host pass
8 debian-install/dst_host pass
9 debian-fixup/dst_host pass
10 guests-nbd-mirror pass
11 guest-start pass
12 guest-migrate/src_host/dst_host fail
13 capture-logs/src_host(13) pass
14 capture-logs/dst_host(14) pass
-------------------------------------------------------------------------------
test-i386-xcpkern-i386-pv:
1 xen-build-check(1) pass
2 host-install(2) pass
3 xen-install pass
4 xen-boot pass
5 debian-install pass
6 debian-fixup pass
7 guest-start pass
8 guest-saverestore pass
9 guest-localmigrate pass
10 guest-stop pass
11 capture-logs(11) pass
-------------------------------------------------------------------------------
test-i386-xcpkern-i386-win:
1 xen-build-check(1) pass
2 host-install(2) pass
3 xen-install pass
4 xen-boot pass
5 windows-install pass
6 guest-saverestore pass
7 guest-localmigrate pass
8 guest-stop pass
9 capture-logs(9) pass
-------------------------------------------------------------------------------
test-i386-xcpkern-i386-xl:
1 xen-build-check(1) pass
2 host-install(2) pass
3 xen-install pass
4 xen-boot pass
5 debian-install pass
6 debian-fixup pass
7 guest-start pass
8 guest-saverestore pass
9 guest-localmigrate pass
10 guest-stop fail
11 capture-logs(11) pass
------------------------------------------------------------
sg-report-flight on woking.cam.xci-test.com
logs: /home/xc_osstest/logs
images: /home/xc_osstest/images
Logs, config files, etc. are available at
http://www.chiark.greenend.org.uk/~xensrcts/logs
Test harness code can be found at
http://xenbits.xensource.com/gitweb?p=osstest.git;a=summary
Not pushing.
_______________________________________________
Xen-devel mailing list
Xen-devel@lists.xensource.com
http://lists.xensource.com/xen-devel
Keir Fraser
2010-Aug-20 07:52 UTC
Re: [Xen-devel] [xen-4.0-testing test] 2036: regressions - FAIL
On 20/08/2010 08:42, "Ian Jackson" <Ian.Jackson@eu.citrix.com> wrote:> flight 2036 xen-4.0-testing real > http://www.chiark.greenend.org.uk/~xensrcts/logs/2036/ > > Regressions :-(Well it looks better than the previous run, and the "regressions" could be temporary networking issues in the test setup? -- Keir> tests which did not succeed: > test-amd64-amd64-pair 12 guest-migrate/src_host/dst_host fail never > pass > test-amd64-amd64-xl 10 guest-stop fail never > pass > test-amd64-i386-pair 12 guest-migrate/src_host/dst_host fail REGR. vs. > 1993 > test-amd64-i386-win 5 windows-install fail REGR. vs. > 1993 > test-amd64-i386-xl 10 guest-stop fail never > pass > test-amd64-xcpkern-i386-xl 10 guest-stop fail never > pass > test-i386-i386-pair 12 guest-migrate/src_host/dst_host fail never > pass > test-i386-i386-win 5 windows-install fail REGR. vs. > 1993 > test-i386-i386-xl 10 guest-stop fail never > pass > test-i386-xcpkern-i386-pair 12 guest-migrate/src_host/dst_host fail like > 1993 > test-i386-xcpkern-i386-xl 10 guest-stop fail never > pass > > version targeted for testing: > xen 7b8b976f534e > baseline version: > xen 8e8dd38374e9 > > jobs: > build-amd64 pass > build-amd64-oldkern pass > build-i386 pass > build-i386-oldkern pass > build-i386-xcpkern pass > test-amd64-amd64-pair fail > test-amd64-amd64-pv pass > test-amd64-amd64-win pass > test-amd64-amd64-xl fail > test-amd64-i386-pair fail > test-amd64-i386-pv pass > test-amd64-i386-win fail > test-amd64-i386-xl fail > test-amd64-xcpkern-i386-pair pass > test-amd64-xcpkern-i386-pv pass > test-amd64-xcpkern-i386-win pass > test-amd64-xcpkern-i386-xl fail > test-i386-i386-pair fail > test-i386-i386-pv pass > test-i386-i386-win fail > test-i386-i386-xl fail > test-i386-xcpkern-i386-pair fail > test-i386-xcpkern-i386-pv pass > test-i386-xcpkern-i386-win pass > test-i386-xcpkern-i386-xl fail > >------------------------------------------------------------------------------> -> build-amd64: > 1 host-install(1) pass > 2 host-build-prep pass > 3 xen-build pass > linux e6b9b2cbca5093e8e38d > qemu 0a940d892e90c820567c > xen 21323:7b8b976f534e >------------------------------------------------------------------------------> -> build-amd64-oldkern: > 1 xen-build pass > linux 1025:042c8cd71081 > qemu 0a940d892e90c820567c > xen 21323:7b8b976f534e >------------------------------------------------------------------------------> -> build-i386: > 1 host-install(1) pass > 2 host-build-prep pass > 3 xen-build pass > linux e6b9b2cbca5093e8e38d > qemu 0a940d892e90c820567c > xen 21323:7b8b976f534e >------------------------------------------------------------------------------> -> build-i386-oldkern: > 1 xen-build pass > linux 1025:042c8cd71081 > qemu 0a940d892e90c820567c > xen 21323:7b8b976f534e >------------------------------------------------------------------------------> -> build-i386-xcpkern: > 1 kernel-build pass > linux 110879:32fc6955a6a5 > pq_linux 154:61499f9e9a87 >------------------------------------------------------------------------------> -> test-amd64-amd64-pair: > 1 xen-build-check(1) pass > 2 host-install/src_host(2) pass > 3 host-install/dst_host(3) pass > 4 xen-install/src_host pass > 5 xen-install/dst_host pass > 6 xen-boot/src_host pass > 7 xen-boot/dst_host pass > 8 debian-install/dst_host pass > 9 debian-fixup/dst_host pass > 10 guests-nbd-mirror pass > 11 guest-start pass > 12 guest-migrate/src_host/dst_host fail > 13 capture-logs/src_host(13) pass > 14 capture-logs/dst_host(14) pass >------------------------------------------------------------------------------> -> test-amd64-amd64-pv: > 1 xen-build-check(1) pass > 2 host-install(2) pass > 3 xen-install pass > 4 xen-boot pass > 5 debian-install pass > 6 debian-fixup pass > 7 guest-start pass > 8 guest-saverestore pass > 9 guest-localmigrate pass > 10 guest-stop pass > 11 capture-logs(11) pass >------------------------------------------------------------------------------> -> test-amd64-amd64-win: > 1 xen-build-check(1) pass > 2 host-install(2) pass > 3 xen-install pass > 4 xen-boot pass > 5 windows-install pass > 6 guest-saverestore pass > 7 guest-localmigrate pass > 8 guest-stop pass > 9 capture-logs(9) pass >------------------------------------------------------------------------------> -> test-amd64-amd64-xl: > 1 xen-build-check(1) pass > 2 host-install(2) pass > 3 xen-install pass > 4 xen-boot pass > 5 debian-install pass > 6 debian-fixup pass > 7 guest-start pass > 8 guest-saverestore pass > 9 guest-localmigrate pass > 10 guest-stop fail > 11 capture-logs(11) pass >------------------------------------------------------------------------------> -> test-amd64-i386-pair: > 1 xen-build-check(1) pass > 2 host-install/src_host(2) pass > 3 host-install/dst_host(3) pass > 4 xen-install/src_host pass > 5 xen-install/dst_host pass > 6 xen-boot/src_host pass > 7 xen-boot/dst_host pass > 8 debian-install/dst_host pass > 9 debian-fixup/dst_host pass > 10 guests-nbd-mirror pass > 11 guest-start pass > 12 guest-migrate/src_host/dst_host fail > 13 capture-logs/src_host(13) pass > 14 capture-logs/dst_host(14) pass >------------------------------------------------------------------------------> -> test-amd64-i386-pv: > 1 xen-build-check(1) pass > 2 host-install(2) pass > 3 xen-install pass > 4 xen-boot pass > 5 debian-install pass > 6 debian-fixup pass > 7 guest-start pass > 8 guest-saverestore pass > 9 guest-localmigrate pass > 10 guest-stop pass > 11 capture-logs(11) pass >------------------------------------------------------------------------------> -> test-amd64-i386-win: > 1 xen-build-check(1) pass > 2 host-install(2) pass > 3 xen-install pass > 4 xen-boot pass > 5 windows-install fail > 6 capture-logs(6) pass >------------------------------------------------------------------------------> -> test-amd64-i386-xl: > 1 xen-build-check(1) pass > 2 host-install(2) pass > 3 xen-install pass > 4 xen-boot pass > 5 debian-install pass > 6 debian-fixup pass > 7 guest-start pass > 8 guest-saverestore pass > 9 guest-localmigrate pass > 10 guest-stop fail > 11 capture-logs(11) pass >------------------------------------------------------------------------------> -> test-amd64-xcpkern-i386-pair: > 1 xen-build-check(1) pass > 2 host-install/src_host(2) pass > 3 host-install/dst_host(3) pass > 4 xen-install/src_host pass > 5 xen-install/dst_host pass > 6 xen-boot/src_host pass > 7 xen-boot/dst_host pass > 8 debian-install/dst_host pass > 9 debian-fixup/dst_host pass > 10 guests-nbd-mirror pass > 11 guest-start pass > 12 guest-migrate/src_host/dst_host pass > 13 guest-migrate/dst_host/src_host pass > 14 capture-logs/src_host(14) pass > 15 capture-logs/dst_host(15) pass >------------------------------------------------------------------------------> -> test-amd64-xcpkern-i386-pv: > 1 xen-build-check(1) pass > 2 host-install(2) pass > 3 xen-install pass > 4 xen-boot pass > 5 debian-install pass > 6 debian-fixup pass > 7 guest-start pass > 8 guest-saverestore pass > 9 guest-localmigrate pass > 10 guest-stop pass > 11 capture-logs(11) pass >------------------------------------------------------------------------------> -> test-amd64-xcpkern-i386-win: > 1 xen-build-check(1) pass > 2 host-install(2) pass > 3 xen-install pass > 4 xen-boot pass > 5 windows-install pass > 6 guest-saverestore pass > 7 guest-localmigrate pass > 8 guest-stop pass > 9 capture-logs(9) pass >------------------------------------------------------------------------------> -> test-amd64-xcpkern-i386-xl: > 1 xen-build-check(1) pass > 2 host-install(2) pass > 3 xen-install pass > 4 xen-boot pass > 5 debian-install pass > 6 debian-fixup pass > 7 guest-start pass > 8 guest-saverestore pass > 9 guest-localmigrate pass > 10 guest-stop fail > 11 capture-logs(11) pass >------------------------------------------------------------------------------> -> test-i386-i386-pair: > 1 xen-build-check(1) pass > 2 host-install/src_host(2) pass > 3 host-install/dst_host(3) pass > 4 xen-install/src_host pass > 5 xen-install/dst_host pass > 6 xen-boot/src_host pass > 7 xen-boot/dst_host pass > 8 debian-install/dst_host pass > 9 debian-fixup/dst_host pass > 10 guests-nbd-mirror pass > 11 guest-start pass > 12 guest-migrate/src_host/dst_host fail > 13 capture-logs/src_host(13) pass > 14 capture-logs/dst_host(14) pass >------------------------------------------------------------------------------> -> test-i386-i386-pv: > 1 xen-build-check(1) pass > 2 host-install(2) pass > 3 xen-install pass > 4 xen-boot pass > 5 debian-install pass > 6 debian-fixup pass > 7 guest-start pass > 8 guest-saverestore pass > 9 guest-localmigrate pass > 10 guest-stop pass > 11 capture-logs(11) pass >------------------------------------------------------------------------------> -> test-i386-i386-win: > 1 xen-build-check(1) pass > 2 host-install(2) pass > 3 xen-install pass > 4 xen-boot pass > 5 windows-install fail > 6 capture-logs(6) pass >------------------------------------------------------------------------------> -> test-i386-i386-xl: > 1 xen-build-check(1) pass > 2 host-install(2) pass > 3 xen-install pass > 4 xen-boot pass > 5 debian-install pass > 6 debian-fixup pass > 7 guest-start pass > 8 guest-saverestore pass > 9 guest-localmigrate pass > 10 guest-stop fail > 11 capture-logs(11) pass >------------------------------------------------------------------------------> -> test-i386-xcpkern-i386-pair: > 1 xen-build-check(1) pass > 2 host-install/src_host(2) pass > 3 host-install/dst_host(3) pass > 4 xen-install/src_host pass > 5 xen-install/dst_host pass > 6 xen-boot/src_host pass > 7 xen-boot/dst_host pass > 8 debian-install/dst_host pass > 9 debian-fixup/dst_host pass > 10 guests-nbd-mirror pass > 11 guest-start pass > 12 guest-migrate/src_host/dst_host fail > 13 capture-logs/src_host(13) pass > 14 capture-logs/dst_host(14) pass >------------------------------------------------------------------------------> -> test-i386-xcpkern-i386-pv: > 1 xen-build-check(1) pass > 2 host-install(2) pass > 3 xen-install pass > 4 xen-boot pass > 5 debian-install pass > 6 debian-fixup pass > 7 guest-start pass > 8 guest-saverestore pass > 9 guest-localmigrate pass > 10 guest-stop pass > 11 capture-logs(11) pass >------------------------------------------------------------------------------> -> test-i386-xcpkern-i386-win: > 1 xen-build-check(1) pass > 2 host-install(2) pass > 3 xen-install pass > 4 xen-boot pass > 5 windows-install pass > 6 guest-saverestore pass > 7 guest-localmigrate pass > 8 guest-stop pass > 9 capture-logs(9) pass >------------------------------------------------------------------------------> -> test-i386-xcpkern-i386-xl: > 1 xen-build-check(1) pass > 2 host-install(2) pass > 3 xen-install pass > 4 xen-boot pass > 5 debian-install pass > 6 debian-fixup pass > 7 guest-start pass > 8 guest-saverestore pass > 9 guest-localmigrate pass > 10 guest-stop fail > 11 capture-logs(11) pass > > ------------------------------------------------------------ > sg-report-flight on woking.cam.xci-test.com > logs: /home/xc_osstest/logs > images: /home/xc_osstest/images > > Logs, config files, etc. are available at > http://www.chiark.greenend.org.uk/~xensrcts/logs > > Test harness code can be found at > http://xenbits.xensource.com/gitweb?p=osstest.git;a=summary > > > Not pushing. > > > _______________________________________________ > Xen-devel mailing list > Xen-devel@lists.xensource.com > http://lists.xensource.com/xen-devel_______________________________________________ Xen-devel mailing list Xen-devel@lists.xensource.com http://lists.xensource.com/xen-devel
Ian Jackson
2010-Aug-20 10:11 UTC
Re: [Xen-devel] [xen-4.0-testing test] 2036: regressions - FAIL
Keir Fraser writes ("Re: [Xen-devel] [xen-4.0-testing test] 2036:
regressions - FAIL"):> On 20/08/2010 08:42, "Ian Jackson"
<Ian.Jackson@eu.citrix.com> wrote:
> > flight 2036 xen-4.0-testing real
> > http://www.chiark.greenend.org.uk/~xensrcts/logs/2036/
> >
> > Regressions :-(
>
> Well it looks better than the previous run, and the "regressions"
could be
> temporary networking issues in the test setup?
I don''t think that''s what''s going on. There are no
other symptoms of
any networking problems.
Can we release 4.0.1 with the default kernel branch switched back ?
Ian.
_______________________________________________
Xen-devel mailing list
Xen-devel@lists.xensource.com
http://lists.xensource.com/xen-devel
Keir Fraser
2010-Aug-20 10:22 UTC
Re: [Xen-devel] [xen-4.0-testing test] 2036: regressions - FAIL
On 20/08/2010 11:11, "Ian Jackson" <Ian.Jackson@eu.citrix.com> wrote:>> Well it looks better than the previous run, and the "regressions" could be >> temporary networking issues in the test setup? > > I don''t think that''s what''s going on. There are no other symptoms of > any networking problems. > > Can we release 4.0.1 with the default kernel branch switched back ?I dunno, maybe we should just get the main recommended pv_ops branch actually working. How hard can it be to fix, so that it passes what is frankly a featherweight series of tests. -- Keir _______________________________________________ Xen-devel mailing list Xen-devel@lists.xensource.com http://lists.xensource.com/xen-devel
Pasi Kärkkäinen
2010-Aug-20 12:00 UTC
Re: [Xen-devel] [xen-4.0-testing test] 2036: regressions - FAIL
On Fri, Aug 20, 2010 at 11:22:24AM +0100, Keir Fraser wrote:> On 20/08/2010 11:11, "Ian Jackson" <Ian.Jackson@eu.citrix.com> wrote: > > >> Well it looks better than the previous run, and the "regressions" could be > >> temporary networking issues in the test setup? > > > > I don''t think that''s what''s going on. There are no other symptoms of > > any networking problems. > > > > Can we release 4.0.1 with the default kernel branch switched back ? > > I dunno, maybe we should just get the main recommended pv_ops branch > actually working. How hard can it be to fix, so that it passes what is > frankly a featherweight series of tests. >Yeah, I don''t think going back to 2.6.31 is a good option. 2.6.31 is abandoned by kernel.org already. 2.6.32 is the long-term maintained kernel. -- Pasi _______________________________________________ Xen-devel mailing list Xen-devel@lists.xensource.com http://lists.xensource.com/xen-devel