flight 22069 xen-unstable real [real]
http://www.chiark.greenend.org.uk/~xensrcts/logs/22069/
Regressions :-(
Tests which did not succeed and are blocking,
including tests which could not be run:
build-armhf 4 xen-build fail REGR. vs. 22033
build-i386-oldkern 4 xen-build fail REGR. vs. 22033
Tests which did not succeed, but are not blocking:
test-amd64-amd64-xl-pcipt-intel 9 guest-start fail never pass
test-armhf-armhf-xl 1 xen-build-check(1) blocked n/a
test-amd64-i386-xend-winxpsp3 16 leak-check/check fail never pass
test-amd64-amd64-xl-win7-amd64 13 guest-stop fail never pass
test-amd64-amd64-xl-qemut-win7-amd64 13 guest-stop fail never pass
test-amd64-amd64-xl-qemuu-win7-amd64 13 guest-stop fail never pass
test-amd64-i386-xl-win7-amd64 13 guest-stop fail never pass
test-amd64-amd64-xl-qemuu-winxpsp3 13 guest-stop fail never pass
test-amd64-i386-xl-qemut-win7-amd64 13 guest-stop fail never pass
test-amd64-amd64-xl-qemut-winxpsp3 13 guest-stop fail never pass
test-amd64-amd64-xl-winxpsp3 13 guest-stop fail never pass
test-amd64-i386-xend-qemut-winxpsp3 16 leak-check/check fail never pass
test-amd64-i386-xl-qemut-winxpsp3-vcpus1 13 guest-stop fail never pass
test-amd64-i386-xl-winxpsp3-vcpus1 13 guest-stop fail never pass
version targeted for testing:
xen d239c0a68fb32716da8d2585cc2470ea4e8df3bd
baseline version:
xen a0eaa86e753766a06d740bd125c0cb8b3358babf
------------------------------------------------------------
People who touched revisions under test:
Anthony Perard <anthony.perard@citrix.com>
Don Slutz <dslutz@verizon.com>
Ian Campbell <ian.campbell@citrix.com>
Ian Jackson <ian.jackson@eu.citrix.com>
Jan Beulich <jbeulich@suse.com>
Julien Grall <julien.grall@linaro.org>
Keir Fraser <keir@xen.org>
Kelley Nielsen <kelleynnn@gmail.com>
Matthew Daley <mattjd@gmail.com>
Nathan Studer <nate.studer@dornerworks.com>
Stefano Stabellini <stefano.stabellini@eu.citrix.com>
------------------------------------------------------------
jobs:
build-amd64 pass
build-armhf fail
build-i386 pass
build-amd64-oldkern pass
build-i386-oldkern fail
build-amd64-pvops pass
build-armhf-pvops pass
build-i386-pvops pass
test-amd64-amd64-xl pass
test-armhf-armhf-xl blocked
test-amd64-i386-xl pass
test-amd64-i386-rhel6hvm-amd pass
test-amd64-i386-qemut-rhel6hvm-amd pass
test-amd64-i386-qemuu-rhel6hvm-amd pass
test-amd64-amd64-xl-qemut-win7-amd64 fail
test-amd64-i386-xl-qemut-win7-amd64 fail
test-amd64-amd64-xl-qemuu-win7-amd64 fail
test-amd64-amd64-xl-win7-amd64 fail
test-amd64-i386-xl-win7-amd64 fail
test-amd64-i386-xl-credit2 pass
test-amd64-amd64-xl-pcipt-intel fail
test-amd64-i386-rhel6hvm-intel pass
test-amd64-i386-qemut-rhel6hvm-intel pass
test-amd64-i386-qemuu-rhel6hvm-intel pass
test-amd64-i386-xl-multivcpu pass
test-amd64-amd64-pair pass
test-amd64-i386-pair pass
test-amd64-amd64-xl-sedf-pin pass
test-amd64-amd64-pv pass
test-amd64-i386-pv pass
test-amd64-amd64-xl-sedf pass
test-amd64-i386-xl-qemut-winxpsp3-vcpus1 fail
test-amd64-i386-xl-winxpsp3-vcpus1 fail
test-amd64-i386-xend-qemut-winxpsp3 fail
test-amd64-amd64-xl-qemut-winxpsp3 fail
test-amd64-amd64-xl-qemuu-winxpsp3 fail
test-amd64-i386-xend-winxpsp3 fail
test-amd64-amd64-xl-winxpsp3 fail
------------------------------------------------------------
sg-report-flight on woking.cam.xci-test.com
logs: /home/xc_osstest/logs
images: /home/xc_osstest/images
Logs, config files, etc. are available at
http://www.chiark.greenend.org.uk/~xensrcts/logs
Test harness code can be found at
http://xenbits.xensource.com/gitweb?p=osstest.git;a=summary
Not pushing.
(No revision log; it would be 575 lines long.)
On Thu, 2013-11-21 at 23:12 +0000, xen.org wrote:> flight 22069 xen-unstable real [real] > http://www.chiark.greenend.org.uk/~xensrcts/logs/22069/ > > Regressions :-( > > Tests which did not succeed and are blocking, > including tests which could not be run: > build-armhf 4 xen-build fail REGR. vs. 22033libfdt thing, was still waiting for an osstest gate, that has now happened.> build-i386-oldkern 4 xen-build fail REGR. vs. 22033The log at http://www.chiark.greenend.org.uk/~xensrcts/logs/22069/build-i386-oldkern/4.ts-xen-build.log is a bit "-jN" but it looks like Mercurial timed out cloning the linux-2.6 blah tree: requesting all changes adding changesets adding manifests adding file changes transaction abort! [...] abort: connection ended unexpectedly Hopefully just a network glitch. Fingers crossed for the next run!