flight 19160 linux-3.4 real [real]
http://www.chiark.greenend.org.uk/~xensrcts/logs/19160/
Failures :-/ but no regressions.
Tests which did not succeed, but are not blocking:
test-amd64-amd64-xl-pcipt-intel 9 guest-start fail never pass
test-amd64-i386-xl-win7-amd64 13 guest-stop fail never pass
test-amd64-i386-xl-qemut-winxpsp3-vcpus1 13 guest-stop fail never pass
test-amd64-amd64-xl-win7-amd64 13 guest-stop fail never pass
test-amd64-amd64-xl-qemuu-win7-amd64 13 guest-stop fail never pass
test-amd64-amd64-xl-qemut-win7-amd64 13 guest-stop fail never pass
test-amd64-i386-xl-qemut-win7-amd64 13 guest-stop fail never pass
test-amd64-i386-xl-winxpsp3-vcpus1 13 guest-stop fail never pass
test-amd64-i386-xend-qemut-winxpsp3 16 leak-check/check fail never pass
test-amd64-i386-xend-winxpsp3 16 leak-check/check fail never pass
test-amd64-amd64-xl-qemut-winxpsp3 7 windows-install fail never pass
test-amd64-amd64-xl-winxpsp3 13 guest-stop fail never pass
test-amd64-amd64-xl-qemuu-winxpsp3 13 guest-stop fail never pass
version targeted for testing:
linux 58055a005855e4befb1d952aadba98acd78da354
baseline version:
linux f571d16dee723cb888ce2bce2217cfa8c2ccebfe
------------------------------------------------------------
People who touched revisions under test:
Andrew Morton <akpm@linux-foundation.org>
Ben Hutchings <ben@decadent.org.uk>
Benjamin Herrenschmidt <benh@kernel.crashing.org>
Christian Kujau <lists@nerdbynature.de>
Daniel Vetter <daniel.vetter@ffwll.ch>
Dave Airlie <airlied@gmail.com>
Dave Kleikamp <dave.kleikamp@oracle.com>
David Milburn <dmilburn@redhat.com>
Eugene Surovegin <surovegin@google.com>
Greg Kroah-Hartman <gregkh@linuxfoundation.org>
Helmut Schaa <helmut.schaa@googlemail.com>
Imre Deak <imre.deak@intel.com>
Jakob Bornecrantz <jakob@vmware.com>
James Bottomley <JBottomley@Parallels.com>
Jeremy Moles <cubicool@gmail.com>
John W. Linville <linville@tuxdriver.com>
Lan Tianyu <tianyu.lan@intel.com>
Li Zefan <lizefan@huawei.com>
Linus Torvalds <torvalds@linux-foundation.org>
Marc Kleine-Budde <mkl@blackshift.org>
Mark Brown <broonie@opensource.wolfsonmicro.com>
Matt Craighead <mcraighead@nvidia.com>
Nicholas Bellinger <nab@linux-iscsi.org>
Paul Bolle <pebolle@tiscali.nl>
Paul Mackerras <paulus@samba.org>
Rafael J. Wysocki <rafael.j.wysocki@intel.com>
Roland Dreier <roland@purestorage.com>
Russ Anderson <rja@sgi.com>
Stanislaw Gruszka <sgruszka@redhat.com>
Takashi Iwai <tiwai@suse.de>
Trond Myklebust <Trond.Myklebust@netapp.com>
------------------------------------------------------------
jobs:
build-amd64 pass
build-armhf pass
build-i386 pass
build-amd64-pvops pass
build-i386-pvops pass
test-amd64-amd64-xl pass
test-amd64-i386-xl pass
test-amd64-i386-rhel6hvm-amd pass
test-amd64-i386-qemut-rhel6hvm-amd pass
test-amd64-i386-qemuu-rhel6hvm-amd pass
test-amd64-amd64-xl-qemut-win7-amd64 fail
test-amd64-i386-xl-qemut-win7-amd64 fail
test-amd64-amd64-xl-qemuu-win7-amd64 fail
test-amd64-amd64-xl-win7-amd64 fail
test-amd64-i386-xl-win7-amd64 fail
test-amd64-i386-xl-credit2 pass
test-amd64-amd64-xl-pcipt-intel fail
test-amd64-i386-rhel6hvm-intel pass
test-amd64-i386-qemut-rhel6hvm-intel pass
test-amd64-i386-qemuu-rhel6hvm-intel pass
test-amd64-i386-xl-multivcpu pass
test-amd64-amd64-pair pass
test-amd64-i386-pair pass
test-amd64-amd64-xl-sedf-pin pass
test-amd64-amd64-pv pass
test-amd64-i386-pv pass
test-amd64-amd64-xl-sedf pass
test-amd64-i386-xl-qemut-winxpsp3-vcpus1 fail
test-amd64-i386-xl-winxpsp3-vcpus1 fail
test-amd64-i386-xend-qemut-winxpsp3 fail
test-amd64-amd64-xl-qemut-winxpsp3 fail
test-amd64-amd64-xl-qemuu-winxpsp3 fail
test-amd64-i386-xend-winxpsp3 fail
test-amd64-amd64-xl-winxpsp3 fail
------------------------------------------------------------
sg-report-flight on woking.cam.xci-test.com
logs: /home/xc_osstest/logs
images: /home/xc_osstest/images
Logs, config files, etc. are available at
http://www.chiark.greenend.org.uk/~xensrcts/logs
Test harness code can be found at
http://xenbits.xensource.com/gitweb?p=osstest.git;a=summary
Pushing revision :
+ branch=linux-3.4
+ revision=58055a005855e4befb1d952aadba98acd78da354
+ . cri-lock-repos
++ . cri-common
+++ . cri-getconfig
+++ umask 002
+++ getconfig Repos
+++ perl -e ''
use Osstest;
readglobalconfig();
print $c{"Repos"} or die $!;
''
++ repos=/export/home/osstest/repos
++ repos_lock=/export/home/osstest/repos/lock
++ ''['' x ''!=''
x/export/home/osstest/repos/lock '']''
++ OSSTEST_REPOS_LOCK_LOCKED=/export/home/osstest/repos/lock
++ exec with-lock-ex -w /export/home/osstest/repos/lock ./ap-push linux-3.4
58055a005855e4befb1d952aadba98acd78da354
+ branch=linux-3.4
+ revision=58055a005855e4befb1d952aadba98acd78da354
+ . cri-lock-repos
++ . cri-common
+++ . cri-getconfig
+++ umask 002
+++ getconfig Repos
+++ perl -e ''
use Osstest;
readglobalconfig();
print $c{"Repos"} or die $!;
''
++ repos=/export/home/osstest/repos
++ repos_lock=/export/home/osstest/repos/lock
++ ''['' x/export/home/osstest/repos/lock ''!=''
x/export/home/osstest/repos/lock '']''
+ . cri-common
++ . cri-getconfig
++ umask 002
+ select_xenbranch
+ case "$branch" in
+ tree=linux
+ xenbranch=xen-unstable
+ ''['' xlinux = xlinux '']''
+ linuxbranch=linux-3.4
+ : tested/2.6.39.x
+ . ap-common
++ : osstest@xenbits.xensource.com
++ : git://xenbits.xen.org/xen.git
++ : osstest@xenbits.xensource.com:/home/xen/git/xen.git
++ : git://xenbits.xen.org/staging/qemu-xen-unstable.git
++ : git://git.kernel.org
++ : git://git.kernel.org/pub/scm/linux/kernel/git
++ : git
++ : git://git.kernel.org/pub/scm/linux/kernel/git/stable/linux-stable.git
++ : git://xenbits.xen.org/osstest/linux-firmware.git
++ : osstest@xenbits.xensource.com:/home/osstest/ext/linux-firmware.git
++ : git://git.kernel.org/pub/scm/linux/kernel/git/firmware/linux-firmware.git
++ : osstest@xenbits.xensource.com:/home/xen/git/linux-pvops.git
++ : git://xenbits.xen.org/linux-pvops.git
++ : tested/linux-3.4
++ : git://git.kernel.org/pub/scm/linux/kernel/git/konrad/xen.git
++ : tested/2.6.39.x
++ : daily-cron.linux-3.4
++ : daily-cron.linux-3.4
++ : http://hg.uk.xensource.com/carbon/trunk/linux-2.6.27
++ : git://xenbits.xen.org/staging/qemu-upstream-unstable.git
++ : daily-cron.linux-3.4
+ TREE_LINUX=osstest@xenbits.xensource.com:/home/xen/git/linux-pvops.git
+
TREE_QEMU_UPSTREAM=osstest@xenbits.xensource.com:/home/xen/git/qemu-upstream-unstable.git
+ TREE_XEN=osstest@xenbits.xensource.com:/home/xen/git/xen.git
+ info_linux_tree linux-3.4
+ case $1 in
+ : git://git.kernel.org/pub/scm/linux/kernel/git/stable/linux-stable.git
+ : linux-3.4.y
+ : linux-3.4.y
+ : git
+ : git
+ : git://xenbits.xen.org/linux-pvops.git
+ : osstest@xenbits.xensource.com:/home/xen/git/linux-pvops.git
+ : tested/linux-3.4
+ : tested/linux-3.4
+ return 0
+ cd /export/home/osstest/repos/linux
+ git push osstest@xenbits.xensource.com:/home/xen/git/linux-pvops.git
58055a005855e4befb1d952aadba98acd78da354:tested/linux-3.4
Counting objects: 1
Counting objects: 131, done.
Compressing objects: 5% (1/19)
Compressing objects: 10% (2/19)
Compressing objects: 15% (3/19)
Compressing objects: 21% (4/19)
Compressing objects: 26% (5/19)
Compressing objects: 31% (6/19)
Compressing objects: 36% (7/19)
Compressing objects: 42% (8/19)
Compressing objects: 47% (9/19)
Compressing objects: 52% (10/19)
Compressing objects: 57% (11/19)
Compressing objects: 63% (12/19)
Compressing objects: 68% (13/19)
Compressing objects: 73% (14/19)
Compressing objects: 78% (15/19)
Compressing objects: 84% (16/19)
Compressing objects: 89% (17/19)
Compressing objects: 94% (18/19)
Compressing objects: 100% (19/19)
Compressing objects: 100% (19/19), done.
Writing objects: 1% (1/87)
Writing objects: 2% (2/87)
Writing objects: 3% (3/87)
Writing objects: 4% (4/87)
Writing objects: 5% (5/87)
Writing objects: 6% (6/87)
Writing objects: 8% (7/87)
Writing objects: 9% (8/87)
Writing objects: 10% (9/87)
Writing objects: 11% (10/87)
Writing objects: 12% (11/87)
Writing objects: 13% (12/87)
Writing objects: 14% (13/87)
Writing objects: 16% (14/87)
Writing objects: 17% (15/87)
Writing objects: 18% (16/87)
Writing objects: 19% (17/87)
Writing objects: 20% (18/87)
Writing objects: 21% (19/87)
Writing objects: 22% (20/87)
Writing objects: 24% (21/87)
Writing objects: 25% (22/87)
Writing objects: 26% (23/87)
Writing objects: 27% (24/87)
Writing objects: 28% (25/87)
Writing objects: 29% (26/87)
Writing objects: 31% (27/87)
Writing objects: 32% (28/87)
Writing objects: 33% (29/87)
Writing objects: 34% (30/87)
Writing objects: 35% (31/87)
Writing objects: 36% (32/87)
Writing objects: 37% (33/87)
Writing objects: 39% (34/87)
Writing objects: 40% (35/87)
Writing objects: 41% (36/87)
Writing objects: 42% (37/87)
Writing objects: 43% (38/87)
Writing objects: 44% (39/87)
Writing objects: 45% (40/87)
Writing objects: 47% (41/87)
Writing objects: 48% (42/87)
Writing objects: 49% (43/87)
Writing objects: 50% (44/87)
Writing objects: 51% (45/87)
Writing objects: 52% (46/87)
Writing objects: 54% (47/87)
Writing objects: 55% (48/87)
Writing objects: 56% (49/87)
Writing objects: 57% (50/87)
Writing objects: 58% (51/87)
Writing objects: 59% (52/87)
Writing objects: 60% (53/87)
Writing objects: 62% (54/87)
Writing objects: 63% (55/87)
Writing objects: 64% (56/87)
Writing objects: 65% (57/87)
Writing objects: 66% (58/87)
Writing objects: 67% (59/87)
Writing objects: 68% (60/87)
Writing objects: 70% (61/87)
Writing objects: 71% (62/87)
Writing objects: 72% (63/87)
Writing objects: 73% (64/87)
Writing objects: 74% (65/87)
Writing objects: 75% (66/87)
Writing objects: 77% (67/87)
Writing objects: 78% (68/87)
Writing objects: 79% (69/87)
Writing objects: 80% (70/87)
Writing objects: 81% (71/87)
Writing objects: 82% (72/87)
Writing objects: 83% (73/87)
Writing objects: 85% (74/87)
Writing objects: 86% (75/87)
Writing objects: 87% (76/87)
Writing objects: 88% (77/87)
Writing objects: 89% (78/87)
Writing objects: 90% (79/87)
Writing objects: 91% (80/87)
Writing objects: 93% (81/87)
Writing objects: 94% (82/87)
Writing objects: 95% (83/87)
Writing objects: 96% (84/87)
Writing objects: 97% (85/87)
Writing objects: 98% (86/87)
Writing objects: 100% (87/87)
Writing objects: 100% (87/87), 17.20 KiB, done.
Total 87 (delta 69), reused 74 (delta 67)
To osstest@xenbits.xensource.com:/home/xen/git/linux-pvops.git
f571d16..58055a0 58055a005855e4befb1d952aadba98acd78da354 ->
tested/linux-3.4
+ exit 0