xen.org
2013-Feb-28 22:45 UTC
[linux-mingo-tip-master test] 16775: regressions - trouble: broken/fail/pass
flight 16775 linux-mingo-tip-master real [real]
http://www.chiark.greenend.org.uk/~xensrcts/logs/16775/
Regressions :-(
Tests which did not succeed and are blocking,
including tests which could not be run:
test-amd64-amd64-xl-winxpsp3 5 xen-boot fail REGR. vs. 12678
test-amd64-amd64-xl 5 xen-boot fail REGR. vs. 12678
test-amd64-amd64-win 5 xen-boot fail REGR. vs. 12678
test-amd64-amd64-xl-win 5 xen-boot fail REGR. vs. 12678
test-amd64-amd64-xl-qemuu-win7-amd64 5 xen-boot fail REGR. vs. 12678
test-amd64-amd64-xl-qemuu-winxpsp3 5 xen-boot fail REGR. vs. 12678
test-amd64-i386-xl 5 xen-boot fail REGR. vs. 12678
test-amd64-i386-rhel6hvm-intel 5 xen-boot fail REGR. vs. 12678
test-amd64-i386-xl-multivcpu 6 leak-check/basis(6) fail REGR. vs. 12678
test-amd64-amd64-pv 5 xen-boot fail REGR. vs. 12678
test-amd64-i386-win 7 windows-install fail REGR. vs. 12678
test-amd64-amd64-pair 8 xen-boot/dst_host fail REGR. vs. 12678
test-amd64-amd64-pair 7 xen-boot/src_host fail REGR. vs. 12678
Regressions which are regarded as allowable (not blocking):
test-amd64-i386-xl-credit2 9 guest-start fail blocked in 12678
test-amd64-amd64-xl-sedf 5 xen-boot fail REGR. vs. 12678
test-amd64-amd64-xl-sedf-pin 5 xen-boot fail REGR. vs. 12678
test-amd64-i386-xl-qemut-win7-amd64 6 leak-check/basis(6) fail blocked in 12678
test-amd64-i386-xl-qemut-win-vcpus1 5 xen-boot fail blocked in 12678
test-amd64-i386-xl-win7-amd64 7 windows-install fail blocked in 12678
Tests which did not succeed, but are not blocking:
test-amd64-amd64-qemut-win 5 xen-boot fail never pass
test-amd64-amd64-xl-qemut-win7-amd64 5 xen-boot fail never pass
test-amd64-amd64-xl-win7-amd64 5 xen-boot fail never pass
test-amd64-amd64-xl-qemut-winxpsp3 5 xen-boot fail never pass
test-amd64-amd64-xl-pcipt-intel 5 xen-boot fail never pass
test-amd64-amd64-xl-qemut-win 5 xen-boot fail never pass
test-amd64-i386-xl-win-vcpus1 5 xen-boot fail never pass
test-amd64-i386-qemut-win 7 windows-install fail never pass
test-amd64-i386-win-vcpus1 16 leak-check/check fail never pass
test-amd64-i386-xend-qemut-winxpsp3 16 leak-check/check fail never pass
test-amd64-i386-xl-qemut-winxpsp3-vcpus1 13 guest-stop fail never pass
test-amd64-i386-qemut-win-vcpus1 16 leak-check/check fail never pass
test-amd64-i386-xl-winxpsp3-vcpus1 13 guest-stop fail never pass
test-amd64-i386-xend-winxpsp3 16 leak-check/check fail never pass
version targeted for testing:
linux 1083c5379a9b63055372325f9fbc4bf853f901df
baseline version:
linux d935d0f77650fea53986811ca8a2f8c726fd9857
jobs:
build-amd64 pass
build-armhf pass
build-i386 pass
build-amd64-pvops pass
build-i386-pvops pass
test-amd64-amd64-xl fail
test-amd64-i386-xl fail
test-amd64-i386-rhel6hvm-amd pass
test-amd64-i386-qemut-rhel6hvm-amd pass
test-amd64-i386-qemuu-rhel6hvm-amd pass
test-amd64-amd64-xl-qemut-win7-amd64 fail
test-amd64-i386-xl-qemut-win7-amd64 broken
test-amd64-amd64-xl-qemuu-win7-amd64 fail
test-amd64-amd64-xl-win7-amd64 fail
test-amd64-i386-xl-win7-amd64 fail
test-amd64-i386-xl-credit2 fail
test-amd64-amd64-xl-pcipt-intel fail
test-amd64-i386-rhel6hvm-intel fail
test-amd64-i386-qemut-rhel6hvm-intel pass
test-amd64-i386-qemuu-rhel6hvm-intel pass
test-amd64-i386-xl-multivcpu broken
test-amd64-amd64-pair fail
test-amd64-i386-pair pass
test-amd64-amd64-xl-sedf-pin fail
test-amd64-amd64-pv fail
test-amd64-i386-pv pass
test-amd64-amd64-xl-sedf fail
test-amd64-i386-win-vcpus1 fail
test-amd64-i386-qemut-win-vcpus1 fail
test-amd64-i386-xl-qemut-win-vcpus1 fail
test-amd64-i386-xl-win-vcpus1 fail
test-amd64-i386-xl-qemut-winxpsp3-vcpus1 fail
test-amd64-i386-xl-winxpsp3-vcpus1 fail
test-amd64-amd64-win fail
test-amd64-i386-win fail
test-amd64-amd64-qemut-win fail
test-amd64-i386-qemut-win fail
test-amd64-amd64-xl-qemut-win fail
test-amd64-amd64-xl-win fail
test-amd64-i386-xend-qemut-winxpsp3 fail
test-amd64-amd64-xl-qemut-winxpsp3 fail
test-amd64-amd64-xl-qemuu-winxpsp3 fail
test-amd64-i386-xend-winxpsp3 fail
test-amd64-amd64-xl-winxpsp3 fail
------------------------------------------------------------
sg-report-flight on woking.cam.xci-test.com
logs: /home/xc_osstest/logs
images: /home/xc_osstest/images
Logs, config files, etc. are available at
http://www.chiark.greenend.org.uk/~xensrcts/logs
Test harness code can be found at
http://xenbits.xensource.com/gitweb?p=osstest.git;a=summary
Not pushing.
Konrad Rzeszutek Wilk
2013-Mar-01 12:58 UTC
Re: [linux-mingo-tip-master test] 16775: regressions - trouble: broken/fail/pass
On Thu, Feb 28, 2013 at 10:45:52PM +0000, xen.org wrote:> flight 16775 linux-mingo-tip-master real [real] > http://www.chiark.greenend.org.uk/~xensrcts/logs/16775/ > > Regressions :-(OK, so this is hitting the bug that was fixed in Linus''s tree: Author: Konrad Rzeszutek Wilk <konrad.wilk@oracle.com> Date: Fri Feb 22 17:35:13 2013 -0800 x86-64, xen, mmu: Provide an early version of write_cr3. Poked hpa asking when they are going to update their tree.> > Tests which did not succeed and are blocking, > including tests which could not be run: > test-amd64-amd64-xl-winxpsp3 5 xen-boot fail REGR. vs. 12678 > test-amd64-amd64-xl 5 xen-boot fail REGR. vs. 12678 > test-amd64-amd64-win 5 xen-boot fail REGR. vs. 12678 > test-amd64-amd64-xl-win 5 xen-boot fail REGR. vs. 12678 > test-amd64-amd64-xl-qemuu-win7-amd64 5 xen-boot fail REGR. vs. 12678 > test-amd64-amd64-xl-qemuu-winxpsp3 5 xen-boot fail REGR. vs. 12678 > test-amd64-i386-xl 5 xen-boot fail REGR. vs. 12678 > test-amd64-i386-rhel6hvm-intel 5 xen-boot fail REGR. vs. 12678 > test-amd64-i386-xl-multivcpu 6 leak-check/basis(6) fail REGR. vs. 12678 > test-amd64-amd64-pv 5 xen-boot fail REGR. vs. 12678 > test-amd64-i386-win 7 windows-install fail REGR. vs. 12678 > test-amd64-amd64-pair 8 xen-boot/dst_host fail REGR. vs. 12678 > test-amd64-amd64-pair 7 xen-boot/src_host fail REGR. vs. 12678 > > Regressions which are regarded as allowable (not blocking): > test-amd64-i386-xl-credit2 9 guest-start fail blocked in 12678 > test-amd64-amd64-xl-sedf 5 xen-boot fail REGR. vs. 12678 > test-amd64-amd64-xl-sedf-pin 5 xen-boot fail REGR. vs. 12678 > test-amd64-i386-xl-qemut-win7-amd64 6 leak-check/basis(6) fail blocked in 12678 > test-amd64-i386-xl-qemut-win-vcpus1 5 xen-boot fail blocked in 12678 > test-amd64-i386-xl-win7-amd64 7 windows-install fail blocked in 12678 > > Tests which did not succeed, but are not blocking: > test-amd64-amd64-qemut-win 5 xen-boot fail never pass > test-amd64-amd64-xl-qemut-win7-amd64 5 xen-boot fail never pass > test-amd64-amd64-xl-win7-amd64 5 xen-boot fail never pass > test-amd64-amd64-xl-qemut-winxpsp3 5 xen-boot fail never pass > test-amd64-amd64-xl-pcipt-intel 5 xen-boot fail never pass > test-amd64-amd64-xl-qemut-win 5 xen-boot fail never pass > test-amd64-i386-xl-win-vcpus1 5 xen-boot fail never pass > test-amd64-i386-qemut-win 7 windows-install fail never pass > test-amd64-i386-win-vcpus1 16 leak-check/check fail never pass > test-amd64-i386-xend-qemut-winxpsp3 16 leak-check/check fail never pass > test-amd64-i386-xl-qemut-winxpsp3-vcpus1 13 guest-stop fail never pass > test-amd64-i386-qemut-win-vcpus1 16 leak-check/check fail never pass > test-amd64-i386-xl-winxpsp3-vcpus1 13 guest-stop fail never pass > test-amd64-i386-xend-winxpsp3 16 leak-check/check fail never pass > > version targeted for testing: > linux 1083c5379a9b63055372325f9fbc4bf853f901df > baseline version: > linux d935d0f77650fea53986811ca8a2f8c726fd9857 > > jobs: > build-amd64 pass > build-armhf pass > build-i386 pass > build-amd64-pvops pass > build-i386-pvops pass > test-amd64-amd64-xl fail > test-amd64-i386-xl fail > test-amd64-i386-rhel6hvm-amd pass > test-amd64-i386-qemut-rhel6hvm-amd pass > test-amd64-i386-qemuu-rhel6hvm-amd pass > test-amd64-amd64-xl-qemut-win7-amd64 fail > test-amd64-i386-xl-qemut-win7-amd64 broken > test-amd64-amd64-xl-qemuu-win7-amd64 fail > test-amd64-amd64-xl-win7-amd64 fail > test-amd64-i386-xl-win7-amd64 fail > test-amd64-i386-xl-credit2 fail > test-amd64-amd64-xl-pcipt-intel fail > test-amd64-i386-rhel6hvm-intel fail > test-amd64-i386-qemut-rhel6hvm-intel pass > test-amd64-i386-qemuu-rhel6hvm-intel pass > test-amd64-i386-xl-multivcpu broken > test-amd64-amd64-pair fail > test-amd64-i386-pair pass > test-amd64-amd64-xl-sedf-pin fail > test-amd64-amd64-pv fail > test-amd64-i386-pv pass > test-amd64-amd64-xl-sedf fail > test-amd64-i386-win-vcpus1 fail > test-amd64-i386-qemut-win-vcpus1 fail > test-amd64-i386-xl-qemut-win-vcpus1 fail > test-amd64-i386-xl-win-vcpus1 fail > test-amd64-i386-xl-qemut-winxpsp3-vcpus1 fail > test-amd64-i386-xl-winxpsp3-vcpus1 fail > test-amd64-amd64-win fail > test-amd64-i386-win fail > test-amd64-amd64-qemut-win fail > test-amd64-i386-qemut-win fail > test-amd64-amd64-xl-qemut-win fail > test-amd64-amd64-xl-win fail > test-amd64-i386-xend-qemut-winxpsp3 fail > test-amd64-amd64-xl-qemut-winxpsp3 fail > test-amd64-amd64-xl-qemuu-winxpsp3 fail > test-amd64-i386-xend-winxpsp3 fail > test-amd64-amd64-xl-winxpsp3 fail > > > ------------------------------------------------------------ > sg-report-flight on woking.cam.xci-test.com > logs: /home/xc_osstest/logs > images: /home/xc_osstest/images > > Logs, config files, etc. are available at > http://www.chiark.greenend.org.uk/~xensrcts/logs > > Test harness code can be found at > http://xenbits.xensource.com/gitweb?p=osstest.git;a=summary > > > Not pushing. > > > _______________________________________________ > Xen-devel mailing list > Xen-devel@lists.xen.org > http://lists.xen.org/xen-devel >