flight 16773 linux-linus real [real]
http://www.chiark.greenend.org.uk/~xensrcts/logs/16773/
Regressions :-(
Tests which did not succeed and are blocking,
including tests which could not be run:
test-amd64-i386-xl 9 guest-start fail REGR. vs. 12557
test-amd64-amd64-xl 9 guest-start fail REGR. vs. 12557
test-amd64-i386-xl-credit2 9 guest-start fail REGR. vs. 12557
test-amd64-i386-xl-winxpsp3-vcpus1 5 xen-boot fail REGR. vs. 12557
test-amd64-amd64-xl-win7-amd64 5 xen-boot fail REGR. vs. 12557
test-amd64-i386-pair 8 xen-boot/dst_host fail REGR. vs. 12557
test-amd64-i386-pair 7 xen-boot/src_host fail REGR. vs. 12557
test-amd64-amd64-pair 8 xen-boot/dst_host fail REGR. vs. 12557
test-amd64-amd64-pair 7 xen-boot/src_host fail REGR. vs. 12557
Regressions which are regarded as allowable (not blocking):
test-amd64-amd64-xl-sedf-pin 9 guest-start fail REGR. vs. 12557
test-amd64-i386-win 5 xen-boot fail like 12557
test-amd64-amd64-xl-sedf 5 xen-boot fail REGR. vs. 12557
Tests which did not succeed, but are not blocking:
test-amd64-i386-xl-multivcpu 15 guest-stop fail never pass
test-amd64-amd64-xl-pcipt-intel 5 xen-boot fail never pass
test-amd64-i386-qemut-win-vcpus1 5 xen-boot fail never pass
test-amd64-i386-qemut-rhel6hvm-intel 5 xen-boot fail never pass
test-amd64-i386-xend-qemut-winxpsp3 5 xen-boot fail never pass
test-amd64-amd64-xl-qemut-winxpsp3 5 xen-boot fail never pass
test-amd64-i386-xl-qemut-win-vcpus1 5 xen-boot fail never pass
test-amd64-i386-xl-win7-amd64 13 guest-stop fail never pass
test-amd64-amd64-xl-qemut-win7-amd64 13 guest-stop fail never pass
test-amd64-i386-xl-qemut-win7-amd64 13 guest-stop fail never pass
test-amd64-amd64-xl-qemuu-win7-amd64 13 guest-stop fail never pass
test-amd64-i386-xend-winxpsp3 16 leak-check/check fail never pass
test-amd64-i386-qemut-win 16 leak-check/check fail never pass
test-amd64-i386-xl-win-vcpus1 13 guest-stop fail never pass
test-amd64-i386-xl-qemut-winxpsp3-vcpus1 13 guest-stop fail never pass
test-amd64-i386-win-vcpus1 16 leak-check/check fail never pass
test-amd64-amd64-win 16 leak-check/check fail never pass
test-amd64-amd64-xl-winxpsp3 13 guest-stop fail never pass
test-amd64-amd64-xl-qemut-win 13 guest-stop fail never pass
test-amd64-amd64-xl-qemuu-winxpsp3 13 guest-stop fail never pass
test-amd64-amd64-qemut-win 16 leak-check/check fail never pass
test-amd64-amd64-xl-win 13 guest-stop fail never pass
version targeted for testing:
linux 2a7d2b96d5cba7568139d9ab157a0e97ab32440f
baseline version:
linux c16fa4f2ad19908a47c63d8fa436a1178438c7e7
------------------------------------------------------------
People who touched revisions under test:
------------------------------------------------------------
jobs:
build-amd64 pass
build-armhf pass
build-i386 pass
build-amd64-pvops pass
build-i386-pvops pass
test-amd64-amd64-xl fail
test-amd64-i386-xl fail
test-amd64-i386-rhel6hvm-amd pass
test-amd64-i386-qemut-rhel6hvm-amd pass
test-amd64-i386-qemuu-rhel6hvm-amd pass
test-amd64-amd64-xl-qemut-win7-amd64 fail
test-amd64-i386-xl-qemut-win7-amd64 fail
test-amd64-amd64-xl-qemuu-win7-amd64 fail
test-amd64-amd64-xl-win7-amd64 fail
test-amd64-i386-xl-win7-amd64 fail
test-amd64-i386-xl-credit2 fail
test-amd64-amd64-xl-pcipt-intel fail
test-amd64-i386-rhel6hvm-intel pass
test-amd64-i386-qemut-rhel6hvm-intel fail
test-amd64-i386-qemuu-rhel6hvm-intel pass
test-amd64-i386-xl-multivcpu fail
test-amd64-amd64-pair fail
test-amd64-i386-pair fail
test-amd64-amd64-xl-sedf-pin fail
test-amd64-amd64-pv pass
test-amd64-i386-pv pass
test-amd64-amd64-xl-sedf fail
test-amd64-i386-win-vcpus1 fail
test-amd64-i386-qemut-win-vcpus1 fail
test-amd64-i386-xl-qemut-win-vcpus1 fail
test-amd64-i386-xl-win-vcpus1 fail
test-amd64-i386-xl-qemut-winxpsp3-vcpus1 fail
test-amd64-i386-xl-winxpsp3-vcpus1 fail
test-amd64-amd64-win fail
test-amd64-i386-win fail
test-amd64-amd64-qemut-win fail
test-amd64-i386-qemut-win fail
test-amd64-amd64-xl-qemut-win fail
test-amd64-amd64-xl-win fail
test-amd64-i386-xend-qemut-winxpsp3 fail
test-amd64-amd64-xl-qemut-winxpsp3 fail
test-amd64-amd64-xl-qemuu-winxpsp3 fail
test-amd64-i386-xend-winxpsp3 fail
test-amd64-amd64-xl-winxpsp3 fail
------------------------------------------------------------
sg-report-flight on woking.cam.xci-test.com
logs: /home/xc_osstest/logs
images: /home/xc_osstest/images
Logs, config files, etc. are available at
http://www.chiark.greenend.org.uk/~xensrcts/logs
Test harness code can be found at
http://xenbits.xensource.com/gitweb?p=osstest.git;a=summary
Not pushing.
------------------------------------------------------------
commit 2a7d2b96d5cba7568139d9ab157a0e97ab32440f
Merge: e3c4877... b67bfe0...
Author: Linus Torvalds <torvalds@linux-foundation.org>
Date: Wed Feb 27 20:58:09 2013 -0800
Merge branch ''akpm'' (final batch from Andrew)
Merge third patch-bumb from Andrew Morton:
"This wraps me up for -rc1.
- Lots of misc stuff and things which were deferred/missed from
patchbombings 1 & 2.
- ocfs2 things
- lib/scatterlist
- hfsplus
- fatfs
- documentation
- signals
- procfs
- lockdep
- coredump
- seqfile core
- kexec
- Tejun''s large IDR tree reworkings
- ipmi
- partitions
- nbd
- random() things
- kfifo
- tools/testing/selftests updates
- Sasha''s large and pointless hlist cleanup"
* emailed patches from Andrew Morton <akpm@linux-foundation.org>: (163
commits)
hlist: drop the node parameter from iterators
kcmp: make it depend on CHECKPOINT_RESTORE
selftests: add a simple doc
tools/testing/selftests/Makefile: rearrange targets
selftests/efivarfs: add create-read test
selftests/efivarfs: add empty file creation test
selftests: add tests for efivarfs
kfifo: fix kfifo_alloc() and kfifo_init()
kfifo: move kfifo.c from kernel/ to lib/
arch Kconfig: centralise CONFIG_ARCH_NO_VIRT_TO_BUS
w1: add support for DS2413 Dual Channel Addressable Switch
memstick: move the dereference below the NULL test
drivers/pps/clients/pps-gpio.c: use devm_kzalloc
Documentation/DMA-API-HOWTO.txt: fix typo
include/linux/eventfd.h: fix incorrect filename is a comment
mtd: mtd_stresstest: use prandom_bytes()
mtd: mtd_subpagetest: convert to use prandom library
mtd: mtd_speedtest: use prandom_bytes
mtd: mtd_pagetest: convert to use prandom library
mtd: mtd_oobtest: convert to use prandom library
...
Konrad Rzeszutek Wilk
2013-Mar-01 13:04 UTC
Re: [linux-linus test] 16773: regressions - FAIL
On Thu, Feb 28, 2013 at 08:56:17PM +0000, xen.org wrote:> flight 16773 linux-linus real [real] > http://www.chiark.greenend.org.uk/~xensrcts/logs/16773/So looking at the logs it looks like it could not reboot. But this: http://www.chiark.greenend.org.uk/~xensrcts/logs/16773/test-amd64-amd64-xl-win7-amd64/serial-itch-mite.log says: Feb 28 18:54:45.336290 Setting kernel variables ...done. Feb 28 18:54:45.443895 Configuring network interfaces...[ 29.096111] device eth0 entered promiscuous mode Feb 28 18:54:45.603912 [ 29.128287] bnx2: Can''t load firmware file "bnx2/bnx2-mips-09-6.2.1b.fw" Feb 28 18:54:45.644316 SIOCSIFFLAGS: No such file or directory Feb 28 18:54:45.652280 [ 29.138815] bnx2: Can''t load firmware file "bnx2/bnx2-mips-09-6.2.1b.fw" Feb 28 18:54:45.652343 SIOCSIFFLAGS: No such file or directory Feb 28 18:54:45.652391 [ 29.154469] IPv6: ADDRCONF(NETDEV_UP): xenbr0: link is not ready Feb 28 18:54:45.664304 Feb 28 18:54:45.680277 Waiting for xenbr0 to get ready (MAXWAIT is 2 seconds). so I am wondering if that is just b/c the network was never up? But then there are some things which do seem to pass?> > Regressions :-( > > Tests which did not succeed and are blocking, > including tests which could not be run: > test-amd64-i386-xl 9 guest-start fail REGR. vs. 12557 > test-amd64-amd64-xl 9 guest-start fail REGR. vs. 12557 > test-amd64-i386-xl-credit2 9 guest-start fail REGR. vs. 12557 > test-amd64-i386-xl-winxpsp3-vcpus1 5 xen-boot fail REGR. vs. 12557 > test-amd64-amd64-xl-win7-amd64 5 xen-boot fail REGR. vs. 12557 > test-amd64-i386-pair 8 xen-boot/dst_host fail REGR. vs. 12557 > test-amd64-i386-pair 7 xen-boot/src_host fail REGR. vs. 12557 > test-amd64-amd64-pair 8 xen-boot/dst_host fail REGR. vs. 12557 > test-amd64-amd64-pair 7 xen-boot/src_host fail REGR. vs. 12557 > > Regressions which are regarded as allowable (not blocking): > test-amd64-amd64-xl-sedf-pin 9 guest-start fail REGR. vs. 12557 > test-amd64-i386-win 5 xen-boot fail like 12557 > test-amd64-amd64-xl-sedf 5 xen-boot fail REGR. vs. 12557 > > Tests which did not succeed, but are not blocking: > test-amd64-i386-xl-multivcpu 15 guest-stop fail never pass > test-amd64-amd64-xl-pcipt-intel 5 xen-boot fail never pass > test-amd64-i386-qemut-win-vcpus1 5 xen-boot fail never pass > test-amd64-i386-qemut-rhel6hvm-intel 5 xen-boot fail never pass > test-amd64-i386-xend-qemut-winxpsp3 5 xen-boot fail never pass > test-amd64-amd64-xl-qemut-winxpsp3 5 xen-boot fail never pass > test-amd64-i386-xl-qemut-win-vcpus1 5 xen-boot fail never pass > test-amd64-i386-xl-win7-amd64 13 guest-stop fail never pass > test-amd64-amd64-xl-qemut-win7-amd64 13 guest-stop fail never pass > test-amd64-i386-xl-qemut-win7-amd64 13 guest-stop fail never pass > test-amd64-amd64-xl-qemuu-win7-amd64 13 guest-stop fail never pass > test-amd64-i386-xend-winxpsp3 16 leak-check/check fail never pass > test-amd64-i386-qemut-win 16 leak-check/check fail never pass > test-amd64-i386-xl-win-vcpus1 13 guest-stop fail never pass > test-amd64-i386-xl-qemut-winxpsp3-vcpus1 13 guest-stop fail never pass > test-amd64-i386-win-vcpus1 16 leak-check/check fail never pass > test-amd64-amd64-win 16 leak-check/check fail never pass > test-amd64-amd64-xl-winxpsp3 13 guest-stop fail never pass > test-amd64-amd64-xl-qemut-win 13 guest-stop fail never pass > test-amd64-amd64-xl-qemuu-winxpsp3 13 guest-stop fail never pass > test-amd64-amd64-qemut-win 16 leak-check/check fail never pass > test-amd64-amd64-xl-win 13 guest-stop fail never pass > > version targeted for testing: > linux 2a7d2b96d5cba7568139d9ab157a0e97ab32440f > baseline version: > linux c16fa4f2ad19908a47c63d8fa436a1178438c7e7 > > ------------------------------------------------------------ > People who touched revisions under test: > ------------------------------------------------------------ > > jobs: > build-amd64 pass > build-armhf pass > build-i386 pass > build-amd64-pvops pass > build-i386-pvops pass > test-amd64-amd64-xl fail > test-amd64-i386-xl fail > test-amd64-i386-rhel6hvm-amd pass > test-amd64-i386-qemut-rhel6hvm-amd pass > test-amd64-i386-qemuu-rhel6hvm-amd pass > test-amd64-amd64-xl-qemut-win7-amd64 fail > test-amd64-i386-xl-qemut-win7-amd64 fail > test-amd64-amd64-xl-qemuu-win7-amd64 fail > test-amd64-amd64-xl-win7-amd64 fail > test-amd64-i386-xl-win7-amd64 fail > test-amd64-i386-xl-credit2 fail > test-amd64-amd64-xl-pcipt-intel fail > test-amd64-i386-rhel6hvm-intel pass > test-amd64-i386-qemut-rhel6hvm-intel fail > test-amd64-i386-qemuu-rhel6hvm-intel pass > test-amd64-i386-xl-multivcpu fail > test-amd64-amd64-pair fail > test-amd64-i386-pair fail > test-amd64-amd64-xl-sedf-pin fail > test-amd64-amd64-pv pass > test-amd64-i386-pv pass > test-amd64-amd64-xl-sedf fail > test-amd64-i386-win-vcpus1 fail > test-amd64-i386-qemut-win-vcpus1 fail > test-amd64-i386-xl-qemut-win-vcpus1 fail > test-amd64-i386-xl-win-vcpus1 fail > test-amd64-i386-xl-qemut-winxpsp3-vcpus1 fail > test-amd64-i386-xl-winxpsp3-vcpus1 fail > test-amd64-amd64-win fail > test-amd64-i386-win fail > test-amd64-amd64-qemut-win fail > test-amd64-i386-qemut-win fail > test-amd64-amd64-xl-qemut-win fail > test-amd64-amd64-xl-win fail > test-amd64-i386-xend-qemut-winxpsp3 fail > test-amd64-amd64-xl-qemut-winxpsp3 fail > test-amd64-amd64-xl-qemuu-winxpsp3 fail > test-amd64-i386-xend-winxpsp3 fail > test-amd64-amd64-xl-winxpsp3 fail > > > ------------------------------------------------------------ > sg-report-flight on woking.cam.xci-test.com > logs: /home/xc_osstest/logs > images: /home/xc_osstest/images > > Logs, config files, etc. are available at > http://www.chiark.greenend.org.uk/~xensrcts/logs > > Test harness code can be found at > http://xenbits.xensource.com/gitweb?p=osstest.git;a=summary > > > Not pushing. > > ------------------------------------------------------------ > commit 2a7d2b96d5cba7568139d9ab157a0e97ab32440f > Merge: e3c4877... b67bfe0... > Author: Linus Torvalds <torvalds@linux-foundation.org> > Date: Wed Feb 27 20:58:09 2013 -0800 > > Merge branch ''akpm'' (final batch from Andrew) > > Merge third patch-bumb from Andrew Morton: > "This wraps me up for -rc1. > - Lots of misc stuff and things which were deferred/missed from > patchbombings 1 & 2. > - ocfs2 things > - lib/scatterlist > - hfsplus > - fatfs > - documentation > - signals > - procfs > - lockdep > - coredump > - seqfile core > - kexec > - Tejun''s large IDR tree reworkings > - ipmi > - partitions > - nbd > - random() things > - kfifo > - tools/testing/selftests updates > - Sasha''s large and pointless hlist cleanup" > > * emailed patches from Andrew Morton <akpm@linux-foundation.org>: (163 commits) > hlist: drop the node parameter from iterators > kcmp: make it depend on CHECKPOINT_RESTORE > selftests: add a simple doc > tools/testing/selftests/Makefile: rearrange targets > selftests/efivarfs: add create-read test > selftests/efivarfs: add empty file creation test > selftests: add tests for efivarfs > kfifo: fix kfifo_alloc() and kfifo_init() > kfifo: move kfifo.c from kernel/ to lib/ > arch Kconfig: centralise CONFIG_ARCH_NO_VIRT_TO_BUS > w1: add support for DS2413 Dual Channel Addressable Switch > memstick: move the dereference below the NULL test > drivers/pps/clients/pps-gpio.c: use devm_kzalloc > Documentation/DMA-API-HOWTO.txt: fix typo > include/linux/eventfd.h: fix incorrect filename is a comment > mtd: mtd_stresstest: use prandom_bytes() > mtd: mtd_subpagetest: convert to use prandom library > mtd: mtd_speedtest: use prandom_bytes > mtd: mtd_pagetest: convert to use prandom library > mtd: mtd_oobtest: convert to use prandom library > ... > > _______________________________________________ > Xen-devel mailing list > Xen-devel@lists.xen.org > http://lists.xen.org/xen-devel >