xen.org
2013-Feb-24 04:40 UTC
[linux-3.0 test] 16236: regressions - trouble: broken/fail/pass
flight 16236 linux-3.0 real [real]
http://www.chiark.greenend.org.uk/~xensrcts/logs/16236/
Regressions :-(
Tests which did not succeed and are blocking,
including tests which could not be run:
test-amd64-i386-xend-qemut-winxpsp3 5 xen-boot fail REGR. vs. 15418
test-amd64-i386-xl-qemut-win-vcpus1 3 host-install(3) broken REGR. vs. 15418
Regressions which are regarded as allowable (not blocking):
test-amd64-amd64-xl-sedf-pin 10 guest-saverestore fail like 15418
test-amd64-amd64-xl-sedf 5 xen-boot fail like 15418
Tests which did not succeed, but are not blocking:
test-amd64-amd64-xl-pcipt-intel 9 guest-start fail never pass
test-amd64-i386-xl-win7-amd64 13 guest-stop fail never pass
test-amd64-i386-xl-qemut-win7-amd64 13 guest-stop fail never pass
test-amd64-amd64-xl-qemuu-win7-amd64 13 guest-stop fail never pass
test-amd64-amd64-xl-win7-amd64 13 guest-stop fail never pass
test-amd64-amd64-xl-qemut-win7-amd64 13 guest-stop fail never pass
test-amd64-i386-qemut-win-vcpus1 16 leak-check/check fail never pass
test-amd64-i386-xl-winxpsp3-vcpus1 13 guest-stop fail never pass
test-amd64-amd64-xl-winxpsp3 13 guest-stop fail never pass
test-amd64-i386-xend-winxpsp3 16 leak-check/check fail never pass
test-amd64-amd64-win 16 leak-check/check fail never pass
test-amd64-amd64-xl-win 13 guest-stop fail never pass
test-amd64-amd64-xl-qemut-winxpsp3 13 guest-stop fail never pass
test-amd64-i386-win-vcpus1 16 leak-check/check fail never pass
test-amd64-i386-xl-win-vcpus1 13 guest-stop fail never pass
test-amd64-i386-win 16 leak-check/check fail never pass
test-amd64-amd64-xl-qemuu-winxpsp3 13 guest-stop fail never pass
test-amd64-i386-xl-qemut-winxpsp3-vcpus1 13 guest-stop fail never pass
test-amd64-amd64-qemut-win 16 leak-check/check fail never pass
test-amd64-i386-qemut-win 16 leak-check/check fail never pass
test-amd64-amd64-xl-qemut-win 13 guest-stop fail never pass
version targeted for testing:
linux 21d69845e411bfcee426070af5416ddfba350529
baseline version:
linux e1c63f9f42393f7c1dc072db7e0d54e599e96b46
------------------------------------------------------------
People who touched revisions under test:
------------------------------------------------------------
jobs:
build-amd64 pass
build-armhf pass
build-i386 pass
build-amd64-pvops pass
build-i386-pvops pass
test-amd64-amd64-xl pass
test-amd64-i386-xl pass
test-amd64-i386-rhel6hvm-amd pass
test-amd64-i386-qemut-rhel6hvm-amd pass
test-amd64-i386-qemuu-rhel6hvm-amd pass
test-amd64-amd64-xl-qemut-win7-amd64 fail
test-amd64-i386-xl-qemut-win7-amd64 fail
test-amd64-amd64-xl-qemuu-win7-amd64 fail
test-amd64-amd64-xl-win7-amd64 fail
test-amd64-i386-xl-win7-amd64 fail
test-amd64-i386-xl-credit2 pass
test-amd64-amd64-xl-pcipt-intel fail
test-amd64-i386-rhel6hvm-intel pass
test-amd64-i386-qemut-rhel6hvm-intel pass
test-amd64-i386-qemuu-rhel6hvm-intel pass
test-amd64-i386-xl-multivcpu pass
test-amd64-amd64-pair pass
test-amd64-i386-pair pass
test-amd64-amd64-xl-sedf-pin fail
test-amd64-amd64-pv pass
test-amd64-i386-pv pass
test-amd64-amd64-xl-sedf fail
test-amd64-i386-win-vcpus1 fail
test-amd64-i386-qemut-win-vcpus1 fail
test-amd64-i386-xl-qemut-win-vcpus1 broken
test-amd64-i386-xl-win-vcpus1 fail
test-amd64-i386-xl-qemut-winxpsp3-vcpus1 fail
test-amd64-i386-xl-winxpsp3-vcpus1 fail
test-amd64-amd64-win fail
test-amd64-i386-win fail
test-amd64-amd64-qemut-win fail
test-amd64-i386-qemut-win fail
test-amd64-amd64-xl-qemut-win fail
test-amd64-amd64-xl-win fail
test-amd64-i386-xend-qemut-winxpsp3 fail
test-amd64-amd64-xl-qemut-winxpsp3 fail
test-amd64-amd64-xl-qemuu-winxpsp3 fail
test-amd64-i386-xend-winxpsp3 fail
test-amd64-amd64-xl-winxpsp3 fail
------------------------------------------------------------
sg-report-flight on woking.cam.xci-test.com
logs: /home/xc_osstest/logs
images: /home/xc_osstest/images
Logs, config files, etc. are available at
http://www.chiark.greenend.org.uk/~xensrcts/logs
Test harness code can be found at
http://xenbits.xensource.com/gitweb?p=osstest.git;a=summary
Not pushing.
------------------------------------------------------------
commit 21d69845e411bfcee426070af5416ddfba350529
Author: Greg Kroah-Hartman <gregkh@linuxfoundation.org>
Date: Thu Feb 21 10:03:01 2013 -0800
3.0.66