flight 15210 xen-unstable real [real]
http://www.chiark.greenend.org.uk/~xensrcts/logs/15210/
Regressions :-(
Tests which did not succeed and are blocking,
including tests which could not be run:
test-amd64-amd64-xl 4 xen-install fail REGR. vs. 15179
test-amd64-amd64-pv 4 xen-install fail REGR. vs. 15179
test-amd64-amd64-xl-qemut-win7-amd64 4 xen-install fail REGR. vs. 15179
test-amd64-amd64-xl-qemuu-winxpsp3 4 xen-install fail REGR. vs. 15179
test-amd64-amd64-xl-win7-amd64 4 xen-install fail REGR. vs. 15179
test-amd64-amd64-win 4 xen-install fail REGR. vs. 15179
test-amd64-amd64-xl-qemut-winxpsp3 4 xen-install fail REGR. vs. 15179
test-amd64-amd64-xl-winxpsp3 4 xen-install fail REGR. vs. 15179
test-amd64-amd64-qemut-win 4 xen-install fail REGR. vs. 15179
test-amd64-amd64-pair 6 xen-install/dst_host fail REGR. vs. 15179
test-amd64-amd64-pair 5 xen-install/src_host fail REGR. vs. 15179
build-i386-pvops 4 kernel-build fail REGR. vs. 15179
test-amd64-amd64-xl-win 4 xen-install fail REGR. vs. 15179
test-amd64-amd64-xl-qemuu-win7-amd64 4 xen-install fail REGR. vs. 15179
test-amd64-amd64-xl-qemut-win 4 xen-install fail REGR. vs. 15179
Regressions which are regarded as allowable (not blocking):
test-amd64-amd64-xl-sedf-pin 4 xen-install fail REGR. vs. 15179
test-amd64-amd64-xl-pcipt-intel 4 xen-install fail REGR. vs. 15179
test-amd64-amd64-xl-sedf 4 xen-install fail REGR. vs. 15179
Tests which did not succeed, but are not blocking:
test-amd64-i386-xl-multivcpu 1 xen-build-check(1) blocked n/a
test-amd64-i386-rhel6hvm-amd 1 xen-build-check(1) blocked n/a
test-amd64-i386-qemut-rhel6hvm-amd 1 xen-build-check(1) blocked n/a
test-amd64-i386-qemuu-rhel6hvm-amd 1 xen-build-check(1) blocked n/a
test-amd64-i386-xend-winxpsp3 1 xen-build-check(1) blocked n/a
test-amd64-i386-win 1 xen-build-check(1) blocked n/a
test-amd64-i386-qemut-win-vcpus1 1 xen-build-check(1) blocked n/a
test-amd64-i386-xl-win-vcpus1 1 xen-build-check(1) blocked n/a
test-amd64-i386-pv 1 xen-build-check(1) blocked n/a
test-amd64-i386-xl-credit2 1 xen-build-check(1) blocked n/a
test-amd64-i386-xl 1 xen-build-check(1) blocked n/a
test-amd64-i386-xl-qemut-win7-amd64 1 xen-build-check(1) blocked n/a
test-amd64-i386-xl-win7-amd64 1 xen-build-check(1) blocked n/a
test-amd64-i386-win-vcpus1 1 xen-build-check(1) blocked n/a
test-amd64-i386-rhel6hvm-intel 1 xen-build-check(1) blocked n/a
test-amd64-i386-qemuu-rhel6hvm-intel 1 xen-build-check(1) blocked n/a
test-amd64-i386-qemut-rhel6hvm-intel 1 xen-build-check(1) blocked n/a
test-amd64-i386-pair 1 xen-build-check(1) blocked n/a
test-amd64-i386-xend-qemut-winxpsp3 1 xen-build-check(1) blocked n/a
test-amd64-i386-xl-winxpsp3-vcpus1 1 xen-build-check(1) blocked n/a
test-amd64-i386-xl-qemut-winxpsp3-vcpus1 1 xen-build-check(1) blocked n/a
test-amd64-i386-xl-qemut-win-vcpus1 1 xen-build-check(1) blocked n/a
test-amd64-i386-qemut-win 1 xen-build-check(1) blocked n/a
version targeted for testing:
xen 83a3fa9c8434
baseline version:
xen 5af4f2ab06f3
------------------------------------------------------------
People who touched revisions under test:
Dan Magenheimer <dan.magenheimer@oracle.com>
Daniel De Graaf <dgdegra@tycho.nsa.gov>
Dario Faggioli <dario.faggioli@citrix.com>
Dongxiao Xu <dongxiao.xu@intel.com>
Ian Campbell <ian.campbell@citrix.com>
Ian Jackson <ian.jackson@eu.citrix.com>
Jan Beulich <jbeulich@suse.com>
Jim Fehlig <jfehlig@suse.com>
Jun Nakajima <jun.nakajima@intel.com>
Keir Fraser <keir@xen.org>
Matt Wilson <msw@amazon.com>
Razvan Cojocaru <rzvncj@gmail.com>
Roger Pau Monn? <roger.pau@citrix.com>
Stefano Stabellini <stefano.stabellini@eu.citrix.com>
Tim Deegan <tim@xen.org>
Tomasz Wroblewski <tomasz.wroblewski@citrix.com>
------------------------------------------------------------
jobs:
build-amd64 pass
build-i386 pass
build-amd64-oldkern pass
build-i386-oldkern pass
build-amd64-pvops pass
build-i386-pvops fail
test-amd64-amd64-xl fail
test-amd64-i386-xl blocked
test-amd64-i386-rhel6hvm-amd blocked
test-amd64-i386-qemut-rhel6hvm-amd blocked
test-amd64-i386-qemuu-rhel6hvm-amd blocked
test-amd64-amd64-xl-qemut-win7-amd64 fail
test-amd64-i386-xl-qemut-win7-amd64 blocked
test-amd64-amd64-xl-qemuu-win7-amd64 fail
test-amd64-amd64-xl-win7-amd64 fail
test-amd64-i386-xl-win7-amd64 blocked
test-amd64-i386-xl-credit2 blocked
test-amd64-amd64-xl-pcipt-intel fail
test-amd64-i386-rhel6hvm-intel blocked
test-amd64-i386-qemut-rhel6hvm-intel blocked
test-amd64-i386-qemuu-rhel6hvm-intel blocked
test-amd64-i386-xl-multivcpu blocked
test-amd64-amd64-pair fail
test-amd64-i386-pair blocked
test-amd64-amd64-xl-sedf-pin fail
test-amd64-amd64-pv fail
test-amd64-i386-pv blocked
test-amd64-amd64-xl-sedf fail
test-amd64-i386-win-vcpus1 blocked
test-amd64-i386-qemut-win-vcpus1 blocked
test-amd64-i386-xl-qemut-win-vcpus1 blocked
test-amd64-i386-xl-win-vcpus1 blocked
test-amd64-i386-xl-qemut-winxpsp3-vcpus1 blocked
test-amd64-i386-xl-winxpsp3-vcpus1 blocked
test-amd64-amd64-win fail
test-amd64-i386-win blocked
test-amd64-amd64-qemut-win fail
test-amd64-i386-qemut-win blocked
test-amd64-amd64-xl-qemut-win fail
test-amd64-amd64-xl-win fail
test-amd64-i386-xend-qemut-winxpsp3 blocked
test-amd64-amd64-xl-qemut-winxpsp3 fail
test-amd64-amd64-xl-qemuu-winxpsp3 fail
test-amd64-i386-xend-winxpsp3 blocked
test-amd64-amd64-xl-winxpsp3 fail
------------------------------------------------------------
sg-report-flight on woking.cam.xci-test.com
logs: /home/xc_osstest/logs
images: /home/xc_osstest/images
Logs, config files, etc. are available at
http://www.chiark.greenend.org.uk/~xensrcts/logs
Test harness code can be found at
http://xenbits.xensource.com/gitweb?p=osstest.git;a=summary
Not pushing.
(No revision log; it would be 890 lines long.)