xen.org
2012-Jan-28 22:49 UTC
[linux test] 11708: regressions - trouble: blocked/broken/pass
flight 11708 linux real [real]
http://www.chiark.greenend.org.uk/~xensrcts/logs/11708/
Regressions :-(
Tests which did not succeed and are blocking,
including tests which could not be run:
test-amd64-i386-xl-credit2 7 debian-install fail in 11669 REGR. vs. 10764
Tests which are failing intermittently (not blocking):
test-amd64-amd64-xl-winxpsp3 3 host-install(3) broken pass in 11669
test-amd64-amd64-xl 3 host-install(3) broken pass in 11669
test-amd64-amd64-xl-sedf 3 host-install(3) broken pass in 11669
test-amd64-amd64-xl-sedf-pin 3 host-install(3) broken pass in 11669
test-amd64-amd64-pv 3 host-install(3) broken pass in 11669
test-amd64-amd64-xl-win 3 host-install(3) broken pass in 11669
build-i386-pvops 2 host-install(2) broken pass in 11669
test-amd64-amd64-win 3 host-install(3) broken pass in 11669
build-i386 2 host-install(2) broken pass in 11669
test-amd64-amd64-xl-pcipt-intel 3 host-install(3) broken pass in 11669
test-amd64-amd64-xl-win7-amd64 3 host-install(3) broken pass in 11669
test-amd64-amd64-pair 3 host-install/src_host(3) broken pass in 11669
test-amd64-amd64-pair 4 host-install/dst_host(4) broken pass in 11669
Regressions which are regarded as allowable (not blocking):
test-i386-i386-win 14 guest-start.2 fail in 11669 blocked in 10764
Tests which did not succeed, but are not blocking:
test-amd64-i386-xl-multivcpu 1 xen-build-check(1) blocked n/a
test-i386-i386-xl 1 xen-build-check(1) blocked n/a
test-amd64-i386-rhel6hvm-amd 1 xen-build-check(1) blocked n/a
test-amd64-i386-pv 1 xen-build-check(1) blocked n/a
test-amd64-i386-xl 1 xen-build-check(1) blocked n/a
test-amd64-i386-xl-credit2 1 xen-build-check(1) blocked n/a
test-amd64-i386-rhel6hvm-intel 1 xen-build-check(1) blocked n/a
test-i386-i386-pv 1 xen-build-check(1) blocked n/a
test-i386-i386-pair 1 xen-build-check(1) blocked n/a
test-amd64-i386-pair 1 xen-build-check(1) blocked n/a
test-amd64-i386-xl-win-vcpus1 1 xen-build-check(1) blocked n/a
test-amd64-i386-win 1 xen-build-check(1) blocked n/a
test-amd64-i386-xl-win7-amd64 1 xen-build-check(1) blocked n/a
test-amd64-i386-win-vcpus1 1 xen-build-check(1) blocked n/a
test-i386-i386-xl-winxpsp3 1 xen-build-check(1) blocked n/a
test-amd64-i386-xl-winxpsp3-vcpus1 1 xen-build-check(1) blocked n/a
test-amd64-i386-xend-winxpsp3 1 xen-build-check(1) blocked n/a
test-i386-i386-xl-win 1 xen-build-check(1) blocked n/a
test-i386-i386-win 1 xen-build-check(1) blocked n/a
test-amd64-i386-rhel6hvm-amd 11 leak-check/check fail in 11669 never pass
test-amd64-i386-rhel6hvm-intel 11 leak-check/check fail in 11669 never pass
test-amd64-i386-xl-win-vcpus1 13 guest-stop fail in 11669 never pass
test-amd64-i386-win 16 leak-check/check fail in 11669 never pass
test-amd64-i386-xl-win7-amd64 13 guest-stop fail in 11669 never pass
test-amd64-i386-win-vcpus1 16 leak-check/check fail in 11669 never pass
test-i386-i386-xl-winxpsp3 13 guest-stop fail in 11669 never pass
test-amd64-i386-xl-winxpsp3-vcpus1 13 guest-stop fail in 11669 never pass
test-amd64-amd64-xl-winxpsp3 13 guest-stop fail in 11669 never pass
test-amd64-amd64-xl-win 13 guest-stop fail in 11669 never pass
test-amd64-amd64-win 16 leak-check/check fail in 11669 never pass
test-amd64-amd64-xl-pcipt-intel 9 guest-start fail in 11669 never pass
test-amd64-amd64-xl-win7-amd64 13 guest-stop fail in 11669 never pass
test-amd64-i386-xend-winxpsp3 16 leak-check/check fail in 11669 never pass
test-i386-i386-xl-win 13 guest-stop fail in 11669 never pass
version targeted for testing:
linux 1aaf53ee291d9e71d6ec05c0ebdb2854fea175ad
baseline version:
linux 8664c694e49d4d095706524a27b1fc734b9881ce
------------------------------------------------------------
People who touched revisions under test:
------------------------------------------------------------
jobs:
build-amd64 pass
build-i386 broken
build-amd64-pvops pass
build-i386-pvops broken
test-amd64-amd64-xl broken
test-amd64-i386-xl blocked
test-i386-i386-xl blocked
test-amd64-i386-rhel6hvm-amd blocked
test-amd64-amd64-xl-win7-amd64 broken
test-amd64-i386-xl-win7-amd64 blocked
test-amd64-i386-xl-credit2 blocked
test-amd64-amd64-xl-pcipt-intel broken
test-amd64-i386-rhel6hvm-intel blocked
test-amd64-i386-xl-multivcpu blocked
test-amd64-amd64-pair broken
test-amd64-i386-pair blocked
test-i386-i386-pair blocked
test-amd64-amd64-xl-sedf-pin broken
test-amd64-amd64-pv broken
test-amd64-i386-pv blocked
test-i386-i386-pv blocked
test-amd64-amd64-xl-sedf broken
test-amd64-i386-win-vcpus1 blocked
test-amd64-i386-xl-win-vcpus1 blocked
test-amd64-i386-xl-winxpsp3-vcpus1 blocked
test-amd64-amd64-win broken
test-amd64-i386-win blocked
test-i386-i386-win blocked
test-amd64-amd64-xl-win broken
test-i386-i386-xl-win blocked
test-amd64-i386-xend-winxpsp3 blocked
test-amd64-amd64-xl-winxpsp3 broken
test-i386-i386-xl-winxpsp3 blocked
------------------------------------------------------------
sg-report-flight on woking.cam.xci-test.com
logs: /home/xc_osstest/logs
images: /home/xc_osstest/images
Logs, config files, etc. are available at
http://www.chiark.greenend.org.uk/~xensrcts/logs
Test harness code can be found at
http://xenbits.xensource.com/gitweb?p=osstest.git;a=summary
Not pushing.
------------------------------------------------------------
commit 1aaf53ee291d9e71d6ec05c0ebdb2854fea175ad
Merge: 8664c69... b16a92f...
Author: Jeremy Fitzhardinge <jeremy@goop.org>
Date: Thu Jan 26 13:19:51 2012 -0800
Merge commit ''v2.6.32.55'' into xen/next-2.6.32
* commit ''v2.6.32.55'': (28 commits)
Linux 2.6.32.55
kprobes: initialize before using a hlist
score: fix off-by-one index into syscall table
sym53c8xx: Fix NULL pointer dereference in slave_destroy
ALSA: HDA: Fix internal microphone on Dell Studio 16 XPS 1645
kernel.h: add printk_ratelimited and pr_<level>_rl
block: add and use scsi_blk_cmd_ioctl
USB: Fix ''bad dma'' problem on WDM device disconnect
fix cputime overflow in uptime_proc_show
USB: cdc-wdm: fix misuse of logical operation in place of bitop
nfsd: Fix oops when parsing a 0 length export
svcrpc: destroy server sockets all at once
svcrpc: fix double-free on shutdown of nfsd after changing pool mode
V4L/DVB: v4l2-ioctl: integer overflow in video_usercopy()
i2c: Fix error value returned by several bus drivers
UBI: fix nameless volumes handling
x86: Fix mmap random address range
PNP: work around Dell 1536/1546 BIOS MMCONFIG bug that breaks USB
ima: free duplicate measurement memory
xen/xenbus: Reject replies with payload > XENSTORE_PAYLOAD_MAX.
...