xen.org
2012-Jan-28 19:58 UTC
[xen-unstable test] 11696: regressions - trouble: broken/fail/pass
flight 11696 xen-unstable real [real]
http://www.chiark.greenend.org.uk/~xensrcts/logs/11696/
Regressions :-(
Tests which did not succeed and are blocking,
including tests which could not be run:
test-amd64-i386-xl-credit2 18 leak-check/check fail REGR. vs. 11643
test-amd64-amd64-xl 18 leak-check/check fail REGR. vs. 11643
test-i386-i386-xl 18 leak-check/check fail in 11660 REGR. vs. 11643
test-amd64-i386-xl 18 leak-check/check fail in 11660 REGR. vs. 11643
test-amd64-i386-xl-multivcpu 18 leak-check/check fail in 11660 REGR. vs. 11643
Tests which are failing intermittently (not blocking):
test-i386-i386-xl 3 host-install(3) broken pass in 11660
test-amd64-i386-rhel6hvm-intel 3 host-install(3) broken pass in 11660
test-amd64-i386-rhel6hvm-amd 3 host-install(3) broken pass in 11660
test-i386-i386-pv 3 host-install(3) broken pass in 11660
test-amd64-i386-xl 3 host-install(3) broken pass in 11660
test-amd64-i386-xl-multivcpu 3 host-install(3) broken pass in 11660
test-amd64-i386-xend-winxpsp3 3 host-install(3) broken pass in 11660
test-i386-i386-xl-win 3 host-install(3) broken pass in 11660
test-amd64-i386-xl-win7-amd64 3 host-install(3) broken pass in 11660
test-i386-i386-win 3 host-install(3) broken pass in 11660
test-i386-i386-xl-winxpsp3 3 host-install(3) broken pass in 11660
test-amd64-i386-xl-winxpsp3-vcpus1 3 host-install(3) broken pass in 11660
Regressions which are regarded as allowable (not blocking):
test-amd64-amd64-xl-sedf 18 leak-check/check fail REGR. vs. 11643
test-amd64-amd64-xl-sedf-pin 18 leak-check/check fail blocked in 11643
test-i386-i386-win 14 guest-start.2 fail in 11660 like 11643
Tests which did not succeed, but are not blocking:
test-amd64-amd64-xl-pcipt-intel 9 guest-start fail never pass
test-amd64-amd64-xl-win7-amd64 13 guest-stop fail never pass
test-amd64-amd64-xl-win 13 guest-stop fail never pass
test-amd64-i386-xl-win-vcpus1 13 guest-stop fail never pass
test-amd64-i386-win-vcpus1 16 leak-check/check fail never pass
test-amd64-i386-win 16 leak-check/check fail never pass
test-amd64-amd64-win 16 leak-check/check fail never pass
test-amd64-amd64-xl-winxpsp3 13 guest-stop fail never pass
test-amd64-i386-rhel6hvm-intel 11 leak-check/check fail in 11660 never pass
test-amd64-i386-rhel6hvm-amd 11 leak-check/check fail in 11660 never pass
test-amd64-i386-xend-winxpsp3 16 leak-check/check fail in 11660 never pass
test-i386-i386-xl-win 13 guest-stop fail in 11660 never pass
test-amd64-i386-xl-win7-amd64 13 guest-stop fail in 11660 never pass
test-i386-i386-xl-winxpsp3 13 guest-stop fail in 11660 never pass
test-amd64-i386-xl-winxpsp3-vcpus1 13 guest-stop fail in 11660 never pass
version targeted for testing:
xen 54000bca7a6a
baseline version:
xen e2722b24dc09
------------------------------------------------------------
People who touched revisions under test:
Adin Scannell <adin@scannell.ca>
Andres Lagar-Cavilla <andres@lagarcavilla.org>
Dario Faggioli <dario.faggioli@citrix.com>
Ian Campbell <ian.campbell@citrix.com>
Ian Jackson <ian.jackson@eu.citrix.com>
Jan Beulich <jbeulich@suse.com>
Jim Fehlig <jfehlig@suse.com>
Olaf Hering <olaf@aepfle.de>
Roger Pau Monne <roger.pau@entel.upc.edu>
Stefano Stabellini <stefano.stabellini@eu.citrix.com>
------------------------------------------------------------
jobs:
build-amd64 pass
build-i386 pass
build-amd64-oldkern pass
build-i386-oldkern pass
build-amd64-pvops pass
build-i386-pvops pass
test-amd64-amd64-xl fail
test-amd64-i386-xl broken
test-i386-i386-xl broken
test-amd64-i386-rhel6hvm-amd broken
test-amd64-amd64-xl-win7-amd64 fail
test-amd64-i386-xl-win7-amd64 broken
test-amd64-i386-xl-credit2 fail
test-amd64-amd64-xl-pcipt-intel fail
test-amd64-i386-rhel6hvm-intel broken
test-amd64-i386-xl-multivcpu broken
test-amd64-amd64-pair pass
test-amd64-i386-pair pass
test-i386-i386-pair pass
test-amd64-amd64-xl-sedf-pin fail
test-amd64-amd64-pv pass
test-amd64-i386-pv pass
test-i386-i386-pv broken
test-amd64-amd64-xl-sedf fail
test-amd64-i386-win-vcpus1 fail
test-amd64-i386-xl-win-vcpus1 fail
test-amd64-i386-xl-winxpsp3-vcpus1 broken
test-amd64-amd64-win fail
test-amd64-i386-win fail
test-i386-i386-win broken
test-amd64-amd64-xl-win fail
test-i386-i386-xl-win broken
test-amd64-i386-xend-winxpsp3 broken
test-amd64-amd64-xl-winxpsp3 fail
test-i386-i386-xl-winxpsp3 broken
------------------------------------------------------------
sg-report-flight on woking.cam.xci-test.com
logs: /home/xc_osstest/logs
images: /home/xc_osstest/images
Logs, config files, etc. are available at
http://www.chiark.greenend.org.uk/~xensrcts/logs
Test harness code can be found at
http://xenbits.xensource.com/gitweb?p=osstest.git;a=summary
Not pushing.
(No revision log; it would be 384 lines long.)