flight 9742 xen-unstable real [real]
http://www.chiark.greenend.org.uk/~xensrcts/logs/9742/
Regressions :-(
Tests which did not succeed and are blocking:
test-amd64-amd64-xl 18 leak-check/check fail REGR. vs. 9661
test-i386-i386-xl 18 leak-check/check fail REGR. vs. 9661
test-amd64-i386-xl 18 leak-check/check fail REGR. vs. 9661
test-amd64-i386-xl-credit2 18 leak-check/check fail REGR. vs. 9661
test-amd64-i386-xl-multivcpu 18 leak-check/check fail REGR. vs. 9661
Tests which did not succeed, but are not blocking,
including regressions (tests previously passed) regarded as allowable:
test-amd64-amd64-xl-pcipt-intel 9 guest-start fail never pass
test-amd64-i386-rhel6hvm-intel 9 guest-start.2 fail never pass
test-amd64-i386-rhel6hvm-amd 9 guest-start.2 fail never pass
test-amd64-amd64-xl-sedf 14 guest-localmigrate/x10 fail like 9659
test-amd64-i386-win-vcpus1 16 leak-check/check fail never pass
test-amd64-i386-xl-win-vcpus1 13 guest-stop fail never pass
test-amd64-amd64-win 16 leak-check/check fail never pass
test-amd64-i386-win 16 leak-check/check fail never pass
test-amd64-amd64-xl-win 13 guest-stop fail never pass
test-i386-i386-win 16 leak-check/check fail never pass
test-i386-i386-xl-win 13 guest-stop fail never pass
version targeted for testing:
xen d0bbe0622d1d
baseline version:
xen 54a5e994a241
------------------------------------------------------------
People who touched revisions under test:
"Shan, Haitao" <haitao.shan@intel.com>
Andres Lagar-Cavilla <andres@lagarcavilla.org>
Andrew Cooper <andrew.cooper3@citrix.com>
Anthony PERARD <anthony.perard@citrix.com>
Christoph Egger <Christoph.Egger@amd.com>
Ian Campbell <ian.campbell@citrix.com>
Ian Jackson <ian.jackson.citrix.com>
Ian Jackson <ian.jackson@eu.citrix.com>
Jan Beulich <jbeulich@suse.com>
Jean Guyader <jean.guyader@eu.citrix.com>
Juergen Gross <juergen.gross@ts.fujitsu.com>
juergen.gross@ts.fujitsu.com
Keir Fraser <keir@xen.org>
Olaf Hering <olaf@aepfle.de>
Tim Deegan <tim@xen.org>
Wei Wang <wei.wang2@amd.com>
------------------------------------------------------------
jobs:
build-amd64 pass
build-i386 pass
build-amd64-oldkern pass
build-i386-oldkern pass
build-amd64-pvops pass
build-i386-pvops pass
test-amd64-amd64-xl fail
test-amd64-i386-xl fail
test-i386-i386-xl fail
test-amd64-i386-rhel6hvm-amd fail
test-amd64-i386-xl-credit2 fail
test-amd64-amd64-xl-pcipt-intel fail
test-amd64-i386-rhel6hvm-intel fail
test-amd64-i386-xl-multivcpu fail
test-amd64-amd64-pair pass
test-amd64-i386-pair pass
test-i386-i386-pair pass
test-amd64-amd64-pv pass
test-amd64-i386-pv pass
test-i386-i386-pv pass
test-amd64-amd64-xl-sedf fail
test-amd64-i386-win-vcpus1 fail
test-amd64-i386-xl-win-vcpus1 fail
test-amd64-amd64-win fail
test-amd64-i386-win fail
test-i386-i386-win fail
test-amd64-amd64-xl-win fail
test-i386-i386-xl-win fail
------------------------------------------------------------
sg-report-flight on woking.cam.xci-test.com
logs: /home/xc_osstest/logs
images: /home/xc_osstest/images
Logs, config files, etc. are available at
http://www.chiark.greenend.org.uk/~xensrcts/logs
Test harness code can be found at
http://xenbits.xensource.com/gitweb?p=osstest.git;a=summary
Not pushing.
(No revision log; it would be 656 lines long.)
_______________________________________________
Xen-devel mailing list
Xen-devel@lists.xensource.com
http://lists.xensource.com/xen-devel
Ian Jackson
2011-Nov-10 19:01 UTC
[Xen-devel] Re: [xen-unstable test] 9742: regressions - FAIL
xen.org writes ("[xen-unstable test] 9742: regressions -
FAIL"):> flight 9742 xen-unstable real [real]
> http://www.chiark.greenend.org.uk/~xensrcts/logs/9742/
>
> Regressions :-(
>
> Tests which did not succeed and are blocking:
> test-amd64-amd64-xl 18 leak-check/check fail REGR. vs. 9661
> test-i386-i386-xl 18 leak-check/check fail REGR. vs. 9661
> test-amd64-i386-xl 18 leak-check/check fail REGR. vs. 9661
> test-amd64-i386-xl-credit2 18 leak-check/check fail REGR. vs. 9661
> test-amd64-i386-xl-multivcpu 18 leak-check/check fail REGR. vs. 9661
This is the tester complaining that the xenstore path "/libxl" was
leaked. I have made a version of the tester which doesn''t mind that,
adding /libxl to the list of ok-to-be-leaked paths, and this will
hopefully make it through the meta-push-gate soon and thus get us a
push of xen-unstable.
Please ignore any emails from the bisector complaining about this and
fingering the changeset which introduced the /libxl xenstore path.
Ian.
_______________________________________________
Xen-devel mailing list
Xen-devel@lists.xensource.com
http://lists.xensource.com/xen-devel