flight 6841 xen-unstable real [real]
http://www.chiark.greenend.org.uk/~xensrcts/logs/6841/
Regressions :-(
Tests which did not succeed and are blocking:
 build-i386-oldkern            4 xen-build                  fail REGR. vs. 6840
 build-i386                    4 xen-build                  fail REGR. vs. 6840
 test-amd64-i386-pair          6 xen-install/dst_host       fail REGR. vs. 6840
 test-amd64-i386-pair          5 xen-install/src_host       fail REGR. vs. 6840
 test-amd64-i386-pv            4 xen-install                fail REGR. vs. 6840
 test-amd64-i386-rhel6hvm-amd  4 xen-install                fail REGR. vs. 6840
 test-amd64-i386-rhel6hvm-intel  4 xen-install              fail REGR. vs. 6840
 test-amd64-i386-win-vcpus1    4 xen-install                fail REGR. vs. 6840
 test-amd64-i386-win           4 xen-install                fail REGR. vs. 6840
 test-amd64-i386-xl-credit2    4 xen-install                fail REGR. vs. 6840
 test-amd64-i386-xl-multivcpu  4 xen-install                fail REGR. vs. 6840
 test-amd64-i386-xl-win-vcpus1  4 xen-install               fail REGR. vs. 6840
 test-amd64-i386-xl            4 xen-install                fail REGR. vs. 6840
 test-amd64-xcpkern-i386-pair  6 xen-install/dst_host       fail REGR. vs. 6840
 test-amd64-xcpkern-i386-pair  5 xen-install/src_host       fail REGR. vs. 6840
 test-amd64-xcpkern-i386-pv    4 xen-install                fail REGR. vs. 6840
 test-amd64-xcpkern-i386-rhel6hvm-amd  4 xen-install        fail REGR. vs. 6840
 test-amd64-xcpkern-i386-rhel6hvm-intel  4 xen-install      fail REGR. vs. 6840
 test-amd64-xcpkern-i386-win   4 xen-install                fail REGR. vs. 6840
 test-amd64-xcpkern-i386-xl-credit2  4 xen-install          fail REGR. vs. 6840
 test-amd64-xcpkern-i386-xl-multivcpu  4 xen-install        fail REGR. vs. 6840
 test-amd64-xcpkern-i386-xl-win  4 xen-install              fail REGR. vs. 6840
 test-amd64-xcpkern-i386-xl    4 xen-install                fail REGR. vs. 6840
Tests which did not succeed, but are not blocking,
including regressions (tests previously passed) regarded as allowable:
 test-amd64-amd64-win         16 leak-check/check             fail   never pass
 test-amd64-amd64-xl-win      13 guest-stop                   fail   never pass
 test-i386-i386-pair           1 xen-build-check(1)           blocked  n/a
 test-i386-i386-pv             1 xen-build-check(1)           blocked  n/a
 test-i386-i386-win            1 xen-build-check(1)           blocked  n/a
 test-i386-i386-xl-win         1 xen-build-check(1)           blocked  n/a
 test-i386-i386-xl             1 xen-build-check(1)           blocked  n/a
 test-i386-xcpkern-i386-pair   1 xen-build-check(1)           blocked  n/a
 test-i386-xcpkern-i386-pv     1 xen-build-check(1)           blocked  n/a
 test-i386-xcpkern-i386-win    1 xen-build-check(1)           blocked  n/a
 test-i386-xcpkern-i386-xl     1 xen-build-check(1)           blocked  n/a
version targeted for testing:
 xen                  77da97cbddcd
baseline version:
 xen                  b5165fb66b56
------------------------------------------------------------
People who touched revisions under test:
  Christoph Egger <Christoph.Egger@amd.com>
  Jan Beulich <jbeulich@novell.com>
  Keir Fraser <keir@xen.org>
------------------------------------------------------------
jobs:
 build-i386-xcpkern                                           pass     
 build-amd64                                                  pass     
 build-i386                                                   fail     
 build-amd64-oldkern                                          pass     
 build-i386-oldkern                                           fail     
 build-amd64-pvops                                            pass     
 build-i386-pvops                                             pass     
 test-amd64-amd64-xl                                          pass     
 test-amd64-i386-xl                                           fail     
 test-i386-i386-xl                                            blocked  
 test-amd64-xcpkern-i386-xl                                   fail     
 test-i386-xcpkern-i386-xl                                    blocked  
 test-amd64-i386-rhel6hvm-amd                                 fail     
 test-amd64-xcpkern-i386-rhel6hvm-amd                         fail     
 test-amd64-i386-xl-credit2                                   fail     
 test-amd64-xcpkern-i386-xl-credit2                           fail     
 test-amd64-i386-rhel6hvm-intel                               fail     
 test-amd64-xcpkern-i386-rhel6hvm-intel                       fail     
 test-amd64-i386-xl-multivcpu                                 fail     
 test-amd64-xcpkern-i386-xl-multivcpu                         fail     
 test-amd64-amd64-pair                                        pass     
 test-amd64-i386-pair                                         fail     
 test-i386-i386-pair                                          blocked  
 test-amd64-xcpkern-i386-pair                                 fail     
 test-i386-xcpkern-i386-pair                                  blocked  
 test-amd64-amd64-pv                                          pass     
 test-amd64-i386-pv                                           fail     
 test-i386-i386-pv                                            blocked  
 test-amd64-xcpkern-i386-pv                                   fail     
 test-i386-xcpkern-i386-pv                                    blocked  
 test-amd64-i386-win-vcpus1                                   fail     
 test-amd64-i386-xl-win-vcpus1                                fail     
 test-amd64-amd64-win                                         fail     
 test-amd64-i386-win                                          fail     
 test-i386-i386-win                                           blocked  
 test-amd64-xcpkern-i386-win                                  fail     
 test-i386-xcpkern-i386-win                                   blocked  
 test-amd64-amd64-xl-win                                      fail     
 test-i386-i386-xl-win                                        blocked  
 test-amd64-xcpkern-i386-xl-win                               fail     
------------------------------------------------------------
sg-report-flight on woking.cam.xci-test.com
logs: /home/xc_osstest/logs
images: /home/xc_osstest/images
Logs, config files, etc. are available at
    http://www.chiark.greenend.org.uk/~xensrcts/logs
Test harness code can be found at
    http://xenbits.xensource.com/gitweb?p=osstest.git;a=summary
Not pushing.
------------------------------------------------------------
changeset:   23229:77da97cbddcd
tag:         tip
user:        Keir Fraser <keir@xen.org>
date:        Fri Apr 15 10:07:42 2011 +0100
    
    nestedhvm: Allocate a separate host ASID for each L2 VCPU.
    
    This avoids TLB flushing on every L1/L2 transition.
    
    Signed-off-by: Keir Fraser <keir@xen.org>
    Signed-off-by: Christoph Egger <Christoph.Egger@amd.com>
    
    
changeset:   23228:1329d99b4f16
user:        Keir Fraser <keir@xen.org>
date:        Fri Apr 15 08:52:08 2011 +0100
    
    x86: don''t write_tsc() non-zero values on CPUs updating only the
lower 32 bits
    
    This means suppressing the uses in time_calibration_tsc_rendezvous(),
    cstate_restore_tsc(), and synchronize_tsc_slave(), and fixes a boot
    hang of Linux Dom0 when loading processor.ko on such systems that
    have support for C states above C1.
    
    Signed-off-by: Jan Beulich <jbeulich@novell.com>
    Signed-off-by: Keir Fraser <keir@xen.org>
    
    
changeset:   23227:b5165fb66b56
user:        Keir Fraser <keir@xen.org>
date:        Thu Apr 14 14:57:24 2011 +0100
    
    Tracing facility for nested virtualization
    
    Signed-off-by: Christoph Egger <Christoph.Egger@amd.com>
    Signed-off-by: Keir Fraser <keir@xen.org>
    
    
(qemu changes not included)
_______________________________________________
Xen-devel mailing list
Xen-devel@lists.xensource.com
http://lists.xensource.com/xen-devel