xen.org
2010-Oct-19 08:45 UTC
[Xen-devel] [xen-4.0-testing test] 2371: tolerable FAIL - PUSHED
flight 2371 xen-4.0-testing real
http://www.chiark.greenend.org.uk/~xensrcts/logs/2371/
Failures :-/ but no regressions.
tests which did not succeed:
test-amd64-amd64-pair 12 guest-migrate/src_host/dst_host fail never pass
test-amd64-amd64-pv 10 guest-saverestore.2 fail never pass
test-amd64-amd64-xl 10 guest-saverestore.2 fail never pass
test-amd64-i386-pair 12 guest-migrate/src_host/dst_host fail like 2369
test-amd64-i386-pv 10 guest-saverestore.2 fail never pass
test-amd64-i386-xl 10 guest-saverestore.2 fail never pass
test-amd64-xcpkern-i386-xl 12 guest-stop fail never pass
test-i386-i386-pair 12 guest-migrate/src_host/dst_host fail never pass
test-i386-i386-pv 10 guest-saverestore.2 fail never pass
test-i386-i386-xl 10 guest-saverestore.2 fail never pass
test-i386-xcpkern-i386-pair 12 guest-migrate/src_host/dst_host fail like 2369
test-i386-xcpkern-i386-xl 12 guest-stop fail never pass
version targeted for testing:
xen 5221fcc3df64
baseline version:
xen c32e9163328d
jobs:
build-i386-xcpkern pass
build-amd64 pass
build-i386 pass
build-amd64-oldkern pass
build-i386-oldkern pass
test-amd64-amd64-xl fail
test-amd64-i386-xl fail
test-i386-i386-xl fail
test-amd64-xcpkern-i386-xl fail
test-i386-xcpkern-i386-xl fail
test-amd64-amd64-pair fail
test-amd64-i386-pair fail
test-i386-i386-pair fail
test-amd64-xcpkern-i386-pair pass
test-i386-xcpkern-i386-pair fail
test-amd64-amd64-pv fail
test-amd64-i386-pv fail
test-i386-i386-pv fail
test-amd64-xcpkern-i386-pv pass
test-i386-xcpkern-i386-pv pass
test-amd64-amd64-win pass
test-amd64-i386-win pass
test-i386-i386-win pass
test-amd64-xcpkern-i386-win pass
test-i386-xcpkern-i386-win pass
-------------------------------------------------------------------------------
build-i386-xcpkern:
1 kernel-build pass
linux 110879:32fc6955a6a5
pq_linux 158:7305f634f98c
-------------------------------------------------------------------------------
build-amd64:
1 host-install(1) pass
2 host-build-prep pass
3 xen-build pass
linux 2472a9ccf02b04a36300
qemu 0a940d892e90c820567c
xen 21368:5221fcc3df64
-------------------------------------------------------------------------------
build-i386:
1 host-install(1) pass
2 host-build-prep pass
3 xen-build pass
linux 2472a9ccf02b04a36300
qemu 0a940d892e90c820567c
xen 21368:5221fcc3df64
-------------------------------------------------------------------------------
build-amd64-oldkern:
1 xen-build pass
linux 1043:7fcbbb8c8285
qemu 0a940d892e90c820567c
xen 21368:5221fcc3df64
-------------------------------------------------------------------------------
build-i386-oldkern:
1 xen-build pass
linux 1043:7fcbbb8c8285
qemu 0a940d892e90c820567c
xen 21368:5221fcc3df64
-------------------------------------------------------------------------------
test-amd64-amd64-xl:
1 xen-build-check(1) pass
2 host-install(2) pass
3 xen-install pass
4 xen-boot pass
5 debian-install pass
6 debian-fixup pass
7 guest-start pass
8 guest-saverestore pass
9 guest-localmigrate pass
10 guest-saverestore.2 fail
11 capture-logs(11) pass
-------------------------------------------------------------------------------
test-amd64-i386-xl:
1 xen-build-check(1) pass
2 host-install(2) pass
3 xen-install pass
4 xen-boot pass
5 debian-install pass
6 debian-fixup pass
7 guest-start pass
8 guest-saverestore pass
9 guest-localmigrate pass
10 guest-saverestore.2 fail
11 capture-logs(11) pass
-------------------------------------------------------------------------------
test-i386-i386-xl:
1 xen-build-check(1) pass
2 host-install(2) pass
3 xen-install pass
4 xen-boot pass
5 debian-install pass
6 debian-fixup pass
7 guest-start pass
8 guest-saverestore pass
9 guest-localmigrate pass
10 guest-saverestore.2 fail
11 capture-logs(11) pass
-------------------------------------------------------------------------------
test-amd64-xcpkern-i386-xl:
1 xen-build-check(1) pass
2 host-install(2) pass
3 xen-install pass
4 xen-boot pass
5 debian-install pass
6 debian-fixup pass
7 guest-start pass
8 guest-saverestore pass
9 guest-localmigrate pass
10 guest-saverestore.2 pass
11 guest-localmigrate.2 pass
12 guest-stop fail
13 capture-logs(13) pass
-------------------------------------------------------------------------------
test-i386-xcpkern-i386-xl:
1 xen-build-check(1) pass
2 host-install(2) pass
3 xen-install pass
4 xen-boot pass
5 debian-install pass
6 debian-fixup pass
7 guest-start pass
8 guest-saverestore pass
9 guest-localmigrate pass
10 guest-saverestore.2 pass
11 guest-localmigrate.2 pass
12 guest-stop fail
13 capture-logs(13) pass
-------------------------------------------------------------------------------
test-amd64-amd64-pair:
1 xen-build-check(1) pass
2 host-install/src_host(2) pass
3 host-install/dst_host(3) pass
4 xen-install/src_host pass
5 xen-install/dst_host pass
6 xen-boot/src_host pass
7 xen-boot/dst_host pass
8 debian-install/dst_host pass
9 debian-fixup/dst_host pass
10 guests-nbd-mirror pass
11 guest-start pass
12 guest-migrate/src_host/dst_host fail
13 capture-logs/src_host(13) pass
14 capture-logs/dst_host(14) pass
-------------------------------------------------------------------------------
test-amd64-i386-pair:
1 xen-build-check(1) pass
2 host-install/src_host(2) pass
3 host-install/dst_host(3) pass
4 xen-install/src_host pass
5 xen-install/dst_host pass
6 xen-boot/src_host pass
7 xen-boot/dst_host pass
8 debian-install/dst_host pass
9 debian-fixup/dst_host pass
10 guests-nbd-mirror pass
11 guest-start pass
12 guest-migrate/src_host/dst_host fail
13 capture-logs/src_host(13) pass
14 capture-logs/dst_host(14) pass
-------------------------------------------------------------------------------
test-i386-i386-pair:
1 xen-build-check(1) pass
2 host-install/src_host(2) pass
3 host-install/dst_host(3) pass
4 xen-install/src_host pass
5 xen-install/dst_host pass
6 xen-boot/src_host pass
7 xen-boot/dst_host pass
8 debian-install/dst_host pass
9 debian-fixup/dst_host pass
10 guests-nbd-mirror pass
11 guest-start pass
12 guest-migrate/src_host/dst_host fail
13 capture-logs/src_host(13) pass
14 capture-logs/dst_host(14) pass
-------------------------------------------------------------------------------
test-amd64-xcpkern-i386-pair:
1 xen-build-check(1) pass
2 host-install/src_host(2) pass
3 host-install/dst_host(3) pass
4 xen-install/src_host pass
5 xen-install/dst_host pass
6 xen-boot/src_host pass
7 xen-boot/dst_host pass
8 debian-install/dst_host pass
9 debian-fixup/dst_host pass
10 guests-nbd-mirror pass
11 guest-start pass
12 guest-migrate/src_host/dst_host pass
13 guest-migrate/dst_host/src_host pass
14 capture-logs/src_host(14) pass
15 capture-logs/dst_host(15) pass
-------------------------------------------------------------------------------
test-i386-xcpkern-i386-pair:
1 xen-build-check(1) pass
2 host-install/src_host(2) pass
3 host-install/dst_host(3) pass
4 xen-install/src_host pass
5 xen-install/dst_host pass
6 xen-boot/src_host pass
7 xen-boot/dst_host pass
8 debian-install/dst_host pass
9 debian-fixup/dst_host pass
10 guests-nbd-mirror pass
11 guest-start pass
12 guest-migrate/src_host/dst_host fail
13 capture-logs/src_host(13) pass
14 capture-logs/dst_host(14) pass
-------------------------------------------------------------------------------
test-amd64-amd64-pv:
1 xen-build-check(1) pass
2 host-install(2) pass
3 xen-install pass
4 xen-boot pass
5 debian-install pass
6 debian-fixup pass
7 guest-start pass
8 guest-saverestore pass
9 guest-localmigrate pass
10 guest-saverestore.2 fail
11 capture-logs(11) pass
-------------------------------------------------------------------------------
test-amd64-i386-pv:
1 xen-build-check(1) pass
2 host-install(2) pass
3 xen-install pass
4 xen-boot pass
5 debian-install pass
6 debian-fixup pass
7 guest-start pass
8 guest-saverestore pass
9 guest-localmigrate pass
10 guest-saverestore.2 fail
11 capture-logs(11) pass
-------------------------------------------------------------------------------
test-i386-i386-pv:
1 xen-build-check(1) pass
2 host-install(2) pass
3 xen-install pass
4 xen-boot pass
5 debian-install pass
6 debian-fixup pass
7 guest-start pass
8 guest-saverestore pass
9 guest-localmigrate pass
10 guest-saverestore.2 fail
11 capture-logs(11) pass
-------------------------------------------------------------------------------
test-amd64-xcpkern-i386-pv:
1 xen-build-check(1) pass
2 host-install(2) pass
3 xen-install pass
4 xen-boot pass
5 debian-install pass
6 debian-fixup pass
7 guest-start pass
8 guest-saverestore pass
9 guest-localmigrate pass
10 guest-saverestore.2 pass
11 guest-localmigrate.2 pass
12 guest-stop pass
13 capture-logs(13) pass
-------------------------------------------------------------------------------
test-i386-xcpkern-i386-pv:
1 xen-build-check(1) pass
2 host-install(2) pass
3 xen-install pass
4 xen-boot pass
5 debian-install pass
6 debian-fixup pass
7 guest-start pass
8 guest-saverestore pass
9 guest-localmigrate pass
10 guest-saverestore.2 pass
11 guest-localmigrate.2 pass
12 guest-stop pass
13 capture-logs(13) pass
-------------------------------------------------------------------------------
test-amd64-amd64-win:
1 xen-build-check(1) pass
2 host-install(2) pass
3 xen-install pass
4 xen-boot pass
5 windows-install pass
6 guest-saverestore pass
7 guest-localmigrate pass
8 guest-saverestore.2 pass
9 guest-localmigrate.2 pass
10 guest-stop pass
11 capture-logs(11) pass
-------------------------------------------------------------------------------
test-amd64-i386-win:
1 xen-build-check(1) pass
2 host-install(2) pass
3 xen-install pass
4 xen-boot pass
5 windows-install pass
6 guest-saverestore pass
7 guest-localmigrate pass
8 guest-saverestore.2 pass
9 guest-localmigrate.2 pass
10 guest-stop pass
11 capture-logs(11) pass
-------------------------------------------------------------------------------
test-i386-i386-win:
1 xen-build-check(1) pass
2 host-install(2) pass
3 xen-install pass
4 xen-boot pass
5 windows-install pass
6 guest-saverestore pass
7 guest-localmigrate pass
8 guest-saverestore.2 pass
9 guest-localmigrate.2 pass
10 guest-stop pass
11 capture-logs(11) pass
-------------------------------------------------------------------------------
test-amd64-xcpkern-i386-win:
1 xen-build-check(1) pass
2 host-install(2) pass
3 xen-install pass
4 xen-boot pass
5 windows-install pass
6 guest-saverestore pass
7 guest-localmigrate pass
8 guest-saverestore.2 pass
9 guest-localmigrate.2 pass
10 guest-stop pass
11 capture-logs(11) pass
-------------------------------------------------------------------------------
test-i386-xcpkern-i386-win:
1 xen-build-check(1) pass
2 host-install(2) pass
3 xen-install pass
4 xen-boot pass
5 windows-install pass
6 guest-saverestore pass
7 guest-localmigrate pass
8 guest-saverestore.2 pass
9 guest-localmigrate.2 pass
10 guest-stop pass
11 capture-logs(11) pass
------------------------------------------------------------
sg-report-flight on woking.cam.xci-test.com
logs: /home/xc_osstest/logs
images: /home/xc_osstest/images
Logs, config files, etc. are available at
http://www.chiark.greenend.org.uk/~xensrcts/logs
Test harness code can be found at
http://xenbits.xensource.com/gitweb?p=osstest.git;a=summary
Pushing revision :
+ branch=xen-4.0-testing
+ revision=5221fcc3df64
+ : xen@xenbits.xensource.com
+ : xen@xenbits.xensource.com:git/linux-pvops
+ : master
+ case "$branch" in
+ cd repos/xen-4.0-testing.hg
+ hg push -r 5221fcc3df64 ssh://xen@xenbits.xensource.com/HG/xen-4.0-testing.hg
pushing to ssh://xen@xenbits.xensource.com/HG/xen-4.0-testing.hg
searching for changes
remote: adding changesets
remote: adding manifests
remote: adding file changes
remote: added 1 changesets with 1 changes to 1 files
_______________________________________________
Xen-devel mailing list
Xen-devel@lists.xensource.com
http://lists.xensource.com/xen-devel
Pasi Kärkkäinen
2010-Oct-19 10:17 UTC
Re: [Xen-devel] [xen-4.0-testing test] 2371: tolerable FAIL - PUSHED, saverestore failures
On Tue, Oct 19, 2010 at 09:45:17AM +0100, xen.org wrote:> flight 2371 xen-4.0-testing real > http://www.chiark.greenend.org.uk/~xensrcts/logs/2371/ > > Failures :-/ but no regressions. > > tests which did not succeed: > test-amd64-amd64-pair 12 guest-migrate/src_host/dst_host fail never pass > test-amd64-amd64-pv 10 guest-saverestore.2 fail never pass > test-amd64-amd64-xl 10 guest-saverestore.2 fail never pass > test-amd64-i386-pair 12 guest-migrate/src_host/dst_host fail like 2369 > test-amd64-i386-pv 10 guest-saverestore.2 fail never pass > test-amd64-i386-xl 10 guest-saverestore.2 fail never pass > test-amd64-xcpkern-i386-xl 12 guest-stop fail never pass > test-i386-i386-pair 12 guest-migrate/src_host/dst_host fail never pass > test-i386-i386-pv 10 guest-saverestore.2 fail never pass > test-i386-i386-xl 10 guest-saverestore.2 fail never pass > test-i386-xcpkern-i386-pair 12 guest-migrate/src_host/dst_host fail like 2369 > test-i386-xcpkern-i386-xl 12 guest-stop fail never pass >Did someone figure out what''s causing these saverestore failures? For example: http://www.chiark.greenend.org.uk/~xensrcts/logs/2371/test-amd64-amd64-pair/12.ts-guest-migrate.log "guest debian.guest.osstest 5a:36:0e:43:00:10 22 link/ip/tcp: wait timed out: statedb::ips.state=0." So the test-system couldn''t connect to the guest? -- Pasi> version targeted for testing: > xen 5221fcc3df64 > baseline version: > xen c32e9163328d > > jobs: > build-i386-xcpkern pass > build-amd64 pass > build-i386 pass > build-amd64-oldkern pass > build-i386-oldkern pass > test-amd64-amd64-xl fail > test-amd64-i386-xl fail > test-i386-i386-xl fail > test-amd64-xcpkern-i386-xl fail > test-i386-xcpkern-i386-xl fail > test-amd64-amd64-pair fail > test-amd64-i386-pair fail > test-i386-i386-pair fail > test-amd64-xcpkern-i386-pair pass > test-i386-xcpkern-i386-pair fail > test-amd64-amd64-pv fail > test-amd64-i386-pv fail > test-i386-i386-pv fail > test-amd64-xcpkern-i386-pv pass > test-i386-xcpkern-i386-pv pass > test-amd64-amd64-win pass > test-amd64-i386-win pass > test-i386-i386-win pass > test-amd64-xcpkern-i386-win pass > test-i386-xcpkern-i386-win pass > > ------------------------------------------------------------------------------- > build-i386-xcpkern: > 1 kernel-build pass > linux 110879:32fc6955a6a5 > pq_linux 158:7305f634f98c > ------------------------------------------------------------------------------- > build-amd64: > 1 host-install(1) pass > 2 host-build-prep pass > 3 xen-build pass > linux 2472a9ccf02b04a36300 > qemu 0a940d892e90c820567c > xen 21368:5221fcc3df64 > ------------------------------------------------------------------------------- > build-i386: > 1 host-install(1) pass > 2 host-build-prep pass > 3 xen-build pass > linux 2472a9ccf02b04a36300 > qemu 0a940d892e90c820567c > xen 21368:5221fcc3df64 > ------------------------------------------------------------------------------- > build-amd64-oldkern: > 1 xen-build pass > linux 1043:7fcbbb8c8285 > qemu 0a940d892e90c820567c > xen 21368:5221fcc3df64 > ------------------------------------------------------------------------------- > build-i386-oldkern: > 1 xen-build pass > linux 1043:7fcbbb8c8285 > qemu 0a940d892e90c820567c > xen 21368:5221fcc3df64 > ------------------------------------------------------------------------------- > test-amd64-amd64-xl: > 1 xen-build-check(1) pass > 2 host-install(2) pass > 3 xen-install pass > 4 xen-boot pass > 5 debian-install pass > 6 debian-fixup pass > 7 guest-start pass > 8 guest-saverestore pass > 9 guest-localmigrate pass > 10 guest-saverestore.2 fail > 11 capture-logs(11) pass > ------------------------------------------------------------------------------- > test-amd64-i386-xl: > 1 xen-build-check(1) pass > 2 host-install(2) pass > 3 xen-install pass > 4 xen-boot pass > 5 debian-install pass > 6 debian-fixup pass > 7 guest-start pass > 8 guest-saverestore pass > 9 guest-localmigrate pass > 10 guest-saverestore.2 fail > 11 capture-logs(11) pass > ------------------------------------------------------------------------------- > test-i386-i386-xl: > 1 xen-build-check(1) pass > 2 host-install(2) pass > 3 xen-install pass > 4 xen-boot pass > 5 debian-install pass > 6 debian-fixup pass > 7 guest-start pass > 8 guest-saverestore pass > 9 guest-localmigrate pass > 10 guest-saverestore.2 fail > 11 capture-logs(11) pass > ------------------------------------------------------------------------------- > test-amd64-xcpkern-i386-xl: > 1 xen-build-check(1) pass > 2 host-install(2) pass > 3 xen-install pass > 4 xen-boot pass > 5 debian-install pass > 6 debian-fixup pass > 7 guest-start pass > 8 guest-saverestore pass > 9 guest-localmigrate pass > 10 guest-saverestore.2 pass > 11 guest-localmigrate.2 pass > 12 guest-stop fail > 13 capture-logs(13) pass > ------------------------------------------------------------------------------- > test-i386-xcpkern-i386-xl: > 1 xen-build-check(1) pass > 2 host-install(2) pass > 3 xen-install pass > 4 xen-boot pass > 5 debian-install pass > 6 debian-fixup pass > 7 guest-start pass > 8 guest-saverestore pass > 9 guest-localmigrate pass > 10 guest-saverestore.2 pass > 11 guest-localmigrate.2 pass > 12 guest-stop fail > 13 capture-logs(13) pass > ------------------------------------------------------------------------------- > test-amd64-amd64-pair: > 1 xen-build-check(1) pass > 2 host-install/src_host(2) pass > 3 host-install/dst_host(3) pass > 4 xen-install/src_host pass > 5 xen-install/dst_host pass > 6 xen-boot/src_host pass > 7 xen-boot/dst_host pass > 8 debian-install/dst_host pass > 9 debian-fixup/dst_host pass > 10 guests-nbd-mirror pass > 11 guest-start pass > 12 guest-migrate/src_host/dst_host fail > 13 capture-logs/src_host(13) pass > 14 capture-logs/dst_host(14) pass > ------------------------------------------------------------------------------- > test-amd64-i386-pair: > 1 xen-build-check(1) pass > 2 host-install/src_host(2) pass > 3 host-install/dst_host(3) pass > 4 xen-install/src_host pass > 5 xen-install/dst_host pass > 6 xen-boot/src_host pass > 7 xen-boot/dst_host pass > 8 debian-install/dst_host pass > 9 debian-fixup/dst_host pass > 10 guests-nbd-mirror pass > 11 guest-start pass > 12 guest-migrate/src_host/dst_host fail > 13 capture-logs/src_host(13) pass > 14 capture-logs/dst_host(14) pass > ------------------------------------------------------------------------------- > test-i386-i386-pair: > 1 xen-build-check(1) pass > 2 host-install/src_host(2) pass > 3 host-install/dst_host(3) pass > 4 xen-install/src_host pass > 5 xen-install/dst_host pass > 6 xen-boot/src_host pass > 7 xen-boot/dst_host pass > 8 debian-install/dst_host pass > 9 debian-fixup/dst_host pass > 10 guests-nbd-mirror pass > 11 guest-start pass > 12 guest-migrate/src_host/dst_host fail > 13 capture-logs/src_host(13) pass > 14 capture-logs/dst_host(14) pass > ------------------------------------------------------------------------------- > test-amd64-xcpkern-i386-pair: > 1 xen-build-check(1) pass > 2 host-install/src_host(2) pass > 3 host-install/dst_host(3) pass > 4 xen-install/src_host pass > 5 xen-install/dst_host pass > 6 xen-boot/src_host pass > 7 xen-boot/dst_host pass > 8 debian-install/dst_host pass > 9 debian-fixup/dst_host pass > 10 guests-nbd-mirror pass > 11 guest-start pass > 12 guest-migrate/src_host/dst_host pass > 13 guest-migrate/dst_host/src_host pass > 14 capture-logs/src_host(14) pass > 15 capture-logs/dst_host(15) pass > ------------------------------------------------------------------------------- > test-i386-xcpkern-i386-pair: > 1 xen-build-check(1) pass > 2 host-install/src_host(2) pass > 3 host-install/dst_host(3) pass > 4 xen-install/src_host pass > 5 xen-install/dst_host pass > 6 xen-boot/src_host pass > 7 xen-boot/dst_host pass > 8 debian-install/dst_host pass > 9 debian-fixup/dst_host pass > 10 guests-nbd-mirror pass > 11 guest-start pass > 12 guest-migrate/src_host/dst_host fail > 13 capture-logs/src_host(13) pass > 14 capture-logs/dst_host(14) pass > ------------------------------------------------------------------------------- > test-amd64-amd64-pv: > 1 xen-build-check(1) pass > 2 host-install(2) pass > 3 xen-install pass > 4 xen-boot pass > 5 debian-install pass > 6 debian-fixup pass > 7 guest-start pass > 8 guest-saverestore pass > 9 guest-localmigrate pass > 10 guest-saverestore.2 fail > 11 capture-logs(11) pass > ------------------------------------------------------------------------------- > test-amd64-i386-pv: > 1 xen-build-check(1) pass > 2 host-install(2) pass > 3 xen-install pass > 4 xen-boot pass > 5 debian-install pass > 6 debian-fixup pass > 7 guest-start pass > 8 guest-saverestore pass > 9 guest-localmigrate pass > 10 guest-saverestore.2 fail > 11 capture-logs(11) pass > ------------------------------------------------------------------------------- > test-i386-i386-pv: > 1 xen-build-check(1) pass > 2 host-install(2) pass > 3 xen-install pass > 4 xen-boot pass > 5 debian-install pass > 6 debian-fixup pass > 7 guest-start pass > 8 guest-saverestore pass > 9 guest-localmigrate pass > 10 guest-saverestore.2 fail > 11 capture-logs(11) pass > ------------------------------------------------------------------------------- > test-amd64-xcpkern-i386-pv: > 1 xen-build-check(1) pass > 2 host-install(2) pass > 3 xen-install pass > 4 xen-boot pass > 5 debian-install pass > 6 debian-fixup pass > 7 guest-start pass > 8 guest-saverestore pass > 9 guest-localmigrate pass > 10 guest-saverestore.2 pass > 11 guest-localmigrate.2 pass > 12 guest-stop pass > 13 capture-logs(13) pass > ------------------------------------------------------------------------------- > test-i386-xcpkern-i386-pv: > 1 xen-build-check(1) pass > 2 host-install(2) pass > 3 xen-install pass > 4 xen-boot pass > 5 debian-install pass > 6 debian-fixup pass > 7 guest-start pass > 8 guest-saverestore pass > 9 guest-localmigrate pass > 10 guest-saverestore.2 pass > 11 guest-localmigrate.2 pass > 12 guest-stop pass > 13 capture-logs(13) pass > ------------------------------------------------------------------------------- > test-amd64-amd64-win: > 1 xen-build-check(1) pass > 2 host-install(2) pass > 3 xen-install pass > 4 xen-boot pass > 5 windows-install pass > 6 guest-saverestore pass > 7 guest-localmigrate pass > 8 guest-saverestore.2 pass > 9 guest-localmigrate.2 pass > 10 guest-stop pass > 11 capture-logs(11) pass > ------------------------------------------------------------------------------- > test-amd64-i386-win: > 1 xen-build-check(1) pass > 2 host-install(2) pass > 3 xen-install pass > 4 xen-boot pass > 5 windows-install pass > 6 guest-saverestore pass > 7 guest-localmigrate pass > 8 guest-saverestore.2 pass > 9 guest-localmigrate.2 pass > 10 guest-stop pass > 11 capture-logs(11) pass > ------------------------------------------------------------------------------- > test-i386-i386-win: > 1 xen-build-check(1) pass > 2 host-install(2) pass > 3 xen-install pass > 4 xen-boot pass > 5 windows-install pass > 6 guest-saverestore pass > 7 guest-localmigrate pass > 8 guest-saverestore.2 pass > 9 guest-localmigrate.2 pass > 10 guest-stop pass > 11 capture-logs(11) pass > ------------------------------------------------------------------------------- > test-amd64-xcpkern-i386-win: > 1 xen-build-check(1) pass > 2 host-install(2) pass > 3 xen-install pass > 4 xen-boot pass > 5 windows-install pass > 6 guest-saverestore pass > 7 guest-localmigrate pass > 8 guest-saverestore.2 pass > 9 guest-localmigrate.2 pass > 10 guest-stop pass > 11 capture-logs(11) pass > ------------------------------------------------------------------------------- > test-i386-xcpkern-i386-win: > 1 xen-build-check(1) pass > 2 host-install(2) pass > 3 xen-install pass > 4 xen-boot pass > 5 windows-install pass > 6 guest-saverestore pass > 7 guest-localmigrate pass > 8 guest-saverestore.2 pass > 9 guest-localmigrate.2 pass > 10 guest-stop pass > 11 capture-logs(11) pass > > ------------------------------------------------------------ > sg-report-flight on woking.cam.xci-test.com > logs: /home/xc_osstest/logs > images: /home/xc_osstest/images > > Logs, config files, etc. are available at > http://www.chiark.greenend.org.uk/~xensrcts/logs > > Test harness code can be found at > http://xenbits.xensource.com/gitweb?p=osstest.git;a=summary > > > Pushing revision : > > + branch=xen-4.0-testing > + revision=5221fcc3df64 > + : xen@xenbits.xensource.com > + : xen@xenbits.xensource.com:git/linux-pvops > + : master > + case "$branch" in > + cd repos/xen-4.0-testing.hg > + hg push -r 5221fcc3df64 ssh://xen@xenbits.xensource.com/HG/xen-4.0-testing.hg > pushing to ssh://xen@xenbits.xensource.com/HG/xen-4.0-testing.hg > searching for changes > remote: adding changesets > remote: adding manifests > remote: adding file changes > remote: added 1 changesets with 1 changes to 1 files > > _______________________________________________ > Xen-devel mailing list > Xen-devel@lists.xensource.com > http://lists.xensource.com/xen-devel_______________________________________________ Xen-devel mailing list Xen-devel@lists.xensource.com http://lists.xensource.com/xen-devel
Ian Campbell
2010-Oct-19 10:22 UTC
Re: [Xen-devel] [xen-4.0-testing test] 2371: tolerable FAIL - PUSHED, saverestore failures
On Tue, 2010-10-19 at 11:17 +0100, Pasi Kärkkäinen wrote:> On Tue, Oct 19, 2010 at 09:45:17AM +0100, xen.org wrote: > > flight 2371 xen-4.0-testing real > > http://www.chiark.greenend.org.uk/~xensrcts/logs/2371/ > > > > Failures :-/ but no regressions. > > > > tests which did not succeed: > > test-amd64-amd64-pair 12 guest-migrate/src_host/dst_host fail never pass > > test-amd64-amd64-pv 10 guest-saverestore.2 fail never pass > > test-amd64-amd64-xl 10 guest-saverestore.2 fail never pass > > test-amd64-i386-pair 12 guest-migrate/src_host/dst_host fail like 2369 > > test-amd64-i386-pv 10 guest-saverestore.2 fail never pass > > test-amd64-i386-xl 10 guest-saverestore.2 fail never pass > > test-amd64-xcpkern-i386-xl 12 guest-stop fail never pass > > test-i386-i386-pair 12 guest-migrate/src_host/dst_host fail never pass > > test-i386-i386-pv 10 guest-saverestore.2 fail never pass > > test-i386-i386-xl 10 guest-saverestore.2 fail never pass > > test-i386-xcpkern-i386-pair 12 guest-migrate/src_host/dst_host fail like 2369 > > test-i386-xcpkern-i386-xl 12 guest-stop fail never pass > > > > Did someone figure out what''s causing these saverestore failures?#I think so, see the thread "xen: correctly rebuild mfn list list after migration." starting with Message-id: <1286878488-9027-1-git-send-email-ian.campbell@citrix.com> Ian. _______________________________________________ Xen-devel mailing list Xen-devel@lists.xensource.com http://lists.xensource.com/xen-devel
Ian Campbell
2010-Oct-19 10:23 UTC
Re: [Xen-devel] [xen-4.0-testing test] 2371: tolerable FAIL - PUSHED, saverestore failures
On Tue, 2010-10-19 at 11:22 +0100, Ian Campbell wrote:> On Tue, 2010-10-19 at 11:17 +0100, Pasi Kärkkäinen wrote: > > On Tue, Oct 19, 2010 at 09:45:17AM +0100, xen.org wrote: > > > flight 2371 xen-4.0-testing real > > > http://www.chiark.greenend.org.uk/~xensrcts/logs/2371/ > > > > > > Failures :-/ but no regressions. > > > > > > tests which did not succeed: > > > test-amd64-amd64-pair 12 guest-migrate/src_host/dst_host fail never pass > > > test-amd64-amd64-pv 10 guest-saverestore.2 fail never pass > > > test-amd64-amd64-xl 10 guest-saverestore.2 fail never pass > > > test-amd64-i386-pair 12 guest-migrate/src_host/dst_host fail like 2369 > > > test-amd64-i386-pv 10 guest-saverestore.2 fail never pass > > > test-amd64-i386-xl 10 guest-saverestore.2 fail never pass > > > test-amd64-xcpkern-i386-xl 12 guest-stop fail never pass > > > test-i386-i386-pair 12 guest-migrate/src_host/dst_host fail never pass > > > test-i386-i386-pv 10 guest-saverestore.2 fail never pass > > > test-i386-i386-xl 10 guest-saverestore.2 fail never pass > > > test-i386-xcpkern-i386-pair 12 guest-migrate/src_host/dst_host fail like 2369 > > > test-i386-xcpkern-i386-xl 12 guest-stop fail never pass > > > > > > > Did someone figure out what''s causing these saverestore failures?# > > I think so, see the thread "xen: correctly rebuild mfn list list after > migration." starting with Message-id: > <1286878488-9027-1-git-send-email-ian.campbell@citrix.com>Actually, that patch is more to do with the guest-saverestore.2 failures. I''ll likely get onto the migration failures next, assuming it''s not the same issue. Ian. _______________________________________________ Xen-devel mailing list Xen-devel@lists.xensource.com http://lists.xensource.com/xen-devel
Ian Jackson
2010-Oct-19 10:56 UTC
Re: [Xen-devel] [xen-4.0-testing test] 2371: tolerable FAIL - PUSHED, saverestore failures
Ian Campbell writes ("Re: [Xen-devel] [xen-4.0-testing test] 2371:
tolerable FAIL - PUSHED, saverestore failures"):> Actually, that patch is more to do with the guest-saverestore.2
> failures. I''ll likely get onto the migration failures next,
assuming
> it''s not the same issue.
I think we discussed the migration failures before. My memory is
vague but I remember a conversation about missing gratuitous arps.
However looking at the logs the guest kernel oopses, immediately on
arrival at the destination.
I think this is necessarily the same problem as the
second-save-restore crash, since this is the first attempt to migrate
or save/restore this guest.
Ian.
[ 42.254308] BUG: unable to handle kernel paging request at b72050a0
[ 42.254308] IP: [<c102bc76>] xen_build_mfn_list_list+0x12f/0x14b
[ 42.254308] *pdpt = 000000001fcbd007 *pde = 0000000000000000
[ 42.254308] Oops: 0002 [#1] SMP
[ 42.254308] last sysfs file: /sys/kernel/uevent_seqnum
[ 42.254308] Modules linked in: [last unloaded: scsi_wait_scan]
[ 42.254308]
[ 42.254308] Pid: 1504, comm: kstop/0 Not tainted (2.6.32.24 #1)
[ 42.254308] EIP: 0061:[<c102bc76>] EFLAGS: 00010002 CPU: 0
[ 42.254308] EIP is at xen_build_mfn_list_list+0x12f/0x14b
[ 42.254308] EAX: 0012d3e5 EBX: 15555000 ECX: 0012d3e5 EDX: 00000000
[ 42.254308] ESI: c18fc000 EDI: 00000000 EBP: dfccdf38 ESP: dfccdf24
[ 42.254308] DS: 007b ES: 007b FS: 00d8 GS: 0000 SS: 0069
[ 42.254308] Process kstop/0 (pid: 1504, ti=dfccc000 task=dfc5d440
task.ti=dfccc000)
[ 42.254308] Stack:
[ 42.254308] 00000000 00000000 00000000 00000003 dfccdfac dfccdf44 c102dccc
00000002
[ 42.254308] <0> dfccdf60 c12258c1 dfc53f80 00000000 c18b3438 00000003
dfccdfac dfccdf70
[ 42.254308] <0> c109b456 c2644900 c26448e8 dfccdfb8 c10761c5 00000009
dfc5d73c dfc5d440
[ 42.254308] Call Trace:
[ 42.254308] [<c102dccc>] ? xen_post_suspend+0xb/0x7c
[ 42.254308] [<c12258c1>] ? xen_suspend+0x9b/0xcc
[ 42.254308] [<c109b456>] ? stop_cpu+0x7d/0xc9
[ 42.254308] [<c10761c5>] ? worker_thread+0x15b/0x1f8
[ 42.254308] [<c109b3d9>] ? stop_cpu+0x0/0xc9
[ 42.254308] [<c1079313>] ? autoremove_wake_function+0x0/0x33
[ 42.254308] [<c107606a>] ? worker_thread+0x0/0x1f8
[ 42.254308] [<c10790cb>] ? kthread+0x61/0x66
[ 42.254308] [<c107906a>] ? kthread+0x0/0x66
[ 42.254308] [<c1030c97>] ? kernel_thread_helper+0x7/0x10
[ 42.254308] Code: 83 00 00 00 40 c1 e8 0c e8 cd f2 ff ff 8b 15 78 04 85 c1 8b
4d f0 89 04 8a 8b 06 05 00 00 00 40 c1 e8 0c e8 b2 f2 ff ff
8b 55 ec <89> 04 93 81 c7 00 04 00 00 3b 3d b0 0d 7c c1 0f 82 29 ff ff ff
[ 42.254308] EIP: [<c102bc76>] xen_build_mfn_list_list+0x12f/0x14b
SS:ESP 0069:dfccdf24
[ 42.254308] CR2: 00000000b72050a0
[ 42.254308] ---[ end trace fd36af022f682e6b ]---
[ 42.254308] ------------[ cut here ]------------
_______________________________________________
Xen-devel mailing list
Xen-devel@lists.xensource.com
http://lists.xensource.com/xen-devel
Ian Campbell
2010-Oct-20 08:00 UTC
Re: [Xen-devel] [xen-4.0-testing test] 2371: tolerable FAIL - PUSHED, saverestore failures
On Tue, 2010-10-19 at 11:56 +0100, Ian Jackson wrote:> Ian Campbell writes ("Re: [Xen-devel] [xen-4.0-testing test] 2371: tolerable FAIL - PUSHED, saverestore failures"): > > Actually, that patch is more to do with the guest-saverestore.2 > > failures. I''ll likely get onto the migration failures next, assuming > > it''s not the same issue. > > I think we discussed the migration failures before. My memory is > vague but I remember a conversation about missing gratuitous arps.Oh yes, I remember now. I think we determined this was not an issue in your test infrastructure due to some daemon which does regular ARP requests.> However looking at the logs the guest kernel oopses, immediately on > arrival at the destination. > > I think this is necessarily the same problem as the > second-save-restore crash, since this is the first attempt to migrate > or save/restore this guest.Yes judging from the stack trace it''s certainly very much related, if not precisely the same. Ian.> > Ian. > > [ 42.254308] BUG: unable to handle kernel paging request at b72050a0 > [ 42.254308] IP: [<c102bc76>] xen_build_mfn_list_list+0x12f/0x14b > [ 42.254308] *pdpt = 000000001fcbd007 *pde = 0000000000000000 > [ 42.254308] Oops: 0002 [#1] SMP > [ 42.254308] last sysfs file: /sys/kernel/uevent_seqnum > [ 42.254308] Modules linked in: [last unloaded: scsi_wait_scan] > [ 42.254308] > [ 42.254308] Pid: 1504, comm: kstop/0 Not tainted (2.6.32.24 #1) > [ 42.254308] EIP: 0061:[<c102bc76>] EFLAGS: 00010002 CPU: 0 > [ 42.254308] EIP is at xen_build_mfn_list_list+0x12f/0x14b > [ 42.254308] EAX: 0012d3e5 EBX: 15555000 ECX: 0012d3e5 EDX: 00000000 > [ 42.254308] ESI: c18fc000 EDI: 00000000 EBP: dfccdf38 ESP: dfccdf24 > [ 42.254308] DS: 007b ES: 007b FS: 00d8 GS: 0000 SS: 0069 > [ 42.254308] Process kstop/0 (pid: 1504, ti=dfccc000 task=dfc5d440 task.ti=dfccc000) > [ 42.254308] Stack: > [ 42.254308] 00000000 00000000 00000000 00000003 dfccdfac dfccdf44 c102dccc 00000002 > [ 42.254308] <0> dfccdf60 c12258c1 dfc53f80 00000000 c18b3438 00000003 dfccdfac dfccdf70 > [ 42.254308] <0> c109b456 c2644900 c26448e8 dfccdfb8 c10761c5 00000009 dfc5d73c dfc5d440 > [ 42.254308] Call Trace: > [ 42.254308] [<c102dccc>] ? xen_post_suspend+0xb/0x7c > [ 42.254308] [<c12258c1>] ? xen_suspend+0x9b/0xcc > [ 42.254308] [<c109b456>] ? stop_cpu+0x7d/0xc9 > [ 42.254308] [<c10761c5>] ? worker_thread+0x15b/0x1f8 > [ 42.254308] [<c109b3d9>] ? stop_cpu+0x0/0xc9 > [ 42.254308] [<c1079313>] ? autoremove_wake_function+0x0/0x33 > [ 42.254308] [<c107606a>] ? worker_thread+0x0/0x1f8 > [ 42.254308] [<c10790cb>] ? kthread+0x61/0x66 > [ 42.254308] [<c107906a>] ? kthread+0x0/0x66 > [ 42.254308] [<c1030c97>] ? kernel_thread_helper+0x7/0x10 > [ 42.254308] Code: 83 00 00 00 40 c1 e8 0c e8 cd f2 ff ff 8b 15 78 04 85 c1 8b 4d f0 89 04 8a 8b 06 05 00 00 00 40 c1 e8 0c e8 b2 f2 ff ff > 8b 55 ec <89> 04 93 81 c7 00 04 00 00 3b 3d b0 0d 7c c1 0f 82 29 ff ff ff > [ 42.254308] EIP: [<c102bc76>] xen_build_mfn_list_list+0x12f/0x14b SS:ESP 0069:dfccdf24 > [ 42.254308] CR2: 00000000b72050a0 > [ 42.254308] ---[ end trace fd36af022f682e6b ]--- > [ 42.254308] ------------[ cut here ]------------_______________________________________________ Xen-devel mailing list Xen-devel@lists.xensource.com http://lists.xensource.com/xen-devel