flight 2345 xen-unstable real
http://www.chiark.greenend.org.uk/~xensrcts/logs/2345/
Regressions :-(
tests which did not succeed:
build-amd64-oldkern 1 xen-build fail REGR. vs. 2132
build-amd64 3 xen-build fail REGR. vs. 2132
build-i386-oldkern 1 xen-build fail REGR. vs. 2132
build-i386 3 xen-build fail REGR. vs. 2132
test-amd64-amd64-pair 1 xen-build-check(1) blocked n/a
test-amd64-amd64-pv 1 xen-build-check(1) blocked n/a
test-amd64-amd64-win 1 xen-build-check(1) blocked n/a
test-amd64-amd64-xl 1 xen-build-check(1) blocked n/a
test-amd64-i386-pair 1 xen-build-check(1) blocked n/a
test-amd64-i386-pv 1 xen-build-check(1) blocked n/a
test-amd64-i386-win 1 xen-build-check(1) blocked n/a
test-amd64-i386-xl 1 xen-build-check(1) blocked n/a
test-amd64-xcpkern-i386-pair 1 xen-build-check(1) blocked n/a
test-amd64-xcpkern-i386-pv 1 xen-build-check(1) blocked n/a
test-amd64-xcpkern-i386-win 1 xen-build-check(1) blocked n/a
test-amd64-xcpkern-i386-xl 1 xen-build-check(1) blocked n/a
test-i386-i386-pair 1 xen-build-check(1) blocked n/a
test-i386-i386-pv 1 xen-build-check(1) blocked n/a
test-i386-i386-win 1 xen-build-check(1) blocked n/a
test-i386-i386-xl 1 xen-build-check(1) blocked n/a
test-i386-xcpkern-i386-pair 1 xen-build-check(1) blocked n/a
test-i386-xcpkern-i386-pv 1 xen-build-check(1) blocked n/a
test-i386-xcpkern-i386-win 1 xen-build-check(1) blocked n/a
test-i386-xcpkern-i386-xl 1 xen-build-check(1) blocked n/a
version targeted for testing:
xen 1385b15e168f
baseline version:
xen 5393151a737b
jobs:
build-i386-xcpkern pass
build-amd64 fail
build-i386 fail
build-amd64-oldkern fail
build-i386-oldkern fail
test-amd64-amd64-xl blocked
test-amd64-i386-xl blocked
test-i386-i386-xl blocked
test-amd64-xcpkern-i386-xl blocked
test-i386-xcpkern-i386-xl blocked
test-amd64-amd64-pair blocked
test-amd64-i386-pair blocked
test-i386-i386-pair blocked
test-amd64-xcpkern-i386-pair blocked
test-i386-xcpkern-i386-pair blocked
test-amd64-amd64-pv blocked
test-amd64-i386-pv blocked
test-i386-i386-pv blocked
test-amd64-xcpkern-i386-pv blocked
test-i386-xcpkern-i386-pv blocked
test-amd64-amd64-win blocked
test-amd64-i386-win blocked
test-i386-i386-win blocked
test-amd64-xcpkern-i386-win blocked
test-i386-xcpkern-i386-win blocked
-------------------------------------------------------------------------------
build-i386-xcpkern:
1 kernel-build pass
linux 110879:32fc6955a6a5
pq_linux 156:7eea17db9add
-------------------------------------------------------------------------------
build-amd64:
1 host-install(1) pass
2 host-build-prep pass
3 xen-build fail
linux 179eca50d08fa05d7650
qemu f95d202ed6444dacb15f
xen 22229:1385b15e168f
-------------------------------------------------------------------------------
build-i386:
1 host-install(1) pass
2 host-build-prep pass
3 xen-build fail
linux 179eca50d08fa05d7650
qemu f95d202ed6444dacb15f
xen 22229:1385b15e168f
-------------------------------------------------------------------------------
build-amd64-oldkern:
1 xen-build fail
linux 1041:5dd203fba380
qemu f95d202ed6444dacb15f
xen 22229:1385b15e168f
-------------------------------------------------------------------------------
build-i386-oldkern:
1 xen-build fail
linux 1041:5dd203fba380
qemu f95d202ed6444dacb15f
xen 22229:1385b15e168f
-------------------------------------------------------------------------------
test-amd64-amd64-xl:
1 xen-build-check(1) blocked
-------------------------------------------------------------------------------
test-amd64-i386-xl:
1 xen-build-check(1) blocked
-------------------------------------------------------------------------------
test-i386-i386-xl:
1 xen-build-check(1) blocked
-------------------------------------------------------------------------------
test-amd64-xcpkern-i386-xl:
1 xen-build-check(1) blocked
-------------------------------------------------------------------------------
test-i386-xcpkern-i386-xl:
1 xen-build-check(1) blocked
-------------------------------------------------------------------------------
test-amd64-amd64-pair:
1 xen-build-check(1) blocked
-------------------------------------------------------------------------------
test-amd64-i386-pair:
1 xen-build-check(1) blocked
-------------------------------------------------------------------------------
test-i386-i386-pair:
1 xen-build-check(1) blocked
-------------------------------------------------------------------------------
test-amd64-xcpkern-i386-pair:
1 xen-build-check(1) blocked
-------------------------------------------------------------------------------
test-i386-xcpkern-i386-pair:
1 xen-build-check(1) blocked
-------------------------------------------------------------------------------
test-amd64-amd64-pv:
1 xen-build-check(1) blocked
-------------------------------------------------------------------------------
test-amd64-i386-pv:
1 xen-build-check(1) blocked
-------------------------------------------------------------------------------
test-i386-i386-pv:
1 xen-build-check(1) blocked
-------------------------------------------------------------------------------
test-amd64-xcpkern-i386-pv:
1 xen-build-check(1) blocked
-------------------------------------------------------------------------------
test-i386-xcpkern-i386-pv:
1 xen-build-check(1) blocked
-------------------------------------------------------------------------------
test-amd64-amd64-win:
1 xen-build-check(1) blocked
-------------------------------------------------------------------------------
test-amd64-i386-win:
1 xen-build-check(1) blocked
-------------------------------------------------------------------------------
test-i386-i386-win:
1 xen-build-check(1) blocked
-------------------------------------------------------------------------------
test-amd64-xcpkern-i386-win:
1 xen-build-check(1) blocked
-------------------------------------------------------------------------------
test-i386-xcpkern-i386-win:
1 xen-build-check(1) blocked
------------------------------------------------------------
sg-report-flight on woking.cam.xci-test.com
logs: /home/xc_osstest/logs
images: /home/xc_osstest/images
Logs, config files, etc. are available at
http://www.chiark.greenend.org.uk/~xensrcts/logs
Test harness code can be found at
http://xenbits.xensource.com/gitweb?p=osstest.git;a=summary
Not pushing.
_______________________________________________
Xen-devel mailing list
Xen-devel@lists.xensource.com
http://lists.xensource.com/xen-devel
Gianni Tedesco
2010-Oct-08 10:39 UTC
Re: [Xen-devel] [xen-unstable test] 2345: regressions - FAIL
On Fri, 2010-10-08 at 11:26 +0100, xen.org wrote:> flight 2345 xen-unstable real > http://www.chiark.greenend.org.uk/~xensrcts/logs/2345/ > > Regressions :-( > > tests which did not succeed: > build-amd64-oldkern 1 xen-build fail REGR. vs. 2132 > build-amd64 3 xen-build fail REGR. vs. 2132 > build-i386-oldkern 1 xen-build fail REGR. vs. 2132 > build-i386 3 xen-build fail REGR. vs. 2132Oops, sorry, my fault! Please extinguish cigarettes, fasten belts and return seat backs to upright position. The fix is on the list and should land soon. Gianni _______________________________________________ Xen-devel mailing list Xen-devel@lists.xensource.com http://lists.xensource.com/xen-devel