xen.org
2010-Oct-01  16:01 UTC
[Xen-devel] [linux test] 2295: regressions - trouble: blocked/fail
flight 2295 linux real
http://www.chiark.greenend.org.uk/~xensrcts/logs/2295/
Regressions :-(
tests which did not succeed:
 build-amd64                   3 xen-build                  fail REGR. vs. 2279
 build-i386                    3 xen-build                  fail REGR. vs. 2279
 test-amd64-amd64-pair         1 xen-build-check(1)           blocked  n/a
 test-amd64-amd64-pv           1 xen-build-check(1)           blocked  n/a
 test-amd64-amd64-win          1 xen-build-check(1)           blocked  n/a
 test-amd64-amd64-xl           1 xen-build-check(1)           blocked  n/a
 test-amd64-i386-pair          1 xen-build-check(1)           blocked  n/a
 test-amd64-i386-pv            1 xen-build-check(1)           blocked  n/a
 test-amd64-i386-win           1 xen-build-check(1)           blocked  n/a
 test-amd64-i386-xl            1 xen-build-check(1)           blocked  n/a
 test-i386-i386-pair           1 xen-build-check(1)           blocked  n/a
 test-i386-i386-pv             1 xen-build-check(1)           blocked  n/a
 test-i386-i386-win            1 xen-build-check(1)           blocked  n/a
 test-i386-i386-xl             1 xen-build-check(1)           blocked  n/a
version targeted for testing:
 linux                2335481c107f9336bf276d6ea2ab3aebffb48c06
baseline version:
 linux                41a85de5caef68bbd58e11ed7b781b7867d96eaa
jobs:
 build-amd64                  fail     
 build-i386                   fail     
 test-amd64-amd64-xl          blocked  
 test-amd64-i386-xl           blocked  
 test-i386-i386-xl            blocked  
 test-amd64-amd64-pair        blocked  
 test-amd64-i386-pair         blocked  
 test-i386-i386-pair          blocked  
 test-amd64-amd64-pv          blocked  
 test-amd64-i386-pv           blocked  
 test-i386-i386-pv            blocked  
 test-amd64-amd64-win         blocked  
 test-amd64-i386-win          blocked  
 test-i386-i386-win           blocked  
-------------------------------------------------------------------------------
build-amd64:
 1 host-install(1)              pass     
 2 host-build-prep              pass     
 3 xen-build                    fail     
 linux           2335481c107f9336bf27
 qemu            f95d202ed6444dacb15f
 xen             22155:5393151a737b
-------------------------------------------------------------------------------
build-i386:
 1 host-install(1)              pass     
 2 host-build-prep              pass     
 3 xen-build                    fail     
 linux           2335481c107f9336bf27
 qemu            f95d202ed6444dacb15f
 xen             22155:5393151a737b
-------------------------------------------------------------------------------
test-amd64-amd64-xl:
 1 xen-build-check(1)           blocked  
-------------------------------------------------------------------------------
test-amd64-i386-xl:
 1 xen-build-check(1)           blocked  
-------------------------------------------------------------------------------
test-i386-i386-xl:
 1 xen-build-check(1)           blocked  
-------------------------------------------------------------------------------
test-amd64-amd64-pair:
 1 xen-build-check(1)           blocked  
-------------------------------------------------------------------------------
test-amd64-i386-pair:
 1 xen-build-check(1)           blocked  
-------------------------------------------------------------------------------
test-i386-i386-pair:
 1 xen-build-check(1)           blocked  
-------------------------------------------------------------------------------
test-amd64-amd64-pv:
 1 xen-build-check(1)           blocked  
-------------------------------------------------------------------------------
test-amd64-i386-pv:
 1 xen-build-check(1)           blocked  
-------------------------------------------------------------------------------
test-i386-i386-pv:
 1 xen-build-check(1)           blocked  
-------------------------------------------------------------------------------
test-amd64-amd64-win:
 1 xen-build-check(1)           blocked  
-------------------------------------------------------------------------------
test-amd64-i386-win:
 1 xen-build-check(1)           blocked  
-------------------------------------------------------------------------------
test-i386-i386-win:
 1 xen-build-check(1)           blocked  
------------------------------------------------------------
sg-report-flight on woking.cam.xci-test.com
logs: /home/xc_osstest/logs
images: /home/xc_osstest/images
Logs, config files, etc. are available at
    http://www.chiark.greenend.org.uk/~xensrcts/logs
Test harness code can be found at
    http://xenbits.xensource.com/gitweb?p=osstest.git;a=summary
Not pushing.
_______________________________________________
Xen-devel mailing list
Xen-devel@lists.xensource.com
http://lists.xensource.com/xen-devel