flight 2202 linux real
http://www.chiark.greenend.org.uk/~xensrcts/logs/2202/
Regressions :-(
tests which did not succeed:
test-amd64-amd64-pair 11 guest-start fail like 2129
test-amd64-amd64-pv 10 guest-saverestore.2 fail never pass
test-amd64-amd64-xl 10 guest-saverestore.2 fail never pass
test-amd64-i386-pair 11 guest-start fail blocked in 2129
test-amd64-i386-pv 10 guest-saverestore.2 fail never pass
test-amd64-i386-xl 7 guest-start fail REGR. vs. 2129
test-i386-i386-pair 12 guest-migrate/src_host/dst_host fail never pass
test-i386-i386-pv 10 guest-saverestore.2 fail never pass
test-i386-i386-xl 10 guest-saverestore.2 fail never pass
version targeted for testing:
linux 62bf426a28c42fef009c739315e9f7fba6a55247
baseline version:
linux b297cdac0373625d3cd0e6f2b393570dcf2edba6
jobs:
build-amd64 pass
build-i386 pass
test-amd64-amd64-xl fail
test-amd64-i386-xl fail
test-i386-i386-xl fail
test-amd64-amd64-pair fail
test-amd64-i386-pair fail
test-i386-i386-pair fail
test-amd64-amd64-pv fail
test-amd64-i386-pv fail
test-i386-i386-pv fail
test-amd64-amd64-win pass
test-amd64-i386-win pass
test-i386-i386-win pass
-------------------------------------------------------------------------------
build-amd64:
1 host-install(1) pass
2 host-build-prep pass
3 xen-build pass
linux 62bf426a28c42fef009c
qemu 0a940d892e90c820567c
xen 21350:6e0ffcd2d9e0
-------------------------------------------------------------------------------
build-i386:
1 host-install(1) pass
2 host-build-prep pass
3 xen-build pass
linux 62bf426a28c42fef009c
qemu 0a940d892e90c820567c
xen 21350:6e0ffcd2d9e0
-------------------------------------------------------------------------------
test-amd64-amd64-xl:
1 xen-build-check(1) pass
2 host-install(2) pass
3 xen-install pass
4 xen-boot pass
5 debian-install pass
6 debian-fixup pass
7 guest-start pass
8 guest-saverestore pass
9 guest-localmigrate pass
10 guest-saverestore.2 fail
11 capture-logs(11) pass
-------------------------------------------------------------------------------
test-amd64-i386-xl:
1 xen-build-check(1) pass
2 host-install(2) pass
3 xen-install pass
4 xen-boot pass
5 debian-install pass
6 debian-fixup pass
7 guest-start fail
8 capture-logs(8) pass
-------------------------------------------------------------------------------
test-i386-i386-xl:
1 xen-build-check(1) pass
2 host-install(2) pass
3 xen-install pass
4 xen-boot pass
5 debian-install pass
6 debian-fixup pass
7 guest-start pass
8 guest-saverestore pass
9 guest-localmigrate pass
10 guest-saverestore.2 fail
11 capture-logs(11) pass
-------------------------------------------------------------------------------
test-amd64-amd64-pair:
1 xen-build-check(1) pass
2 host-install/src_host(2) pass
3 host-install/dst_host(3) pass
4 xen-install/src_host pass
5 xen-install/dst_host pass
6 xen-boot/src_host pass
7 xen-boot/dst_host pass
8 debian-install/dst_host pass
9 debian-fixup/dst_host pass
10 guests-nbd-mirror pass
11 guest-start fail
12 capture-logs/src_host(12) pass
13 capture-logs/dst_host(13) pass
-------------------------------------------------------------------------------
test-amd64-i386-pair:
1 xen-build-check(1) pass
2 host-install/src_host(2) pass
3 host-install/dst_host(3) pass
4 xen-install/src_host pass
5 xen-install/dst_host pass
6 xen-boot/src_host pass
7 xen-boot/dst_host pass
8 debian-install/dst_host pass
9 debian-fixup/dst_host pass
10 guests-nbd-mirror pass
11 guest-start fail
12 capture-logs/src_host(12) pass
13 capture-logs/dst_host(13) pass
-------------------------------------------------------------------------------
test-i386-i386-pair:
1 xen-build-check(1) pass
2 host-install/src_host(2) pass
3 host-install/dst_host(3) pass
4 xen-install/src_host pass
5 xen-install/dst_host pass
6 xen-boot/src_host pass
7 xen-boot/dst_host pass
8 debian-install/dst_host pass
9 debian-fixup/dst_host pass
10 guests-nbd-mirror pass
11 guest-start pass
12 guest-migrate/src_host/dst_host fail
13 capture-logs/src_host(13) pass
14 capture-logs/dst_host(14) pass
-------------------------------------------------------------------------------
test-amd64-amd64-pv:
1 xen-build-check(1) pass
2 host-install(2) pass
3 xen-install pass
4 xen-boot pass
5 debian-install pass
6 debian-fixup pass
7 guest-start pass
8 guest-saverestore pass
9 guest-localmigrate pass
10 guest-saverestore.2 fail
11 capture-logs(11) pass
-------------------------------------------------------------------------------
test-amd64-i386-pv:
1 xen-build-check(1) pass
2 host-install(2) pass
3 xen-install pass
4 xen-boot pass
5 debian-install pass
6 debian-fixup pass
7 guest-start pass
8 guest-saverestore pass
9 guest-localmigrate pass
10 guest-saverestore.2 fail
11 capture-logs(11) pass
-------------------------------------------------------------------------------
test-i386-i386-pv:
1 xen-build-check(1) pass
2 host-install(2) pass
3 xen-install pass
4 xen-boot pass
5 debian-install pass
6 debian-fixup pass
7 guest-start pass
8 guest-saverestore pass
9 guest-localmigrate pass
10 guest-saverestore.2 fail
11 capture-logs(11) pass
-------------------------------------------------------------------------------
test-amd64-amd64-win:
1 xen-build-check(1) pass
2 host-install(2) pass
3 xen-install pass
4 xen-boot pass
5 windows-install pass
6 guest-saverestore pass
7 guest-localmigrate pass
8 guest-saverestore.2 pass
9 guest-localmigrate.2 pass
10 guest-stop pass
11 capture-logs(11) pass
-------------------------------------------------------------------------------
test-amd64-i386-win:
1 xen-build-check(1) pass
2 host-install(2) pass
3 xen-install pass
4 xen-boot pass
5 windows-install pass
6 guest-saverestore pass
7 guest-localmigrate pass
8 guest-saverestore.2 pass
9 guest-localmigrate.2 pass
10 guest-stop pass
11 capture-logs(11) pass
-------------------------------------------------------------------------------
test-i386-i386-win:
1 xen-build-check(1) pass
2 host-install(2) pass
3 xen-install pass
4 xen-boot pass
5 windows-install pass
6 guest-saverestore pass
7 guest-localmigrate pass
8 guest-saverestore.2 pass
9 guest-localmigrate.2 pass
10 guest-stop pass
11 capture-logs(11) pass
------------------------------------------------------------
sg-report-flight on woking.cam.xci-test.com
logs: /home/xc_osstest/logs
images: /home/xc_osstest/images
Logs, config files, etc. are available at
http://www.chiark.greenend.org.uk/~xensrcts/logs
Test harness code can be found at
http://xenbits.xensource.com/gitweb?p=osstest.git;a=summary
Not pushing.
_______________________________________________
Xen-devel mailing list
Xen-devel@lists.xensource.com
http://lists.xensource.com/xen-devel
Jeremy Fitzhardinge
2010-Sep-21 17:51 UTC
Re: [Xen-devel] [linux test] 2202: regressions - FAIL
On 09/21/2010 09:27 AM, xen.org wrote:> flight 2202 linux real > http://www.chiark.greenend.org.uk/~xensrcts/logs/2202/ > > Regressions :-( > > tests which did not succeed: > test-amd64-amd64-pair 11 guest-start fail like 2129 > test-amd64-amd64-pv 10 guest-saverestore.2 fail never pass > test-amd64-amd64-xl 10 guest-saverestore.2 fail never pass > test-amd64-i386-pair 11 guest-start fail blocked in 2129 > test-amd64-i386-pv 10 guest-saverestore.2 fail never pass > test-amd64-i386-xl 7 guest-start fail REGR. vs. 2129I''m trying to work out what failed here, but I can''t find a logfile with anything helpful. Any pointers? Thanks, J> test-i386-i386-pair 12 guest-migrate/src_host/dst_host fail never pass > test-i386-i386-pv 10 guest-saverestore.2 fail never pass > test-i386-i386-xl 10 guest-saverestore.2 fail never pass > > version targeted for testing: > linux 62bf426a28c42fef009c739315e9f7fba6a55247 > baseline version: > linux b297cdac0373625d3cd0e6f2b393570dcf2edba6 > > jobs: > build-amd64 pass > build-i386 pass > test-amd64-amd64-xl fail > test-amd64-i386-xl fail > test-i386-i386-xl fail > test-amd64-amd64-pair fail > test-amd64-i386-pair fail > test-i386-i386-pair fail > test-amd64-amd64-pv fail > test-amd64-i386-pv fail > test-i386-i386-pv fail > test-amd64-amd64-win pass > test-amd64-i386-win pass > test-i386-i386-win pass > > ------------------------------------------------------------------------------- > build-amd64: > 1 host-install(1) pass > 2 host-build-prep pass > 3 xen-build pass > linux 62bf426a28c42fef009c > qemu 0a940d892e90c820567c > xen 21350:6e0ffcd2d9e0 > ------------------------------------------------------------------------------- > build-i386: > 1 host-install(1) pass > 2 host-build-prep pass > 3 xen-build pass > linux 62bf426a28c42fef009c > qemu 0a940d892e90c820567c > xen 21350:6e0ffcd2d9e0 > ------------------------------------------------------------------------------- > test-amd64-amd64-xl: > 1 xen-build-check(1) pass > 2 host-install(2) pass > 3 xen-install pass > 4 xen-boot pass > 5 debian-install pass > 6 debian-fixup pass > 7 guest-start pass > 8 guest-saverestore pass > 9 guest-localmigrate pass > 10 guest-saverestore.2 fail > 11 capture-logs(11) pass > ------------------------------------------------------------------------------- > test-amd64-i386-xl: > 1 xen-build-check(1) pass > 2 host-install(2) pass > 3 xen-install pass > 4 xen-boot pass > 5 debian-install pass > 6 debian-fixup pass > 7 guest-start fail > 8 capture-logs(8) pass > ------------------------------------------------------------------------------- > test-i386-i386-xl: > 1 xen-build-check(1) pass > 2 host-install(2) pass > 3 xen-install pass > 4 xen-boot pass > 5 debian-install pass > 6 debian-fixup pass > 7 guest-start pass > 8 guest-saverestore pass > 9 guest-localmigrate pass > 10 guest-saverestore.2 fail > 11 capture-logs(11) pass > ------------------------------------------------------------------------------- > test-amd64-amd64-pair: > 1 xen-build-check(1) pass > 2 host-install/src_host(2) pass > 3 host-install/dst_host(3) pass > 4 xen-install/src_host pass > 5 xen-install/dst_host pass > 6 xen-boot/src_host pass > 7 xen-boot/dst_host pass > 8 debian-install/dst_host pass > 9 debian-fixup/dst_host pass > 10 guests-nbd-mirror pass > 11 guest-start fail > 12 capture-logs/src_host(12) pass > 13 capture-logs/dst_host(13) pass > ------------------------------------------------------------------------------- > test-amd64-i386-pair: > 1 xen-build-check(1) pass > 2 host-install/src_host(2) pass > 3 host-install/dst_host(3) pass > 4 xen-install/src_host pass > 5 xen-install/dst_host pass > 6 xen-boot/src_host pass > 7 xen-boot/dst_host pass > 8 debian-install/dst_host pass > 9 debian-fixup/dst_host pass > 10 guests-nbd-mirror pass > 11 guest-start fail > 12 capture-logs/src_host(12) pass > 13 capture-logs/dst_host(13) pass > ------------------------------------------------------------------------------- > test-i386-i386-pair: > 1 xen-build-check(1) pass > 2 host-install/src_host(2) pass > 3 host-install/dst_host(3) pass > 4 xen-install/src_host pass > 5 xen-install/dst_host pass > 6 xen-boot/src_host pass > 7 xen-boot/dst_host pass > 8 debian-install/dst_host pass > 9 debian-fixup/dst_host pass > 10 guests-nbd-mirror pass > 11 guest-start pass > 12 guest-migrate/src_host/dst_host fail > 13 capture-logs/src_host(13) pass > 14 capture-logs/dst_host(14) pass > ------------------------------------------------------------------------------- > test-amd64-amd64-pv: > 1 xen-build-check(1) pass > 2 host-install(2) pass > 3 xen-install pass > 4 xen-boot pass > 5 debian-install pass > 6 debian-fixup pass > 7 guest-start pass > 8 guest-saverestore pass > 9 guest-localmigrate pass > 10 guest-saverestore.2 fail > 11 capture-logs(11) pass > ------------------------------------------------------------------------------- > test-amd64-i386-pv: > 1 xen-build-check(1) pass > 2 host-install(2) pass > 3 xen-install pass > 4 xen-boot pass > 5 debian-install pass > 6 debian-fixup pass > 7 guest-start pass > 8 guest-saverestore pass > 9 guest-localmigrate pass > 10 guest-saverestore.2 fail > 11 capture-logs(11) pass > ------------------------------------------------------------------------------- > test-i386-i386-pv: > 1 xen-build-check(1) pass > 2 host-install(2) pass > 3 xen-install pass > 4 xen-boot pass > 5 debian-install pass > 6 debian-fixup pass > 7 guest-start pass > 8 guest-saverestore pass > 9 guest-localmigrate pass > 10 guest-saverestore.2 fail > 11 capture-logs(11) pass > ------------------------------------------------------------------------------- > test-amd64-amd64-win: > 1 xen-build-check(1) pass > 2 host-install(2) pass > 3 xen-install pass > 4 xen-boot pass > 5 windows-install pass > 6 guest-saverestore pass > 7 guest-localmigrate pass > 8 guest-saverestore.2 pass > 9 guest-localmigrate.2 pass > 10 guest-stop pass > 11 capture-logs(11) pass > ------------------------------------------------------------------------------- > test-amd64-i386-win: > 1 xen-build-check(1) pass > 2 host-install(2) pass > 3 xen-install pass > 4 xen-boot pass > 5 windows-install pass > 6 guest-saverestore pass > 7 guest-localmigrate pass > 8 guest-saverestore.2 pass > 9 guest-localmigrate.2 pass > 10 guest-stop pass > 11 capture-logs(11) pass > ------------------------------------------------------------------------------- > test-i386-i386-win: > 1 xen-build-check(1) pass > 2 host-install(2) pass > 3 xen-install pass > 4 xen-boot pass > 5 windows-install pass > 6 guest-saverestore pass > 7 guest-localmigrate pass > 8 guest-saverestore.2 pass > 9 guest-localmigrate.2 pass > 10 guest-stop pass > 11 capture-logs(11) pass > > ------------------------------------------------------------ > sg-report-flight on woking.cam.xci-test.com > logs: /home/xc_osstest/logs > images: /home/xc_osstest/images > > Logs, config files, etc. are available at > http://www.chiark.greenend.org.uk/~xensrcts/logs > > Test harness code can be found at > http://xenbits.xensource.com/gitweb?p=osstest.git;a=summary > > > Not pushing. > > > _______________________________________________ > Xen-devel mailing list > Xen-devel@lists.xensource.com > http://lists.xensource.com/xen-devel >_______________________________________________ Xen-devel mailing list Xen-devel@lists.xensource.com http://lists.xensource.com/xen-devel