flight 2137 xen-unstable real http://www.chiark.greenend.org.uk/~xensrcts/logs/2137/ Regressions :-( tests which did not succeed: build-i386-oldkern 1 xen-build fail REGR. vs. 2132 build-i386 3 xen-build fail REGR. vs. 2132 test-amd64-amd64-pair 12 guest-migrate/src_host/dst_host fail never pass test-amd64-amd64-pv 8 guest-saverestore fail like 2132 test-amd64-amd64-xl 8 guest-saverestore fail like 2132 test-amd64-i386-pair 1 xen-build-check(1) blocked n/a test-amd64-i386-pv 1 xen-build-check(1) blocked n/a test-amd64-i386-win 1 xen-build-check(1) blocked n/a test-amd64-i386-xl 1 xen-build-check(1) blocked n/a test-amd64-xcpkern-i386-pair 1 xen-build-check(1) blocked n/a test-amd64-xcpkern-i386-pv 1 xen-build-check(1) blocked n/a test-amd64-xcpkern-i386-win 1 xen-build-check(1) blocked n/a test-amd64-xcpkern-i386-xl 1 xen-build-check(1) blocked n/a test-i386-i386-pair 1 xen-build-check(1) blocked n/a test-i386-i386-pv 1 xen-build-check(1) blocked n/a test-i386-i386-win 1 xen-build-check(1) blocked n/a test-i386-i386-xl 1 xen-build-check(1) blocked n/a test-i386-xcpkern-i386-pair 1 xen-build-check(1) blocked n/a test-i386-xcpkern-i386-pv 1 xen-build-check(1) blocked n/a test-i386-xcpkern-i386-win 1 xen-build-check(1) blocked n/a test-i386-xcpkern-i386-xl 1 xen-build-check(1) blocked n/a version targeted for testing: xen bf3ebc372771 baseline version: xen 5393151a737b jobs: build-i386-xcpkern pass build-amd64 pass build-i386 fail build-amd64-oldkern pass build-i386-oldkern fail test-amd64-amd64-xl fail test-amd64-i386-xl blocked test-i386-i386-xl blocked test-amd64-xcpkern-i386-xl blocked test-i386-xcpkern-i386-xl blocked test-amd64-amd64-pair fail test-amd64-i386-pair blocked test-i386-i386-pair blocked test-amd64-xcpkern-i386-pair blocked test-i386-xcpkern-i386-pair blocked test-amd64-amd64-pv fail test-amd64-i386-pv blocked test-i386-i386-pv blocked test-amd64-xcpkern-i386-pv blocked test-i386-xcpkern-i386-pv blocked test-amd64-amd64-win pass test-amd64-i386-win blocked test-i386-i386-win blocked test-amd64-xcpkern-i386-win blocked test-i386-xcpkern-i386-win blocked ------------------------------------------------------------------------------- build-i386-xcpkern: 1 kernel-build pass linux 110879:32fc6955a6a5 pq_linux 155:fd76402ccedc ------------------------------------------------------------------------------- build-amd64: 1 host-install(1) pass 2 host-build-prep pass 3 xen-build pass linux b297cdac0373625d3cd0 qemu f95d202ed6444dacb15f xen 22165:bf3ebc372771 ------------------------------------------------------------------------------- build-i386: 1 host-install(1) pass 2 host-build-prep pass 3 xen-build fail linux b297cdac0373625d3cd0 qemu f95d202ed6444dacb15f xen 22165:bf3ebc372771 ------------------------------------------------------------------------------- build-amd64-oldkern: 1 xen-build pass linux 1034:039cf55773a9 qemu f95d202ed6444dacb15f xen 22165:bf3ebc372771 ------------------------------------------------------------------------------- build-i386-oldkern: 1 xen-build fail linux 1034:039cf55773a9 qemu f95d202ed6444dacb15f xen 22165:bf3ebc372771 ------------------------------------------------------------------------------- test-amd64-amd64-xl: 1 xen-build-check(1) pass 2 host-install(2) pass 3 xen-install pass 4 xen-boot pass 5 debian-install pass 6 debian-fixup pass 7 guest-start pass 8 guest-saverestore fail 9 capture-logs(9) pass ------------------------------------------------------------------------------- test-amd64-i386-xl: 1 xen-build-check(1) blocked ------------------------------------------------------------------------------- test-i386-i386-xl: 1 xen-build-check(1) blocked ------------------------------------------------------------------------------- test-amd64-xcpkern-i386-xl: 1 xen-build-check(1) blocked ------------------------------------------------------------------------------- test-i386-xcpkern-i386-xl: 1 xen-build-check(1) blocked ------------------------------------------------------------------------------- test-amd64-amd64-pair: 1 xen-build-check(1) pass 2 host-install/src_host(2) pass 3 host-install/dst_host(3) pass 4 xen-install/src_host pass 5 xen-install/dst_host pass 6 xen-boot/src_host pass 7 xen-boot/dst_host pass 8 debian-install/dst_host pass 9 debian-fixup/dst_host pass 10 guests-nbd-mirror pass 11 guest-start pass 12 guest-migrate/src_host/dst_host fail 13 capture-logs/src_host(13) pass 14 capture-logs/dst_host(14) pass ------------------------------------------------------------------------------- test-amd64-i386-pair: 1 xen-build-check(1) blocked ------------------------------------------------------------------------------- test-i386-i386-pair: 1 xen-build-check(1) blocked ------------------------------------------------------------------------------- test-amd64-xcpkern-i386-pair: 1 xen-build-check(1) blocked ------------------------------------------------------------------------------- test-i386-xcpkern-i386-pair: 1 xen-build-check(1) blocked ------------------------------------------------------------------------------- test-amd64-amd64-pv: 1 xen-build-check(1) pass 2 host-install(2) pass 3 xen-install pass 4 xen-boot pass 5 debian-install pass 6 debian-fixup pass 7 guest-start pass 8 guest-saverestore fail 9 capture-logs(9) pass ------------------------------------------------------------------------------- test-amd64-i386-pv: 1 xen-build-check(1) blocked ------------------------------------------------------------------------------- test-i386-i386-pv: 1 xen-build-check(1) blocked ------------------------------------------------------------------------------- test-amd64-xcpkern-i386-pv: 1 xen-build-check(1) blocked ------------------------------------------------------------------------------- test-i386-xcpkern-i386-pv: 1 xen-build-check(1) blocked ------------------------------------------------------------------------------- test-amd64-amd64-win: 1 xen-build-check(1) pass 2 host-install(2) pass 3 xen-install pass 4 xen-boot pass 5 windows-install pass 6 guest-saverestore pass 7 guest-localmigrate pass 8 guest-saverestore.2 pass 9 guest-localmigrate.2 pass 10 guest-stop pass 11 capture-logs(11) pass ------------------------------------------------------------------------------- test-amd64-i386-win: 1 xen-build-check(1) blocked ------------------------------------------------------------------------------- test-i386-i386-win: 1 xen-build-check(1) blocked ------------------------------------------------------------------------------- test-amd64-xcpkern-i386-win: 1 xen-build-check(1) blocked ------------------------------------------------------------------------------- test-i386-xcpkern-i386-win: 1 xen-build-check(1) blocked ------------------------------------------------------------ sg-report-flight on woking.cam.xci-test.com logs: /home/xc_osstest/logs images: /home/xc_osstest/images Logs, config files, etc. are available at http://www.chiark.greenend.org.uk/~xensrcts/logs Test harness code can be found at http://xenbits.xensource.com/gitweb?p=osstest.git;a=summary Not pushing. _______________________________________________ Xen-devel mailing list Xen-devel@lists.xensource.com http://lists.xensource.com/xen-devel
Ian Jackson
2010-Sep-16 15:38 UTC
[Xen-devel] Re: [xen-unstable test] 2137: regressions - FAIL
Ian Jackson writes ("[xen-unstable test] 2137: regressions - FAIL"):> build-i386 3 xen-build fail REGR. vs. 2132emulate.c:228: error: conflicting types for ''hvmemul_do_pio'' /home/osstest/build.2137.build-i386/xen-unstable/xen/include/asm/hvm/emulate.h:49: error: previous declaration of ''hvmemul_do_pio'' was here make[5]: *** [emulate.o] Error 1 make[5]: Leaving directory `/home/osstest/build.2137.build-i386/xen-unstable/xen/arch/x86/hvm'' xen/include/asm-x86/hvm/emulate.h: 49 22161: int hvmemul_do_pio( 50 22161: paddr_t addr, unsigned long *reps, int size, 51 21090: paddr_t ram_gpa, int dir, int df, void *p_data); xen/arch/x86/hvm/emulate.c: 228 22161: int hvmemul_do_pio( 229 17452: unsigned long port, unsigned long *reps, int size, 230 17917: paddr_t ram_gpa, int dir, int df, void *p_data) 231 17303: { Doubtless the bug is due to: changeset: 22161:ff011e0cb17c user: Keir Fraser <keir.fraser@citrix.com> date: Wed Sep 15 14:03:26 2010 +0100 files: xen/arch/x86/hvm/emulate.c xen/arch/x86/hvm/io.c xen/arch/x86/hvm/svm/svm.c xen/arch/x86/hvm/vmx/vmx.c xen/include/asm-x86/hvm/emulate.h xen/include/asm-x86/hvm/io.h xen/include/asm-x86/hvm/vcpu.h description: x86 hvm: Clean up PIO fast path emulation. Ian. _______________________________________________ Xen-devel mailing list Xen-devel@lists.xensource.com http://lists.xensource.com/xen-devel