flight 2107 xen-4.0-testing real
http://www.chiark.greenend.org.uk/~xensrcts/logs/2107/
Regressions :-(
tests which did not succeed:
test-amd64-amd64-pair 12 guest-migrate/src_host/dst_host fail never pass
test-amd64-amd64-pv 8 guest-saverestore fail blocked in 2057
test-amd64-amd64-xl 8 guest-saverestore fail blocked in 2057
test-amd64-i386-pair 7 xen-boot/dst_host fail REGR. vs. 2057
test-amd64-i386-pv 8 guest-saverestore fail blocked in 2057
test-amd64-i386-xl 8 guest-saverestore fail blocked in 2057
test-i386-i386-pair 7 xen-boot/dst_host fail REGR. vs. 2057
test-i386-i386-pv 7 guest-start fail like 2057
test-i386-i386-xl 8 guest-saverestore fail blocked in 2057
version targeted for testing:
linux 2588234d0eff822021bbce9bd0a911b72561b380
baseline version:
linux 2968b258b1ca6bd16d758dd68900669419caff2b
jobs:
build-amd64 pass
build-i386 pass
test-amd64-amd64-pair fail
test-amd64-amd64-pv fail
test-amd64-amd64-win pass
test-amd64-amd64-xl fail
test-amd64-i386-pair fail
test-amd64-i386-pv fail
test-amd64-i386-win pass
test-amd64-i386-xl fail
test-i386-i386-pair fail
test-i386-i386-pv fail
test-i386-i386-win pass
test-i386-i386-xl fail
-------------------------------------------------------------------------------
build-amd64:
1 host-install(1) pass
2 host-build-prep pass
3 xen-build pass
linux 2588234d0eff822021bb
qemu 0a940d892e90c820567c
xen 21336:16867267ac12
-------------------------------------------------------------------------------
build-i386:
1 host-install(1) pass
2 host-build-prep pass
3 xen-build pass
linux 2588234d0eff822021bb
qemu 0a940d892e90c820567c
xen 21336:16867267ac12
-------------------------------------------------------------------------------
test-amd64-amd64-pair:
1 xen-build-check(1) pass
2 host-install/src_host(2) pass
3 host-install/dst_host(3) pass
4 xen-install/src_host pass
5 xen-install/dst_host pass
6 xen-boot/src_host pass
7 xen-boot/dst_host pass
8 debian-install/dst_host pass
9 debian-fixup/dst_host pass
10 guests-nbd-mirror pass
11 guest-start pass
12 guest-migrate/src_host/dst_host fail
13 capture-logs/src_host(13) pass
14 capture-logs/dst_host(14) pass
-------------------------------------------------------------------------------
test-amd64-amd64-pv:
1 xen-build-check(1) pass
2 host-install(2) pass
3 xen-install pass
4 xen-boot pass
5 debian-install pass
6 debian-fixup pass
7 guest-start pass
8 guest-saverestore fail
9 capture-logs(9) pass
-------------------------------------------------------------------------------
test-amd64-amd64-win:
1 xen-build-check(1) pass
2 host-install(2) pass
3 xen-install pass
4 xen-boot pass
5 windows-install pass
6 guest-saverestore pass
7 guest-localmigrate pass
8 guest-saverestore.2 pass
9 guest-localmigrate.2 pass
10 guest-stop pass
11 capture-logs(11) pass
-------------------------------------------------------------------------------
test-amd64-amd64-xl:
1 xen-build-check(1) pass
2 host-install(2) pass
3 xen-install pass
4 xen-boot pass
5 debian-install pass
6 debian-fixup pass
7 guest-start pass
8 guest-saverestore fail
9 capture-logs(9) pass
-------------------------------------------------------------------------------
test-amd64-i386-pair:
1 xen-build-check(1) pass
2 host-install/src_host(2) pass
3 host-install/dst_host(3) pass
4 xen-install/src_host pass
5 xen-install/dst_host pass
6 xen-boot/src_host pass
7 xen-boot/dst_host fail
8 capture-logs/src_host(8) pass
9 capture-logs/dst_host(9) pass
-------------------------------------------------------------------------------
test-amd64-i386-pv:
1 xen-build-check(1) pass
2 host-install(2) pass
3 xen-install pass
4 xen-boot pass
5 debian-install pass
6 debian-fixup pass
7 guest-start pass
8 guest-saverestore fail
9 capture-logs(9) pass
-------------------------------------------------------------------------------
test-amd64-i386-win:
1 xen-build-check(1) pass
2 host-install(2) pass
3 xen-install pass
4 xen-boot pass
5 windows-install pass
6 guest-saverestore pass
7 guest-localmigrate pass
8 guest-saverestore.2 pass
9 guest-localmigrate.2 pass
10 guest-stop pass
11 capture-logs(11) pass
-------------------------------------------------------------------------------
test-amd64-i386-xl:
1 xen-build-check(1) pass
2 host-install(2) pass
3 xen-install pass
4 xen-boot pass
5 debian-install pass
6 debian-fixup pass
7 guest-start pass
8 guest-saverestore fail
9 capture-logs(9) pass
-------------------------------------------------------------------------------
test-i386-i386-pair:
1 xen-build-check(1) pass
2 host-install/src_host(2) pass
3 host-install/dst_host(3) pass
4 xen-install/src_host pass
5 xen-install/dst_host pass
6 xen-boot/src_host pass
7 xen-boot/dst_host fail
8 capture-logs/src_host(8) pass
9 capture-logs/dst_host(9) pass
-------------------------------------------------------------------------------
test-i386-i386-pv:
1 xen-build-check(1) pass
2 host-install(2) pass
3 xen-install pass
4 xen-boot pass
5 debian-install pass
6 debian-fixup pass
7 guest-start fail
8 capture-logs(8) pass
-------------------------------------------------------------------------------
test-i386-i386-win:
1 xen-build-check(1) pass
2 host-install(2) pass
3 xen-install pass
4 xen-boot pass
5 windows-install pass
6 guest-saverestore pass
7 guest-localmigrate pass
8 guest-saverestore.2 pass
9 guest-localmigrate.2 pass
10 guest-stop pass
11 capture-logs(11) pass
-------------------------------------------------------------------------------
test-i386-i386-xl:
1 xen-build-check(1) pass
2 host-install(2) pass
3 xen-install pass
4 xen-boot pass
5 debian-install pass
6 debian-fixup pass
7 guest-start pass
8 guest-saverestore fail
9 capture-logs(9) pass
------------------------------------------------------------
sg-report-flight on woking.cam.xci-test.com
logs: /home/xc_osstest/logs
images: /home/xc_osstest/images
Logs, config files, etc. are available at
http://www.chiark.greenend.org.uk/~xensrcts/logs
Test harness code can be found at
http://xenbits.xensource.com/gitweb?p=osstest.git;a=summary
Not pushing.
_______________________________________________
Xen-devel mailing list
Xen-devel@lists.xensource.com
http://lists.xensource.com/xen-devel
Ian Jackson writes ("[linux test] 2107: regressions -
FAIL"):> flight 2107 xen-4.0-testing real
> http://www.chiark.greenend.org.uk/~xensrcts/logs/2107/
>
> Regressions :-(
>
> tests which did not succeed:
> test-amd64-i386-pair 7 xen-boot/dst_host fail REGR. vs. 2057
> test-i386-i386-pair 7 xen-boot/dst_host fail REGR. vs. 2057
This seems to be a real failure. The problem is that the first boot
of the host with Xen and a dom0 pvops kernel hangs. But only one one
of the two machines I''m currently using, "earwig" (a Dell
R410); it
works fine on "bedbug" (a desktop PC pressed into service). It also
works fine with a 64-bit dom0.
Ian.
_______________________________________________
Xen-devel mailing list
Xen-devel@lists.xensource.com
http://lists.xensource.com/xen-devel
Jeremy Fitzhardinge
2010-Sep-09 15:53 UTC
Re: [Xen-devel] Re: [linux test] 2107: regressions - FAIL
On 09/10/2010 01:31 AM, Ian Jackson wrote:> Ian Jackson writes ("[linux test] 2107: regressions - FAIL"): >> flight 2107 xen-4.0-testing real >> http://www.chiark.greenend.org.uk/~xensrcts/logs/2107/ >> >> Regressions :-( >> >> tests which did not succeed: >> test-amd64-i386-pair 7 xen-boot/dst_host fail REGR. vs. 2057 >> test-i386-i386-pair 7 xen-boot/dst_host fail REGR. vs. 2057 > This seems to be a real failure. The problem is that the first boot > of the host with Xen and a dom0 pvops kernel hangs. But only one one > of the two machines I''m currently using, "earwig" (a Dell R410); it > works fine on "bedbug" (a desktop PC pressed into service). It also > works fine with a 64-bit dom0.I''m looking at http://www.chiark.greenend.org.uk/~xensrcts/logs/2107/test-amd64-i386-pair/serial-earwig.log.0; is that the right log? It seems to be rebooting (repeatedly) at: Sep 8 11:45:34.232632 [ 3.200319] usb 6-3: New USB device found, idVendor=0424, idProduct=2514 Sep 8 11:45:34.351647 [ 3.204328] usb 6-3: New USB device strings: Mfr=0, Product=0, SerialNumber=0 Sep 8 11:45:34.351670 [ 3.218041] thermal: Unknown symbol acpi_processor_set_thermal_limit Sep 8 11:45:34.363642 Starting system log daemon: syslogd, klogd. Sep 8 11:45:34.368629 Detecting network hardware ..94%..100% Sep 8 11:45:35.367649 Configuring the network with DHCP ..100% Is it rebooting after printing "thermal: Unknown symbol acpi_processor_set_thermal_limit"? That message on its own suggests that there''s something wrong with the kernel config. But I don''t see why it should lead to a reboot. J _______________________________________________ Xen-devel mailing list Xen-devel@lists.xensource.com http://lists.xensource.com/xen-devel
Ian Jackson
2010-Sep-09 15:59 UTC
Re: [Xen-devel] Re: [linux test] 2107: regressions - FAIL
Jeremy Fitzhardinge writes ("Re: [Xen-devel] Re: [linux test] 2107:
regressions - FAIL"):> I''m looking at
>
http://www.chiark.greenend.org.uk/~xensrcts/logs/2107/test-amd64-i386-pair/serial-earwig.log.0;
> is that the right log?
No, you want serial-earwig.log [1], which stops here:
Sep 9 14:54:02.692632 [ 0.000000] ACPI: SRAT cf6c3bc0 00370 (v01 DELL
PE_SC3 00000001 DELL 00000001)
The log ending .0 is the previous one, prior to the last log rotation.
The log rotation occurred during the test, so both files are included.
Unfortunately, just to confuse you, the serial logfile uses British
local time whereas the other logs report times in UTC. I''ll see if I
can fix this.
Ian.
[1]
http://www.chiark.greenend.org.uk/~xensrcts/logs/2107/test-amd64-i386-pair/serial-earwig.log
_______________________________________________
Xen-devel mailing list
Xen-devel@lists.xensource.com
http://lists.xensource.com/xen-devel
Jeremy Fitzhardinge
2010-Sep-09 16:13 UTC
Re: [Xen-devel] Re: [linux test] 2107: regressions - FAIL
On 09/10/2010 01:59 AM, Ian Jackson wrote:> Jeremy Fitzhardinge writes ("Re: [Xen-devel] Re: [linux test] 2107: regressions - FAIL"): >> I''m looking at >> http://www.chiark.greenend.org.uk/~xensrcts/logs/2107/test-amd64-i386-pair/serial-earwig.log.0; >> is that the right log? > No, you want serial-earwig.log [1], which stops here: > > Sep 9 14:54:02.692632 [ 0.000000] ACPI: SRAT cf6c3bc0 00370 (v01 DELL PE_SC3 00000001 DELL 00000001) >Are all the previous boots in that file with the same kernel? J _______________________________________________ Xen-devel mailing list Xen-devel@lists.xensource.com http://lists.xensource.com/xen-devel
Ian Jackson
2010-Sep-09 16:23 UTC
Re: [Xen-devel] Re: [linux test] 2107: regressions - FAIL
Jeremy Fitzhardinge writes ("Re: [Xen-devel] Re: [linux test] 2107:
regressions - FAIL"):> Are all the previous boots in that file with the same kernel?
No. The immediately preceding boot was with the current Debian lenny
kernel, as you get in a vanilla install of lenny, for example.
Ian.
_______________________________________________
Xen-devel mailing list
Xen-devel@lists.xensource.com
http://lists.xensource.com/xen-devel