flight 2090 xen-4.0-testing real
http://www.chiark.greenend.org.uk/~xensrcts/logs/2090/
Regressions :-(
tests which did not succeed:
test-amd64-amd64-pair 12 guest-migrate/src_host/dst_host fail never pass
test-amd64-amd64-pv 8 guest-saverestore fail blocked in 2057
test-amd64-amd64-xl 8 guest-saverestore fail blocked in 2057
test-amd64-i386-pair 7 xen-boot/dst_host fail REGR. vs. 2057
test-amd64-i386-pair 6 xen-boot/src_host fail REGR. vs. 2057
test-amd64-i386-pv 4 xen-boot fail REGR. vs. 2057
test-amd64-i386-win 4 xen-boot fail REGR. vs. 2057
test-amd64-i386-xl 4 xen-boot fail REGR. vs. 2057
test-i386-i386-pair 7 xen-boot/dst_host fail REGR. vs. 2057
test-i386-i386-pair 6 xen-boot/src_host fail REGR. vs. 2057
test-i386-i386-pv 4 xen-boot fail REGR. vs. 2057
test-i386-i386-win 4 xen-boot fail REGR. vs. 2057
test-i386-i386-xl 4 xen-boot fail REGR. vs. 2057
version targeted for testing:
linux e94edadcaa0c945d0bff77e1bb23445323ea85fc
baseline version:
linux 2968b258b1ca6bd16d758dd68900669419caff2b
jobs:
build-amd64 pass
build-i386 pass
test-amd64-amd64-pair fail
test-amd64-amd64-pv fail
test-amd64-amd64-win pass
test-amd64-amd64-xl fail
test-amd64-i386-pair fail
test-amd64-i386-pv fail
test-amd64-i386-win fail
test-amd64-i386-xl fail
test-i386-i386-pair fail
test-i386-i386-pv fail
test-i386-i386-win fail
test-i386-i386-xl fail
-------------------------------------------------------------------------------
build-amd64:
1 host-install(1) pass
2 host-build-prep pass
3 xen-build pass
linux e94edadcaa0c945d0bff
qemu 0a940d892e90c820567c
xen 21336:16867267ac12
-------------------------------------------------------------------------------
build-i386:
1 host-install(1) pass
2 host-build-prep pass
3 xen-build pass
linux e94edadcaa0c945d0bff
qemu 0a940d892e90c820567c
xen 21336:16867267ac12
-------------------------------------------------------------------------------
test-amd64-amd64-pair:
1 xen-build-check(1) pass
2 host-install/src_host(2) pass
3 host-install/dst_host(3) pass
4 xen-install/src_host pass
5 xen-install/dst_host pass
6 xen-boot/src_host pass
7 xen-boot/dst_host pass
8 debian-install/dst_host pass
9 debian-fixup/dst_host pass
10 guests-nbd-mirror pass
11 guest-start pass
12 guest-migrate/src_host/dst_host fail
13 capture-logs/src_host(13) pass
14 capture-logs/dst_host(14) pass
-------------------------------------------------------------------------------
test-amd64-amd64-pv:
1 xen-build-check(1) pass
2 host-install(2) pass
3 xen-install pass
4 xen-boot pass
5 debian-install pass
6 debian-fixup pass
7 guest-start pass
8 guest-saverestore fail
9 capture-logs(9) pass
-------------------------------------------------------------------------------
test-amd64-amd64-win:
1 xen-build-check(1) pass
2 host-install(2) pass
3 xen-install pass
4 xen-boot pass
5 windows-install pass
6 guest-saverestore pass
7 guest-localmigrate pass
8 guest-saverestore.2 pass
9 guest-localmigrate.2 pass
10 guest-stop pass
11 capture-logs(11) pass
-------------------------------------------------------------------------------
test-amd64-amd64-xl:
1 xen-build-check(1) pass
2 host-install(2) pass
3 xen-install pass
4 xen-boot pass
5 debian-install pass
6 debian-fixup pass
7 guest-start pass
8 guest-saverestore fail
9 capture-logs(9) pass
-------------------------------------------------------------------------------
test-amd64-i386-pair:
1 xen-build-check(1) pass
2 host-install/src_host(2) pass
3 host-install/dst_host(3) pass
4 xen-install/src_host pass
5 xen-install/dst_host pass
6 xen-boot/src_host fail
7 xen-boot/dst_host fail
8 capture-logs/src_host(8) pass
9 capture-logs/dst_host(9) pass
-------------------------------------------------------------------------------
test-amd64-i386-pv:
1 xen-build-check(1) pass
2 host-install(2) pass
3 xen-install pass
4 xen-boot fail
5 capture-logs(5) pass
-------------------------------------------------------------------------------
test-amd64-i386-win:
1 xen-build-check(1) pass
2 host-install(2) pass
3 xen-install pass
4 xen-boot fail
5 capture-logs(5) pass
-------------------------------------------------------------------------------
test-amd64-i386-xl:
1 xen-build-check(1) pass
2 host-install(2) pass
3 xen-install pass
4 xen-boot fail
5 capture-logs(5) pass
-------------------------------------------------------------------------------
test-i386-i386-pair:
1 xen-build-check(1) pass
2 host-install/src_host(2) pass
3 host-install/dst_host(3) pass
4 xen-install/src_host pass
5 xen-install/dst_host pass
6 xen-boot/src_host fail
7 xen-boot/dst_host fail
8 capture-logs/src_host(8) pass
9 capture-logs/dst_host(9) pass
-------------------------------------------------------------------------------
test-i386-i386-pv:
1 xen-build-check(1) pass
2 host-install(2) pass
3 xen-install pass
4 xen-boot fail
5 capture-logs(5) pass
-------------------------------------------------------------------------------
test-i386-i386-win:
1 xen-build-check(1) pass
2 host-install(2) pass
3 xen-install pass
4 xen-boot fail
5 capture-logs(5) pass
-------------------------------------------------------------------------------
test-i386-i386-xl:
1 xen-build-check(1) pass
2 host-install(2) pass
3 xen-install pass
4 xen-boot fail
5 capture-logs(5) pass
------------------------------------------------------------
sg-report-flight on woking.cam.xci-test.com
logs: /home/xc_osstest/logs
images: /home/xc_osstest/images
Logs, config files, etc. are available at
http://www.chiark.greenend.org.uk/~xensrcts/logs
Test harness code can be found at
http://xenbits.xensource.com/gitweb?p=osstest.git;a=summary
Not pushing.
_______________________________________________
Xen-devel mailing list
Xen-devel@lists.xensource.com
http://lists.xensource.com/xen-devel
Jeremy Fitzhardinge
2010-Sep-07 08:57 UTC
Re: [Xen-devel] [linux test] 2090: regressions - FAIL
On 09/07/2010 06:42 PM, xen.org wrote:> flight 2090 xen-4.0-testing real > http://www.chiark.greenend.org.uk/~xensrcts/logs/2090/ > > Regressions :-(Hm, looks like I managed to break 32-bit with the ballooning changes. Though I tested 32-bit PV domU, but perhaps I broke 32-bit dom0? Anyway, looking into it. J> tests which did not succeed: > test-amd64-amd64-pair 12 guest-migrate/src_host/dst_host fail never pass > test-amd64-amd64-pv 8 guest-saverestore fail blocked in 2057 > test-amd64-amd64-xl 8 guest-saverestore fail blocked in 2057 > test-amd64-i386-pair 7 xen-boot/dst_host fail REGR. vs. 2057 > test-amd64-i386-pair 6 xen-boot/src_host fail REGR. vs. 2057 > test-amd64-i386-pv 4 xen-boot fail REGR. vs. 2057 > test-amd64-i386-win 4 xen-boot fail REGR. vs. 2057 > test-amd64-i386-xl 4 xen-boot fail REGR. vs. 2057 > test-i386-i386-pair 7 xen-boot/dst_host fail REGR. vs. 2057 > test-i386-i386-pair 6 xen-boot/src_host fail REGR. vs. 2057 > test-i386-i386-pv 4 xen-boot fail REGR. vs. 2057 > test-i386-i386-win 4 xen-boot fail REGR. vs. 2057 > test-i386-i386-xl 4 xen-boot fail REGR. vs. 2057 > > version targeted for testing: > linux e94edadcaa0c945d0bff77e1bb23445323ea85fc > baseline version: > linux 2968b258b1ca6bd16d758dd68900669419caff2b > > jobs: > build-amd64 pass > build-i386 pass > test-amd64-amd64-pair fail > test-amd64-amd64-pv fail > test-amd64-amd64-win pass > test-amd64-amd64-xl fail > test-amd64-i386-pair fail > test-amd64-i386-pv fail > test-amd64-i386-win fail > test-amd64-i386-xl fail > test-i386-i386-pair fail > test-i386-i386-pv fail > test-i386-i386-win fail > test-i386-i386-xl fail > > ------------------------------------------------------------------------------- > build-amd64: > 1 host-install(1) pass > 2 host-build-prep pass > 3 xen-build pass > linux e94edadcaa0c945d0bff > qemu 0a940d892e90c820567c > xen 21336:16867267ac12 > ------------------------------------------------------------------------------- > build-i386: > 1 host-install(1) pass > 2 host-build-prep pass > 3 xen-build pass > linux e94edadcaa0c945d0bff > qemu 0a940d892e90c820567c > xen 21336:16867267ac12 > ------------------------------------------------------------------------------- > test-amd64-amd64-pair: > 1 xen-build-check(1) pass > 2 host-install/src_host(2) pass > 3 host-install/dst_host(3) pass > 4 xen-install/src_host pass > 5 xen-install/dst_host pass > 6 xen-boot/src_host pass > 7 xen-boot/dst_host pass > 8 debian-install/dst_host pass > 9 debian-fixup/dst_host pass > 10 guests-nbd-mirror pass > 11 guest-start pass > 12 guest-migrate/src_host/dst_host fail > 13 capture-logs/src_host(13) pass > 14 capture-logs/dst_host(14) pass > ------------------------------------------------------------------------------- > test-amd64-amd64-pv: > 1 xen-build-check(1) pass > 2 host-install(2) pass > 3 xen-install pass > 4 xen-boot pass > 5 debian-install pass > 6 debian-fixup pass > 7 guest-start pass > 8 guest-saverestore fail > 9 capture-logs(9) pass > ------------------------------------------------------------------------------- > test-amd64-amd64-win: > 1 xen-build-check(1) pass > 2 host-install(2) pass > 3 xen-install pass > 4 xen-boot pass > 5 windows-install pass > 6 guest-saverestore pass > 7 guest-localmigrate pass > 8 guest-saverestore.2 pass > 9 guest-localmigrate.2 pass > 10 guest-stop pass > 11 capture-logs(11) pass > ------------------------------------------------------------------------------- > test-amd64-amd64-xl: > 1 xen-build-check(1) pass > 2 host-install(2) pass > 3 xen-install pass > 4 xen-boot pass > 5 debian-install pass > 6 debian-fixup pass > 7 guest-start pass > 8 guest-saverestore fail > 9 capture-logs(9) pass > ------------------------------------------------------------------------------- > test-amd64-i386-pair: > 1 xen-build-check(1) pass > 2 host-install/src_host(2) pass > 3 host-install/dst_host(3) pass > 4 xen-install/src_host pass > 5 xen-install/dst_host pass > 6 xen-boot/src_host fail > 7 xen-boot/dst_host fail > 8 capture-logs/src_host(8) pass > 9 capture-logs/dst_host(9) pass > ------------------------------------------------------------------------------- > test-amd64-i386-pv: > 1 xen-build-check(1) pass > 2 host-install(2) pass > 3 xen-install pass > 4 xen-boot fail > 5 capture-logs(5) pass > ------------------------------------------------------------------------------- > test-amd64-i386-win: > 1 xen-build-check(1) pass > 2 host-install(2) pass > 3 xen-install pass > 4 xen-boot fail > 5 capture-logs(5) pass > ------------------------------------------------------------------------------- > test-amd64-i386-xl: > 1 xen-build-check(1) pass > 2 host-install(2) pass > 3 xen-install pass > 4 xen-boot fail > 5 capture-logs(5) pass > ------------------------------------------------------------------------------- > test-i386-i386-pair: > 1 xen-build-check(1) pass > 2 host-install/src_host(2) pass > 3 host-install/dst_host(3) pass > 4 xen-install/src_host pass > 5 xen-install/dst_host pass > 6 xen-boot/src_host fail > 7 xen-boot/dst_host fail > 8 capture-logs/src_host(8) pass > 9 capture-logs/dst_host(9) pass > ------------------------------------------------------------------------------- > test-i386-i386-pv: > 1 xen-build-check(1) pass > 2 host-install(2) pass > 3 xen-install pass > 4 xen-boot fail > 5 capture-logs(5) pass > ------------------------------------------------------------------------------- > test-i386-i386-win: > 1 xen-build-check(1) pass > 2 host-install(2) pass > 3 xen-install pass > 4 xen-boot fail > 5 capture-logs(5) pass > ------------------------------------------------------------------------------- > test-i386-i386-xl: > 1 xen-build-check(1) pass > 2 host-install(2) pass > 3 xen-install pass > 4 xen-boot fail > 5 capture-logs(5) pass > > ------------------------------------------------------------ > sg-report-flight on woking.cam.xci-test.com > logs: /home/xc_osstest/logs > images: /home/xc_osstest/images > > Logs, config files, etc. are available at > http://www.chiark.greenend.org.uk/~xensrcts/logs > > Test harness code can be found at > http://xenbits.xensource.com/gitweb?p=osstest.git;a=summary > > > Not pushing. > > > _______________________________________________ > Xen-devel mailing list > Xen-devel@lists.xensource.com > http://lists.xensource.com/xen-devel >_______________________________________________ Xen-devel mailing list Xen-devel@lists.xensource.com http://lists.xensource.com/xen-devel
Jeremy Fitzhardinge writes ("Re: [Xen-devel] [linux test] 2090: regressions
- FAIL"):> Hm, looks like I managed to break 32-bit with the ballooning changes.
> Though I tested 32-bit PV domU, but perhaps I broke 32-bit dom0?
Oops.
> Anyway, looking into it.
Great, thanks.
Ian.
_______________________________________________
Xen-devel mailing list
Xen-devel@lists.xensource.com
http://lists.xensource.com/xen-devel
Jeremy Fitzhardinge
2010-Sep-07 23:35 UTC
Re: [Xen-devel] [linux test] 2090: regressions - FAIL
On 09/07/2010 09:51 PM, Ian Jackson wrote:> Jeremy Fitzhardinge writes ("Re: [Xen-devel] [linux test] 2090: regressions - FAIL"): >> Hm, looks like I managed to break 32-bit with the ballooning changes. >> Though I tested 32-bit PV domU, but perhaps I broke 32-bit dom0? > Oops.I can repro the bug in domU doing a 512M->4G balloon, but no fix yet. J _______________________________________________ Xen-devel mailing list Xen-devel@lists.xensource.com http://lists.xensource.com/xen-devel
Jeremy Fitzhardinge
2010-Sep-08 09:28 UTC
Re: [Xen-devel] [linux test] 2090: regressions - FAIL
On 09/07/2010 09:51 PM, Ian Jackson wrote:> Jeremy Fitzhardinge writes ("Re: [Xen-devel] [linux test] 2090: regressions - FAIL"): >> Hm, looks like I managed to break 32-bit with the ballooning changes. >> Though I tested 32-bit PV domU, but perhaps I broke 32-bit dom0? > Oops.Should be fixed now. J _______________________________________________ Xen-devel mailing list Xen-devel@lists.xensource.com http://lists.xensource.com/xen-devel