flight 2084 xen-unstable real
http://www.chiark.greenend.org.uk/~xensrcts/logs/2084/
Regressions :-(
tests which did not succeed:
 build-i386-oldkern            1 xen-build                   fail REGR. vs.2063
 build-i386                    3 xen-build                   fail REGR. vs.2063
 test-amd64-amd64-pair         7 xen-boot/dst_host            fail     like2063
 test-amd64-amd64-pv           4 xen-boot                     fail     like2063
 test-amd64-amd64-win          4 xen-boot                    fail REGR. vs.2063
 test-amd64-amd64-xl          10 guest-saverestore.2          fail   never pass
 test-amd64-i386-pair          1 xen-build-check(1)           blocked  n/a
 test-amd64-i386-pv            1 xen-build-check(1)           blocked  n/a
 test-amd64-i386-win           1 xen-build-check(1)           blocked  n/a
 test-amd64-i386-xl            1 xen-build-check(1)           blocked  n/a
 test-amd64-xcpkern-i386-pair  1 xen-build-check(1)           blocked  n/a
 test-amd64-xcpkern-i386-pv    1 xen-build-check(1)           blocked  n/a
 test-amd64-xcpkern-i386-win   1 xen-build-check(1)           blocked  n/a
 test-amd64-xcpkern-i386-xl    1 xen-build-check(1)           blocked  n/a
 test-i386-i386-pair           1 xen-build-check(1)           blocked  n/a
 test-i386-i386-pv             1 xen-build-check(1)           blocked  n/a
 test-i386-i386-win            1 xen-build-check(1)           blocked  n/a
 test-i386-i386-xl             1 xen-build-check(1)           blocked  n/a
 test-i386-xcpkern-i386-pair   1 xen-build-check(1)           blocked  n/a
 test-i386-xcpkern-i386-pv     1 xen-build-check(1)           blocked  n/a
 test-i386-xcpkern-i386-win    1 xen-build-check(1)           blocked  n/a
 test-i386-xcpkern-i386-xl     1 xen-build-check(1)           blocked  n/a
version targeted for testing:
 xen                  5f53805b349e
baseline version:
 xen                  1831912d4109
jobs:
 build-amd64                  pass     
 build-amd64-oldkern          pass     
 build-i386                   fail     
 build-i386-oldkern           fail     
 build-i386-xcpkern           pass     
 test-amd64-amd64-pair        fail     
 test-amd64-amd64-pv          fail     
 test-amd64-amd64-win         fail     
 test-amd64-amd64-xl          fail     
 test-amd64-i386-pair         blocked  
 test-amd64-i386-pv           blocked  
 test-amd64-i386-win          blocked  
 test-amd64-i386-xl           blocked  
 test-amd64-xcpkern-i386-pair blocked  
 test-amd64-xcpkern-i386-pv   blocked  
 test-amd64-xcpkern-i386-win  blocked  
 test-amd64-xcpkern-i386-xl   blocked  
 test-i386-i386-pair          blocked  
 test-i386-i386-pv            blocked  
 test-i386-i386-win           blocked  
 test-i386-i386-xl            blocked  
 test-i386-xcpkern-i386-pair  blocked  
 test-i386-xcpkern-i386-pv    blocked  
 test-i386-xcpkern-i386-win   blocked  
 test-i386-xcpkern-i386-xl    blocked  
-------------------------------------------------------------------------------
build-amd64:
 1 host-install(1)              pass     
 2 host-build-prep              pass     
 3 xen-build                    pass     
 linux           2968b258b1ca6bd16d75
 qemu            6add1c6c520ca6542125
 xen             22106:5f53805b349e
-------------------------------------------------------------------------------
build-amd64-oldkern:
 1 xen-build                    pass     
 linux           1029:9b1adfb8b0b3
 qemu            6add1c6c520ca6542125
 xen             22106:5f53805b349e
-------------------------------------------------------------------------------
build-i386:
 1 host-install(1)              pass     
 2 host-build-prep              pass     
 3 xen-build                    fail     
 xen             22106:5f53805b349e
-------------------------------------------------------------------------------
build-i386-oldkern:
 1 xen-build                    fail     
 linux           1029:9b1adfb8b0b3
 xen             22106:5f53805b349e
-------------------------------------------------------------------------------
build-i386-xcpkern:
 1 kernel-build                 pass     
 linux           110879:32fc6955a6a5
 pq_linux        154:61499f9e9a87
-------------------------------------------------------------------------------
test-amd64-amd64-pair:
 1 xen-build-check(1)           pass     
 2 host-install/src_host(2)     pass     
 3 host-install/dst_host(3)     pass     
 4 xen-install/src_host         pass     
 5 xen-install/dst_host         pass     
 6 xen-boot/src_host            pass     
 7 xen-boot/dst_host            fail     
 8 capture-logs/src_host(8)     pass     
 9 capture-logs/dst_host(9)     pass     
-------------------------------------------------------------------------------
test-amd64-amd64-pv:
 1 xen-build-check(1)           pass     
 2 host-install(2)              pass     
 3 xen-install                  pass     
 4 xen-boot                     fail     
 5 capture-logs(5)              pass     
-------------------------------------------------------------------------------
test-amd64-amd64-win:
 1 xen-build-check(1)           pass     
 2 host-install(2)              pass     
 3 xen-install                  pass     
 4 xen-boot                     fail     
 5 capture-logs(5)              pass     
-------------------------------------------------------------------------------
test-amd64-amd64-xl:
 1 xen-build-check(1)           pass     
 2 host-install(2)              pass     
 3 xen-install                  pass     
 4 xen-boot                     pass     
 5 debian-install               pass     
 6 debian-fixup                 pass     
 7 guest-start                  pass     
 8 guest-saverestore            pass     
 9 guest-localmigrate           pass     
10 guest-saverestore.2          fail     
11 capture-logs(11)             pass     
-------------------------------------------------------------------------------
test-amd64-i386-pair:
 1 xen-build-check(1)           blocked  
-------------------------------------------------------------------------------
test-amd64-i386-pv:
 1 xen-build-check(1)           blocked  
-------------------------------------------------------------------------------
test-amd64-i386-win:
 1 xen-build-check(1)           blocked  
-------------------------------------------------------------------------------
test-amd64-i386-xl:
 1 xen-build-check(1)           blocked  
-------------------------------------------------------------------------------
test-amd64-xcpkern-i386-pair:
 1 xen-build-check(1)           blocked  
-------------------------------------------------------------------------------
test-amd64-xcpkern-i386-pv:
 1 xen-build-check(1)           blocked  
-------------------------------------------------------------------------------
test-amd64-xcpkern-i386-win:
 1 xen-build-check(1)           blocked  
-------------------------------------------------------------------------------
test-amd64-xcpkern-i386-xl:
 1 xen-build-check(1)           blocked  
-------------------------------------------------------------------------------
test-i386-i386-pair:
 1 xen-build-check(1)           blocked  
-------------------------------------------------------------------------------
test-i386-i386-pv:
 1 xen-build-check(1)           blocked  
-------------------------------------------------------------------------------
test-i386-i386-win:
 1 xen-build-check(1)           blocked  
-------------------------------------------------------------------------------
test-i386-i386-xl:
 1 xen-build-check(1)           blocked  
-------------------------------------------------------------------------------
test-i386-xcpkern-i386-pair:
 1 xen-build-check(1)           blocked  
-------------------------------------------------------------------------------
test-i386-xcpkern-i386-pv:
 1 xen-build-check(1)           blocked  
-------------------------------------------------------------------------------
test-i386-xcpkern-i386-win:
 1 xen-build-check(1)           blocked  
-------------------------------------------------------------------------------
test-i386-xcpkern-i386-xl:
 1 xen-build-check(1)           blocked  
------------------------------------------------------------
sg-report-flight on woking.cam.xci-test.com
logs: /home/xc_osstest/logs
images: /home/xc_osstest/images
Logs, config files, etc. are available at
    http://www.chiark.greenend.org.uk/~xensrcts/logs
Test harness code can be found at
    http://xenbits.xensource.com/gitweb?p=osstest.git;a=summary
Not pushing.
_______________________________________________
Xen-devel mailing list
Xen-devel@lists.xensource.com
http://lists.xensource.com/xen-devel
Ian Jackson
2010-Sep-06  16:02 UTC
[Xen-devel] Re: [xen-unstable test] 2084: regressions - FAIL
Ian Jackson writes ("[xen-unstable test] 2084: regressions -
FAIL"):> flight 2084 xen-unstable real
> http://www.chiark.greenend.org.uk/~xensrcts/logs/2084/
> 
> Regressions :-(
> 
> tests which did not succeed:
>  build-i386-oldkern            1 xen-build                 fail REGR.
vs.2063
>  build-i386                    3 xen-build                 fail REGR.
vs.2063
These, and the other build failures, are due to Debian having broken
git in lenny in a security update :-/.
http://bugs.debian.org/cgi-bin/bugreport.cgi?bug=595728
Ian.
_______________________________________________
Xen-devel mailing list
Xen-devel@lists.xensource.com
http://lists.xensource.com/xen-devel