xen.org
2010-Jul-25  08:45 UTC
[Xen-devel] [xen-unstable test] 1960: tolerable FAIL - PUSHED
flight 1960 xen-unstable real
Failures :-/ but no regressions.
tests which did not succeed:
 test-amd64-amd64-pair         7 xen-boot/dst_host       fail baseline untested
 test-amd64-amd64-pair         6 xen-boot/src_host       fail baseline untested
 test-amd64-amd64-pv           4 xen-boot                fail baseline untested
 test-amd64-amd64-win          4 xen-boot                fail baseline untested
 test-amd64-amd64-xl           4 xen-boot                fail baseline untested
 test-amd64-i386-pair 12 guest-migrate/src_host/dst_host fail baseline untested
 test-amd64-i386-pv            8 guest-saverestore       fail baseline untested
 test-amd64-i386-win           5 windows-install         fail baseline untested
 test-amd64-i386-xl            8 guest-saverestore       fail baseline untested
 test-amd64-xcpkern-i386-pair 14 remus-start             fail baseline untested
 test-amd64-xcpkern-i386-xl   10 guest-stop                   fail   never pass
 test-i386-i386-pair         12 guest-migrate/src_host/dst_host fail never pass
 test-i386-i386-pv             8 guest-saverestore       fail baseline untested
 test-i386-i386-win            5 windows-install         fail baseline untested
 test-i386-i386-xl             8 guest-saverestore       fail baseline untested
 test-i386-xcpkern-i386-pair 12 guest-migrate/src_host/dst_host fail baseline
untested
 test-i386-xcpkern-i386-xl    10 guest-stop                   fail   never pass
version targeted for testing:
 xen                  ac7e4c6ec6c7
baseline version:
 xen                  b0b1a6163203
jobs:
 build-amd64                  pass     
 build-amd64-oldkern          pass     
 build-i386                   pass     
 build-i386-oldkern           pass     
 build-i386-xcpkern           pass     
 test-amd64-amd64-pair        fail     
 test-amd64-amd64-pv          fail     
 test-amd64-amd64-win         fail     
 test-amd64-amd64-xl          fail     
 test-amd64-i386-pair         fail     
 test-amd64-i386-pv           fail     
 test-amd64-i386-win          fail     
 test-amd64-i386-xl           fail     
 test-amd64-xcpkern-i386-pair fail     
 test-amd64-xcpkern-i386-pv   pass     
 test-amd64-xcpkern-i386-win  pass     
 test-amd64-xcpkern-i386-xl   fail     
 test-i386-i386-pair          fail     
 test-i386-i386-pv            fail     
 test-i386-i386-win           fail     
 test-i386-i386-xl            fail     
 test-i386-xcpkern-i386-pair  fail     
 test-i386-xcpkern-i386-pv    pass     
 test-i386-xcpkern-i386-win   pass     
 test-i386-xcpkern-i386-xl    fail     
-------------------------------------------------------------------------------
build-amd64:
 1 host-install(1)              pass     
 2 host-build-prep              pass     
 3 xen-build                    pass     
 linux           c0a00fbeb3b16c473c0f
 qemu            833e7e9a4c95739429dc
 xen             21859:ac7e4c6ec6c7
-------------------------------------------------------------------------------
build-amd64-oldkern:
 1 xen-build                    pass     
 linux           1023:85ca9742b8b9
 qemu            833e7e9a4c95739429dc
 xen             21859:ac7e4c6ec6c7
-------------------------------------------------------------------------------
build-i386:
 1 host-install(1)              pass     
 2 host-build-prep              pass     
 3 xen-build                    pass     
 linux           c0a00fbeb3b16c473c0f
 qemu            833e7e9a4c95739429dc
 xen             21859:ac7e4c6ec6c7
-------------------------------------------------------------------------------
build-i386-oldkern:
 1 xen-build                    pass     
 linux           1023:85ca9742b8b9
 qemu            833e7e9a4c95739429dc
 xen             21859:ac7e4c6ec6c7
-------------------------------------------------------------------------------
build-i386-xcpkern:
 1 kernel-build                 pass     
 linux           811:d1c43bf74f7c
 pq_linux        773:e16c9e905eb1
-------------------------------------------------------------------------------
test-amd64-amd64-pair:
 1 xen-build-check(1)           pass     
 2 host-install/src_host(2)     pass     
 3 host-install/dst_host(3)     pass     
 4 xen-install/src_host         pass     
 5 xen-install/dst_host         pass     
 6 xen-boot/src_host            fail     
 7 xen-boot/dst_host            fail     
 8 capture-logs/src_host(8)     pass     
 9 capture-logs/dst_host(9)     pass     
-------------------------------------------------------------------------------
test-amd64-amd64-pv:
 1 xen-build-check(1)           pass     
 2 host-install(2)              pass     
 3 xen-install                  pass     
 4 xen-boot                     fail     
 5 capture-logs(5)              pass     
-------------------------------------------------------------------------------
test-amd64-amd64-win:
 1 xen-build-check(1)           pass     
 2 host-install(2)              pass     
 3 xen-install                  pass     
 4 xen-boot                     fail     
 5 capture-logs(5)              pass     
-------------------------------------------------------------------------------
test-amd64-amd64-xl:
 1 xen-build-check(1)           pass     
 2 host-install(2)              pass     
 3 xen-install                  pass     
 4 xen-boot                     fail     
 5 capture-logs(5)              pass     
-------------------------------------------------------------------------------
test-amd64-i386-pair:
 1 xen-build-check(1)           pass     
 2 host-install/src_host(2)     pass     
 3 host-install/dst_host(3)     pass     
 4 xen-install/src_host         pass     
 5 xen-install/dst_host         pass     
 6 xen-boot/src_host            pass     
 7 xen-boot/dst_host            pass     
 8 debian-install/dst_host      pass     
 9 debian-fixup/dst_host        pass     
10 guests-nbd-mirror            pass     
11 guest-start                  pass     
12 guest-migrate/src_host/dst_host fail     
13 capture-logs/src_host(13)    pass     
14 capture-logs/dst_host(14)    pass     
-------------------------------------------------------------------------------
test-amd64-i386-pv:
 1 xen-build-check(1)           pass     
 2 host-install(2)              pass     
 3 xen-install                  pass     
 4 xen-boot                     pass     
 5 debian-install               pass     
 6 debian-fixup                 pass     
 7 guest-start                  pass     
 8 guest-saverestore            fail     
 9 capture-logs(9)              pass     
-------------------------------------------------------------------------------
test-amd64-i386-win:
 1 xen-build-check(1)           pass     
 2 host-install(2)              pass     
 3 xen-install                  pass     
 4 xen-boot                     pass     
 5 windows-install              fail     
 6 capture-logs(6)              pass     
-------------------------------------------------------------------------------
test-amd64-i386-xl:
 1 xen-build-check(1)           pass     
 2 host-install(2)              pass     
 3 xen-install                  pass     
 4 xen-boot                     pass     
 5 debian-install               pass     
 6 debian-fixup                 pass     
 7 guest-start                  pass     
 8 guest-saverestore            fail     
 9 capture-logs(9)              pass     
-------------------------------------------------------------------------------
test-amd64-xcpkern-i386-pair:
 1 xen-build-check(1)           pass     
 2 host-install/src_host(2)     pass     
 3 host-install/dst_host(3)     pass     
 4 xen-install/src_host         pass     
 5 xen-install/dst_host         pass     
 6 xen-boot/src_host            pass     
 7 xen-boot/dst_host            pass     
 8 debian-install/dst_host      pass     
 9 debian-fixup/dst_host        pass     
10 guests-nbd-mirror            pass     
11 guest-start                  pass     
12 guest-migrate/src_host/dst_host pass     
13 guest-migrate/dst_host/src_host pass     
14 remus-start                  fail     
15 capture-logs/src_host(15)    pass     
16 capture-logs/dst_host(16)    pass     
-------------------------------------------------------------------------------
test-amd64-xcpkern-i386-pv:
 1 xen-build-check(1)           pass     
 2 host-install(2)              pass     
 3 xen-install                  pass     
 4 xen-boot                     pass     
 5 debian-install               pass     
 6 debian-fixup                 pass     
 7 guest-start                  pass     
 8 guest-saverestore            pass     
 9 guest-localmigrate           pass     
10 guest-stop                   pass     
11 capture-logs(11)             pass     
-------------------------------------------------------------------------------
test-amd64-xcpkern-i386-win:
 1 xen-build-check(1)           pass     
 2 host-install(2)              pass     
 3 xen-install                  pass     
 4 xen-boot                     pass     
 5 windows-install              pass     
 6 guest-saverestore            pass     
 7 guest-localmigrate           pass     
 8 guest-stop                   pass     
 9 capture-logs(9)              pass     
-------------------------------------------------------------------------------
test-amd64-xcpkern-i386-xl:
 1 xen-build-check(1)           pass     
 2 host-install(2)              pass     
 3 xen-install                  pass     
 4 xen-boot                     pass     
 5 debian-install               pass     
 6 debian-fixup                 pass     
 7 guest-start                  pass     
 8 guest-saverestore            pass     
 9 guest-localmigrate           pass     
10 guest-stop                   fail     
11 capture-logs(11)             pass     
-------------------------------------------------------------------------------
test-i386-i386-pair:
 1 xen-build-check(1)           pass     
 2 host-install/src_host(2)     pass     
 3 host-install/dst_host(3)     pass     
 4 xen-install/src_host         pass     
 5 xen-install/dst_host         pass     
 6 xen-boot/src_host            pass     
 7 xen-boot/dst_host            pass     
 8 debian-install/dst_host      pass     
 9 debian-fixup/dst_host        pass     
10 guests-nbd-mirror            pass     
11 guest-start                  pass     
12 guest-migrate/src_host/dst_host fail     
13 capture-logs/src_host(13)    pass     
14 capture-logs/dst_host(14)    pass     
-------------------------------------------------------------------------------
test-i386-i386-pv:
 1 xen-build-check(1)           pass     
 2 host-install(2)              pass     
 3 xen-install                  pass     
 4 xen-boot                     pass     
 5 debian-install               pass     
 6 debian-fixup                 pass     
 7 guest-start                  pass     
 8 guest-saverestore            fail     
 9 capture-logs(9)              pass     
-------------------------------------------------------------------------------
test-i386-i386-win:
 1 xen-build-check(1)           pass     
 2 host-install(2)              pass     
 3 xen-install                  pass     
 4 xen-boot                     pass     
 5 windows-install              fail     
 6 capture-logs(6)              pass     
-------------------------------------------------------------------------------
test-i386-i386-xl:
 1 xen-build-check(1)           pass     
 2 host-install(2)              pass     
 3 xen-install                  pass     
 4 xen-boot                     pass     
 5 debian-install               pass     
 6 debian-fixup                 pass     
 7 guest-start                  pass     
 8 guest-saverestore            fail     
 9 capture-logs(9)              pass     
-------------------------------------------------------------------------------
test-i386-xcpkern-i386-pair:
 1 xen-build-check(1)           pass     
 2 host-install/src_host(2)     pass     
 3 host-install/dst_host(3)     pass     
 4 xen-install/src_host         pass     
 5 xen-install/dst_host         pass     
 6 xen-boot/src_host            pass     
 7 xen-boot/dst_host            pass     
 8 debian-install/dst_host      pass     
 9 debian-fixup/dst_host        pass     
10 guests-nbd-mirror            pass     
11 guest-start                  pass     
12 guest-migrate/src_host/dst_host fail     
13 capture-logs/src_host(13)    pass     
14 capture-logs/dst_host(14)    pass     
-------------------------------------------------------------------------------
test-i386-xcpkern-i386-pv:
 1 xen-build-check(1)           pass     
 2 host-install(2)              pass     
 3 xen-install                  pass     
 4 xen-boot                     pass     
 5 debian-install               pass     
 6 debian-fixup                 pass     
 7 guest-start                  pass     
 8 guest-saverestore            pass     
 9 guest-localmigrate           pass     
10 guest-stop                   pass     
11 capture-logs(11)             pass     
-------------------------------------------------------------------------------
test-i386-xcpkern-i386-win:
 1 xen-build-check(1)           pass     
 2 host-install(2)              pass     
 3 xen-install                  pass     
 4 xen-boot                     pass     
 5 windows-install              pass     
 6 guest-saverestore            pass     
 7 guest-localmigrate           pass     
 8 guest-stop                   pass     
 9 capture-logs(9)              pass     
-------------------------------------------------------------------------------
test-i386-xcpkern-i386-xl:
 1 xen-build-check(1)           pass     
 2 host-install(2)              pass     
 3 xen-install                  pass     
 4 xen-boot                     pass     
 5 debian-install               pass     
 6 debian-fixup                 pass     
 7 guest-start                  pass     
 8 guest-saverestore            pass     
 9 guest-localmigrate           pass     
10 guest-stop                   fail     
11 capture-logs(11)             pass     
------------------------------------------------------------
sg-report-flight on woking.cam.xci-test.com
logs: /home/xc_osstest/logs
images: /home/xc_osstest/images
Logs, config files, etc. are available at
    http://www.chiark.greenend.org.uk/~xensrcts/logs
Pushing revision :
+ branch=xen-unstable
+ revision=ac7e4c6ec6c7
+ cd repos/xen-unstable.hg
+ hg push -r ac7e4c6ec6c7 ssh://xen@xenbits.xensource.com/HG/xen-unstable.hg
pushing to ssh://xen@xenbits.xensource.com/HG/xen-unstable.hg
searching for changes
remote: adding changesets
remote: adding manifests
remote: adding file changes
remote: added 19 changesets with 41 changes to 21 files
_______________________________________________
Xen-devel mailing list
Xen-devel@lists.xensource.com
http://lists.xensource.com/xen-devel
Ian Jackson
2010-Jul-26  10:05 UTC
[Xen-devel] Re: [xen-unstable test] 1960: tolerable FAIL - PUSHED
Ian Jackson writes ("[xen-unstable test] 1960: tolerable FAIL -
PUSHED"):> flight 1960 xen-unstable real
> 
> Failures :-/ but no regressions.
...> Pushing revision :
This is the output from the automatic tests which control pushing from
staging to xen-unstable, which we thought we should publish.
Ian.
_______________________________________________
Xen-devel mailing list
Xen-devel@lists.xensource.com
http://lists.xensource.com/xen-devel
George Dunlap
2010-Jul-26  10:08 UTC
Re: [Xen-devel] Re: [xen-unstable test] 1960: tolerable FAIL - PUSHED
Is there a list anywhere describing the tests, what they''re doing, and how to reproduce them? That might make the mails more helpful. -George On Mon, Jul 26, 2010 at 11:05 AM, Ian Jackson <Ian.Jackson@eu.citrix.com> wrote:> Ian Jackson writes ("[xen-unstable test] 1960: tolerable FAIL - PUSHED"): >> flight 1960 xen-unstable real >> >> Failures :-/ but no regressions. > ... >> Pushing revision : > > This is the output from the automatic tests which control pushing from > staging to xen-unstable, which we thought we should publish. > > Ian. > > _______________________________________________ > Xen-devel mailing list > Xen-devel@lists.xensource.com > http://lists.xensource.com/xen-devel >_______________________________________________ Xen-devel mailing list Xen-devel@lists.xensource.com http://lists.xensource.com/xen-devel
Ian Jackson
2010-Jul-26  10:21 UTC
Re: [Xen-devel] Re: [xen-unstable test] 1960: tolerable FAIL - PUSHED
George Dunlap writes ("Re: [Xen-devel] Re: [xen-unstable test] 1960:
tolerable FAIL - PUSHED"):> Is there a list anywhere describing the tests, what they''re doing,
and
> how to reproduce them?  That might make the mails more helpful.
I should publish the repo containing the test scripts.  There''s not
much documentation I''m afraid.  In principle you can see what
they''re
doing by looking at the transcripts ("3.ts-xen-install.log" etc.)
The tests are named as follows:
  test-{amd64,i386}{,-xcpkern}-{amd64,i386}-{pv,xl,win,pair}
       ^Xen arch    ^kernel     ^dom0 arch   ^test kind
"-xcpkern" is a variant of the kernel used by XCP.  "" is
dom0 pvops.
The tests are:
  -pv     tests of a single PV domain on one host using xend and xm
  -xl     tests of a single PV domain on one host using libxl and xl
  -pair   two host test including migration and remus
  -win    HVM install of Windows
Ian.
_______________________________________________
Xen-devel mailing list
Xen-devel@lists.xensource.com
http://lists.xensource.com/xen-devel
Pasi Kärkkäinen
2010-Jul-26  15:59 UTC
Re: [Xen-devel] Re: [xen-unstable test] 1960: tolerable FAIL - PUSHED
On Mon, Jul 26, 2010 at 11:21:50AM +0100, Ian Jackson wrote:> George Dunlap writes ("Re: [Xen-devel] Re: [xen-unstable test] 1960: tolerable FAIL - PUSHED"): > > Is there a list anywhere describing the tests, what they''re doing, and > > how to reproduce them? That might make the mails more helpful. > > I should publish the repo containing the test scripts. There''s not > much documentation I''m afraid. In principle you can see what they''re > doing by looking at the transcripts ("3.ts-xen-install.log" etc.) > > The tests are named as follows: > test-{amd64,i386}{,-xcpkern}-{amd64,i386}-{pv,xl,win,pair} > ^Xen arch ^kernel ^dom0 arch ^test kind > > "-xcpkern" is a variant of the kernel used by XCP. "" is dom0 pvops. >Could you tell more about the kernels used.. Exact versions? Might be good info to know for others when testing things on their own systems.. -- Pasi> The tests are: > -pv tests of a single PV domain on one host using xend and xm > -xl tests of a single PV domain on one host using libxl and xl > -pair two host test including migration and remus > -win HVM install of Windows > > Ian. > > _______________________________________________ > Xen-devel mailing list > Xen-devel@lists.xensource.com > http://lists.xensource.com/xen-devel_______________________________________________ Xen-devel mailing list Xen-devel@lists.xensource.com http://lists.xensource.com/xen-devel
Ian Jackson
2010-Jul-26  16:29 UTC
Re: [Xen-devel] Re: [xen-unstable test] 1960: tolerable FAIL - PUSHED
Pasi Kärkkäinen writes ("Re: [Xen-devel] Re: [xen-unstable test] 1960:
tolerable FAIL - PUSHED"):> Could you tell more about the kernels used.. Exact versions? 
The exact versions are a bit obscured but they are in the logs.  For
example,
  
http://www.chiark.greenend.org.uk/~xensrcts/logs/1960/build-amd64/3.ts-xen-build.log
has this quite near the top:
  2010-07-24 18:59:40 Z setting revision_linux  2010-07-24 18:59:40 Z setting
revision_pq_linux  2010-07-24 18:59:40 Z setting revision_qemu  2010-07-24
18:59:40 Z setting revision_xen=ac7e4c6ec6c7
  2010-07-24 18:59:40 Z setting
tree_linux=git://git.kernel.org/pub/scm/linux/kernel/git/jeremy/xen.git
  2010-07-24 18:59:40 Z setting
tree_qemu=git://mariner.uk.xensource.com/qemu-xen-unstable.git
  2010-07-24 18:59:40 Z setting
tree_xen=http://hg.uk.xensource.com/xen-unstable.hg
and then quite near the end:
  2010-07-24 19:19:47 Z runvar store: built_vcs_linux=git
  2010-07-24 19:19:47 Z runvar store:
built_revision_linux=c0a00fbeb3b16c473c0f2081a3360d2f8a795061
  2010-07-24 19:19:47 Z runvar store:
built_xen_kerneldirs=linux-2.6-pvops.git/.git
So that tells you that it cloned
  git://git.kernel.org/pub/scm/linux/kernel/git/jeremy/xen.git
without an intention to test a specific revision of the kernel and
that the version it actually got was
  c0a00fbeb3b16c473c0f2081a3360d2f8a795061
> Might be good info to know for others when testing things on their
> own systems..
The reporting is a bit bare-bones.  Perhaps I should have it write a
web page for each flight (test run) which gives these kind of vital
statistics.
Ian.
_______________________________________________
Xen-devel mailing list
Xen-devel@lists.xensource.com
http://lists.xensource.com/xen-devel