flight 22431 xen-unstable real [real]
http://www.chiark.greenend.org.uk/~xensrcts/logs/22431/
Failures :-/ but no regressions.
Tests which are failing intermittently (not blocking):
test-amd64-amd64-xl-qemut-win7-amd64 7 windows-install fail pass in 22429
test-amd64-amd64-xl-winxpsp3 9 guest-localmigrate fail pass in 22429
test-amd64-i386-xl-win7-amd64 7 windows-install fail pass in 22429
test-amd64-amd64-xl-sedf-pin 7 debian-install fail in 22429 pass in 22431
Regressions which are regarded as allowable (not blocking):
test-amd64-amd64-xl-sedf-pin 9 guest-start fail blocked in 22429
Tests which did not succeed, but are not blocking:
test-amd64-amd64-xl-pcipt-intel 9 guest-start fail never pass
test-amd64-i386-xend-winxpsp3 16 leak-check/check fail never pass
test-amd64-amd64-xl-qemuu-win7-amd64 13 guest-stop fail never pass
test-amd64-amd64-xl-win7-amd64 13 guest-stop fail never pass
test-armhf-armhf-xl 5 xen-boot fail never pass
test-amd64-amd64-xl-qemut-winxpsp3 13 guest-stop fail never pass
test-amd64-i386-xend-qemut-winxpsp3 16 leak-check/check fail never pass
test-amd64-i386-xl-qemut-winxpsp3-vcpus1 13 guest-stop fail never pass
test-amd64-i386-xl-qemut-win7-amd64 13 guest-stop fail never pass
test-amd64-amd64-xl-qemuu-winxpsp3 13 guest-stop fail never pass
test-amd64-i386-xl-winxpsp3-vcpus1 13 guest-stop fail never pass
test-amd64-amd64-xl-qemut-win7-amd64 13 guest-stop fail in 22429 never pass
test-amd64-amd64-xl-winxpsp3 13 guest-stop fail in 22429 never pass
test-amd64-i386-xl-win7-amd64 13 guest-stop fail in 22429 never pass
version targeted for testing:
xen e423b5cd60ff95ba3680e2e4a8440d4d19b2b13e
baseline version:
xen e423b5cd60ff95ba3680e2e4a8440d4d19b2b13e
jobs:
build-amd64 pass
build-armhf pass
build-i386 pass
build-amd64-oldkern pass
build-i386-oldkern pass
build-amd64-pvops pass
build-armhf-pvops pass
build-i386-pvops pass
test-amd64-amd64-xl pass
test-armhf-armhf-xl fail
test-amd64-i386-xl pass
test-amd64-i386-rhel6hvm-amd pass
test-amd64-i386-qemut-rhel6hvm-amd pass
test-amd64-i386-qemuu-rhel6hvm-amd pass
test-amd64-i386-freebsd10-amd64 pass
test-amd64-amd64-xl-qemut-win7-amd64 fail
test-amd64-i386-xl-qemut-win7-amd64 fail
test-amd64-amd64-xl-qemuu-win7-amd64 fail
test-amd64-amd64-xl-win7-amd64 fail
test-amd64-i386-xl-win7-amd64 fail
test-amd64-i386-xl-credit2 pass
test-amd64-i386-freebsd10-i386 pass
test-amd64-amd64-xl-pcipt-intel fail
test-amd64-i386-rhel6hvm-intel pass
test-amd64-i386-qemut-rhel6hvm-intel pass
test-amd64-i386-qemuu-rhel6hvm-intel pass
test-amd64-i386-xl-multivcpu pass
test-amd64-amd64-pair pass
test-amd64-i386-pair pass
test-amd64-amd64-xl-sedf-pin fail
test-amd64-amd64-pv pass
test-amd64-i386-pv pass
test-amd64-amd64-xl-sedf pass
test-amd64-i386-xl-qemut-winxpsp3-vcpus1 fail
test-amd64-i386-xl-winxpsp3-vcpus1 fail
test-amd64-i386-xend-qemut-winxpsp3 fail
test-amd64-amd64-xl-qemut-winxpsp3 fail
test-amd64-amd64-xl-qemuu-winxpsp3 fail
test-amd64-i386-xend-winxpsp3 fail
test-amd64-amd64-xl-winxpsp3 fail
------------------------------------------------------------
sg-report-flight on woking.cam.xci-test.com
logs: /home/xc_osstest/logs
images: /home/xc_osstest/images
Logs, config files, etc. are available at
http://www.chiark.greenend.org.uk/~xensrcts/logs
Test harness code can be found at
http://xenbits.xensource.com/gitweb?p=osstest.git;a=summary
Published tested tree is already up to date.