flight 22339 linux-3.4 real [real]
http://www.chiark.greenend.org.uk/~xensrcts/logs/22339/
Regressions :-(
Tests which did not succeed and are blocking,
including tests which could not be run:
test-amd64-i386-xl-multivcpu 14 guest-localmigrate/x10 fail REGR. vs. 22291
test-amd64-amd64-xl-qemuu-win7-amd64 12 guest-localmigrate/x10 fail REGR. vs.
22291
test-amd64-i386-xl-winxpsp3-vcpus1 9 guest-localmigrate fail REGR. vs. 22291
Regressions which are regarded as allowable (not blocking):
test-amd64-i386-xl-win7-amd64 7 windows-install fail like 22291
test-amd64-amd64-xl-winxpsp3 7 windows-install fail like 22291
test-amd64-amd64-xl-qemuu-winxpsp3 7 windows-install fail like 22291
test-amd64-amd64-xl-qemut-winxpsp3 7 windows-install fail like 22291
Tests which did not succeed, but are not blocking:
test-amd64-i386-xl-qemut-winxpsp3-vcpus1 13 guest-stop fail never pass
test-amd64-amd64-xl-win7-amd64 13 guest-stop fail never pass
test-amd64-amd64-xl-qemut-win7-amd64 13 guest-stop fail never pass
test-amd64-i386-xl-qemut-win7-amd64 13 guest-stop fail never pass
test-amd64-amd64-xl-pcipt-intel 9 guest-start fail never pass
test-amd64-i386-xend-qemut-winxpsp3 16 leak-check/check fail never pass
test-amd64-i386-xend-winxpsp3 16 leak-check/check fail never pass
version targeted for testing:
linux 50b673d2fefba609f4a84e889277c5e12ce6a93d
baseline version:
linux 44d19f5a04ae4e433548ba2f25e4d2ccfcac765e
------------------------------------------------------------
People who touched revisions under test:
Alasdair G Kergon <agk@redhat.com>
Alex Williamson <alex.williamson@redhat.com>
Andreas Henriksson <andreas@fatal.se>
Bruno Prémont <bonbons@linux-vserver.org>
Chris Ball <cjb@laptop.org>
Chris Metcalf <cmetcalf@tilera.com>
Dan Carpenter <dan.carpenter@oracle.com>
Daniel Borkmann <dborkman@redhat.com>
David S. Miller <davem@davemloft.net>
Ding Tianhong <dingtianhong@huawei.com>
Duan Jiong <duanj.fnst@cn.fujitsu.com>
Eric Dumazet <edumazet@google.com>
Eric Wong <normalperson@yhbt.net>
Fan Du <fan.du@windriver.com>
Greg Kroah-Hartman <gregkh@linuxfoundation.org>
Hannes Frederic Sowa <hannes@stressinduktion.org>
J. Bruce Fields <bfields@redhat.com>
Jan Stancek <jstancek@redhat.com>
Jens Axboe <axboe@kernel.dk>
Jiri Kosina <jkosina@suse.cz>
Joerg Roedel <joro@8bytes.org>
Jukka Rissanen <jukka.rissanen@linux.intel.com>
Julian Stecklina <jsteckli@os.inf.tu-dresden.de>
Kees Cook <keescook@chromium.org>
Kefeng Wang <wangkefeng.wang@huawei.com>
KOBAYASHI Yoshitake <yoshitake.kobayashi@toshiba.co.jp>
Mikulas Patocka <mpatocka@redhat.com>
Nikolay Aleksandrov <nikolay@redhat.com>
Salam Noureddine <noureddine@aristanetworks.com>
Sasha Levin <sasha.levin@oracle.com>
Shawn Landden <shawn@churchofgit.com>
Stanislav Kinsbursky <skinsbursky@parallels.com>
Tejun Heo <tj@kernel.org>
Tomi Valkeinen <tomi.valkeinen@ti.com>
Tomoki Sekiyama <tomoki.sekiyama@hds.com>
Veaceslav Falico <vfalico@redhat.com>
Vlad Yasevich <vyasevic@redhat.com>
Weng Meiling <wengmeiling.weng@huawei.com>
Ying Xue <ying.xue@windriver.com>
------------------------------------------------------------
jobs:
build-amd64 pass
build-i386 pass
build-amd64-pvops pass
build-i386-pvops pass
test-amd64-amd64-xl pass
test-amd64-i386-xl pass
test-amd64-i386-rhel6hvm-amd pass
test-amd64-i386-qemut-rhel6hvm-amd pass
test-amd64-i386-qemuu-rhel6hvm-amd pass
test-amd64-i386-freebsd10-amd64 pass
test-amd64-amd64-xl-qemut-win7-amd64 fail
test-amd64-i386-xl-qemut-win7-amd64 fail
test-amd64-amd64-xl-qemuu-win7-amd64 fail
test-amd64-amd64-xl-win7-amd64 fail
test-amd64-i386-xl-win7-amd64 fail
test-amd64-i386-xl-credit2 pass
test-amd64-i386-freebsd10-i386 pass
test-amd64-amd64-xl-pcipt-intel fail
test-amd64-i386-rhel6hvm-intel pass
test-amd64-i386-qemut-rhel6hvm-intel pass
test-amd64-i386-qemuu-rhel6hvm-intel pass
test-amd64-i386-xl-multivcpu fail
test-amd64-amd64-pair pass
test-amd64-i386-pair pass
test-amd64-amd64-xl-sedf-pin pass
test-amd64-amd64-pv pass
test-amd64-i386-pv pass
test-amd64-amd64-xl-sedf pass
test-amd64-i386-xl-qemut-winxpsp3-vcpus1 fail
test-amd64-i386-xl-winxpsp3-vcpus1 fail
test-amd64-i386-xend-qemut-winxpsp3 fail
test-amd64-amd64-xl-qemut-winxpsp3 fail
test-amd64-amd64-xl-qemuu-winxpsp3 fail
test-amd64-i386-xend-winxpsp3 fail
test-amd64-amd64-xl-winxpsp3 fail
------------------------------------------------------------
sg-report-flight on woking.cam.xci-test.com
logs: /home/xc_osstest/logs
images: /home/xc_osstest/images
Logs, config files, etc. are available at
http://www.chiark.greenend.org.uk/~xensrcts/logs
Test harness code can be found at
http://xenbits.xensource.com/gitweb?p=osstest.git;a=summary
Not pushing.
(No revision log; it would be 920 lines long.)
--===============6109362318541727985=Content-Type: text/plain;
charset="us-ascii"
MIME-Version: 1.0
Content-Transfer-Encoding: 7bit
Content-Disposition: inline
_______________________________________________
Xen-devel mailing list
Xen-devel@lists.xen.org
http://lists.xen.org/xen-devel
--===============6109362318541727985==--