flight 22300 linux-3.10 real [real]
http://www.chiark.greenend.org.uk/~xensrcts/logs/22300/
Failures :-/ but no regressions.
Tests which are failing intermittently (not blocking):
 test-amd64-amd64-xl-winxpsp3  8 guest-saverestore           fail pass in 22290
Regressions which are regarded as allowable (not blocking):
 test-amd64-i386-xl-winxpsp3-vcpus1  9 guest-localmigrate       fail like 22191
 test-amd64-i386-pair 17 guest-migrate/src_host/dst_host fail like 22306-bisect
Tests which did not succeed, but are not blocking:
 test-amd64-i386-freebsd10-i386  8 guest-saverestore            fail never pass
 test-amd64-amd64-xl-pcipt-intel  9 guest-start                 fail never pass
 test-amd64-i386-freebsd10-amd64  8 guest-saverestore           fail never pass
 test-amd64-amd64-xl-qemuu-win7-amd64 13 guest-stop             fail never pass
 test-amd64-i386-xend-qemut-winxpsp3 16 leak-check/check        fail never pass
 test-amd64-i386-xl-qemut-winxpsp3-vcpus1 13 guest-stop         fail never pass
 test-amd64-i386-xl-qemut-win7-amd64 13 guest-stop              fail never pass
 test-amd64-amd64-xl-win7-amd64 13 guest-stop                   fail never pass
 test-amd64-amd64-xl-qemut-win7-amd64 13 guest-stop             fail never pass
 test-amd64-i386-xend-winxpsp3 16 leak-check/check             fail  never pass
 test-amd64-amd64-xl-qemuu-winxpsp3 13 guest-stop               fail never pass
 test-amd64-i386-xl-win7-amd64 13 guest-stop                   fail  never pass
 test-amd64-amd64-xl-qemut-winxpsp3 13 guest-stop               fail never pass
 test-amd64-i386-xl-winxpsp3-vcpus1 13 guest-stop      fail in 22290 never pass
 test-amd64-amd64-xl-winxpsp3 13 guest-stop            fail in 22290 never pass
version targeted for testing:
 linux                538069756ce13f9d0e0ccb7a17b6935a0bfb7cad
baseline version:
 linux                43d8b1ef8250705d07fadceefa44f91b32e08328
------------------------------------------------------------
People who touched revisions under test:
  "Theodore Ts''o" <tytso@mit.edu>
  Aaron Lu <aaron.lu@intel.com>
  Akira Takeuchi <takeuchi.akr@jp.panasonic.com>
  Alasdair G Kergon <agk@redhat.com>
  Alex Deucher <alexander.deucher@amd.com>
  Alexander Sverdlin <alexander.sverdlin@nsn.com>
  Amitkumar Karwar <akarwar@marvell.com>
  Andreas Bießmann <andreas@biessmann.de>
  Andrew Morton <akpm@linux-foundation.org>
  Anssi Hannula <anssi.hannula@iki.fi>
  Arnaldo Carvalho de Melo <acme@redhat.com>
  Avinash Patil <patila@marvell.com>
  Bart Van Assche <bvanassche@acm.org>
  Ben Skeggs <bskeggs@redhat.com>
  Benjamin Herrenschmidt <benh@kernel.crashing.org>
  Benjamin Tissoires <benjamin.tissoires@redhat.com>
  Bing Zhao <bzhao@marvell.com>
  Bjorn Helgaas <bhelgaas@google.com>
  Brian Austin <brian.austin@cirrus.com>
  Brian Norris <computersforpeace@gmail.com>
  Charles Keepax <ckeepax@opensource.wolfsonmicro.com>
  Chris Ball <cjb@laptop.org>
  Christian König <christian.koenig@amd.com>
  Dan Carpenter <dan.carpenter@oracle.com>
  Dan Williams <dan.j.williams@intel.com>
  Dan Williams <dcbw@redhat.com>
  Daniel Stone <daniels@collabora.com>
  Daniel Vetter <daniel.vetter@ffwll.ch>
  Dave Airlie <airlied@redhat.com>
  Dave Jiang <dave.jiang@intel.com>
  David Herrmann <dh.herrmann@gmail.com>
  David Howells <dhowells@redhat.com>
  David S. Miller <davem@davemloft.net>
  Davidlohr Bueso <davidlohr@hp.com>
  Dmitry Torokhov <dmitry.torokhov@gmail.com>
  Doug Anderson <dianders@chromium.org>
  Elias Vanderstuyft <Elias.vds@gmail.com>
  Emmanuel Grumbach <emmanuel.grumbach@intel.com>
  Eric Dumazet <edumazet@google.com>
  Eric Paris <eparis@redhat.com>
  Eric Seppanen <eric@purestorage.com>
  Eric Van Hensbergen <ericvh@gmail.com>
  Felipe Pena <felipensp@gmail.com>
  Forest Bond <forest.bond@rapidrollout.com>
  Frank Blaschka <frank.blaschka@de.ibm.com>
  Frank Zago <frank@zago.net>
  Greg Kroah-Hartman <gregkh@linuxfoundation.org>
  Gwendal Grignou <gwendal@google.com>
  Hans-Christian Egtvedt <egtvedt@samfundet.no>
  Heiko Carstens <heiko.carstens@de.ibm.com>
  Helge Deller <deller@gmx.de>
  Huang Shijie <b32955@freescale.com>
  Ian Campbell <ian.campbell@citrix.com>
  Ilija Hadzic <ihadzic@research.bell-labs.com>
  Ionut Nicu <ioan.nicu.ext@nsn.com>
  Jakob Bornecrantz <jakob@vmware.com>
  James Ralston <james.d.ralston@intel.com>
  Jan Kara <jack@suse.cz>
  Jason Cooper <jason@lakedaemon.net>
  Jeff Layton <jlayton@redhat.com>
  Jens Axboe <axboe@kernel.dk>
  Jeremy Allison <jra@samba.org>
  Jerome Glisse <jglisse@redhat.com>
  Jiada Wang <jiada_wang@mentor.com>
  Jingoo Han <jg1.han@samsung.com>
  Jiri Kosina <jkosina@suse.cz>
  Joe Thornber <ejt@redhat.com>
  Johan Hovold <jhovold@gmail.com>
  Johannes Berg <johannes.berg@intel.com>
  Johannes Koch <johannes@ortsraum.de>
  John Stultz <john.stultz@linaro.org>
  John W. Linville <linville@tuxdriver.com>
  Jonathan Austin <jonathan.austin@arm.com>
  Jonathan Cameron <jic23@kernel.org>
  Joseph Salisbury <joseph.salisbury@canonical.com>
  Junichi Nomura <j-nomura@ce.jp.nec.com>
  Juri Lelli <juri.lelli@gmail.com>
  KaiChung Cheng <kenny_cheng@wistron.com>
  Kailang Yang <kailang@realtek.com>
  Kamal Mostafa <kamal@canonical.com>
  Kees Cook <keescook@chromium.org>
  Kevin Hilman <khilman@linaro.org>
  Kiyoshi Owada <owada.kiyoshi@jp.panasonic.com>
  Konrad Rzeszutek Wilk <konrad.wilk@oracle.com>
  KOSAKI Motohiro <kosaki.motohiro@jp.fujitsu.com>
  Kuninori Morimoto <kuninori.morimoto.gx@renesas.com>
  Larry Finger <Larry.Finger@lwfinger.net>
  Li Zefan <lizefan@huawei.com>
  Linus Torvalds <torvalds@linux-foundation.org>
  Linus Walleij <linus.walleij@linaro.org>
  Lothar Waßmann <LW@KARO-electronics.de>
  Lu Zhongjun <lu.zhongjun@zte.com.cn>
  Ludovic Desroches <ludovic.desroches@atmel.com>
  Luosong <android@generaltouch.com>
  Magnus Damm <damm@opensource.se>
  Malcolm Priestley <tvboxspy@gmail.com>
  Manfred Spraul <manfred@colorfullife.com>
  Marc Kleine-Budde <mkl@pengutronix.de>
  Marc Zyngier <marc.zyngier@arm.com>
  Mark Brown <broonie@linaro.org>
  Mark Langsdorf <mark.langsdorf@calxeda.com>
  Markus Pargmann <mpa@pengutronix.de>
  Martin Schwidefsky <schwidefsky@de.ibm.com>
  Mathias Krause <minipli@googlemail.com>
  Mauro Carvalho Chehab <m.chehab@samsung.com>
  Mel Gorman <mgorman@suse.de>
  Michael Hudson-Doyle <michael.hudson@linaro.org>
  Michael Marineau <michael.marineau@coreos.com>
  Michael Neuling <mikey@neuling.org>
  Michael Turquette <mturquette@deferred.io>
  Michal Kubecek <mkubecek@suse.cz>
  Mike Marciniszyn <mike.marciniszyn@intel.com>
  Mike Snitzer <snitzer@redhat.com>
  Mikulas Patocka <mpatocka@redhat.com>
  Moussa Ba <moussaba@micron.com>
  Namhyung Kim <namhyung@kernel.org>
  Nanno Langstraat <langstr@gmail.com>
  NeilBrown <neilb@suse.de>
  Nicholas Bellinger <nab@linux-iscsi.org>
  Nicolas Ferre <nicolas.ferre@atmel.com>
  Nicolin Chen <b42378@freescale.com>
  Olav Haugan <ohaugan@codeaurora.org>
  Olof Johansson <olof@lixom.net>
  Oskar Schirmer <oskar@scara.com>
  Pablo Neira Ayuso <pablo@netfilter.org>
  Pang Xunlei <pang.xunlei@zte.com.cn>
  Paul Moore <pmoore@redhat.com>
  Peter Korsgaard <peter.korsgaard@barco.com>
  Peter Zijlstra <peterz@infradead.org>
  Phil Edworthy <phil.edworthy@renesas.com>
  Rafael J. Wysocki <rafael.j.wysocki@intel.com>
  Richard Fitzgerald <rf@opensource.wolfsonmicro.com>
  Richard Guy Briggs <rgb@redhat.com>
  Rob Herring <rob.herring@calxeda.com>
  Robert Richter <robert.richter@linaro.org>
  Robert Richter <rric@kernel.org>
  Rodolfo Giometti <giometti@enneenne.com>
  Roel Kluin <roel.kluin@gmail.com>
  Roland Dreier <roland@purestorage.com>
  Russell King <rmk+kernel@arm.linux.org.uk>
  Ryan Mallon <rmallon@gmail.com>
  Samir Benmendil <samir.benmendil@gmail.com>
  Sebastian Hesselbarth <sebastian.hesselbarth@gmail.com>
  Shan Hai <shan.hai@windriver.com>
  Shawn Guo <shawn.guo@linaro.org>
  Shiva Krishna Merla <shivakrishna.merla@netapp.com>
  Simon Guinot <simon.guinot@sequanux.org>
  Simon Wood <simon@mungewell.org>
  Speagle Andy <Andy.Speagle@netapp.com>
  Srinivas Pandruvada <srinivas.pandruvada@linux.intel.com>
  Stanislaw Gruszka <sgruszka@redhat.com>
  Stanislaw Gruszka <stf_xl@wp.pl>
  Stefan Achatz <erazor_de@users.sourceforge.net>
  Stephen Warren <swarren@wwwdotorg.org>
  Steve French <smfrench@gmail.com>
  Steven Rostedt <rostedt@goodmis.org>
  Takashi Iwai <tiwai@suse.de>
  Tejun Heo <tj@kernel.org>
  Thomas Hellstrom <thellstrom@vmware.com>
  Thomas Hellström <thellstrom@vmware.com>
  Thomas Richter <thor@math.tu-berlin.de>
  Tom Gundersen <teg@jklm.no>
  Tony Lindgren <tony@atomide.com>
  Toshi Kani <toshi.kani@hp.com>
  Tristan Rice <rice@outerearth.net>
  Tyler Hicks <tyhicks@canonical.com>
  Ujjal Roy <royujjal@gmail.com>
  Ulf Hansson <ulf.hansson@linaro.org>
  Ursula Braun <ursula.braun@de.ibm.com>
  Vegard Nossum <vegard.nossum@oracle.com>
  Viresh Kumar <viresh.kumar@linaro.org>
  Wei Liu <wei.liu2@citrix.com>
  Will Deacon <will.deacon@arm.com>
  Wolfram Sang <wsa@the-dreams.de>
  Xiangliang Yu <yuxiangl@marvell.com>
  Yinghai Lu <yinghai@kernel.org>
  Zhang Yi <zhang.yi20@zte.com.cn>
------------------------------------------------------------
jobs:
 build-amd64                                                  pass    
 build-i386                                                   pass    
 build-amd64-pvops                                            pass    
 build-i386-pvops                                             pass    
 test-amd64-amd64-xl                                          pass    
 test-amd64-i386-xl                                           pass    
 test-amd64-i386-rhel6hvm-amd                                 pass    
 test-amd64-i386-qemut-rhel6hvm-amd                           pass    
 test-amd64-i386-qemuu-rhel6hvm-amd                           pass    
 test-amd64-i386-freebsd10-amd64                              fail    
 test-amd64-amd64-xl-qemut-win7-amd64                         fail    
 test-amd64-i386-xl-qemut-win7-amd64                          fail    
 test-amd64-amd64-xl-qemuu-win7-amd64                         fail    
 test-amd64-amd64-xl-win7-amd64                               fail    
 test-amd64-i386-xl-win7-amd64                                fail    
 test-amd64-i386-xl-credit2                                   pass    
 test-amd64-i386-freebsd10-i386                               fail    
 test-amd64-amd64-xl-pcipt-intel                              fail    
 test-amd64-i386-rhel6hvm-intel                               pass    
 test-amd64-i386-qemut-rhel6hvm-intel                         pass    
 test-amd64-i386-qemuu-rhel6hvm-intel                         pass    
 test-amd64-i386-xl-multivcpu                                 pass    
 test-amd64-amd64-pair                                        pass    
 test-amd64-i386-pair                                         fail    
 test-amd64-amd64-xl-sedf-pin                                 pass    
 test-amd64-amd64-pv                                          pass    
 test-amd64-i386-pv                                           pass    
 test-amd64-amd64-xl-sedf                                     pass    
 test-amd64-i386-xl-qemut-winxpsp3-vcpus1                     fail    
 test-amd64-i386-xl-winxpsp3-vcpus1                           fail    
 test-amd64-i386-xend-qemut-winxpsp3                          fail    
 test-amd64-amd64-xl-qemut-winxpsp3                           fail    
 test-amd64-amd64-xl-qemuu-winxpsp3                           fail    
 test-amd64-i386-xend-winxpsp3                                fail    
 test-amd64-amd64-xl-winxpsp3                                 fail    
------------------------------------------------------------
sg-report-flight on woking.cam.xci-test.com
logs: /home/xc_osstest/logs
images: /home/xc_osstest/images
Logs, config files, etc. are available at
    http://www.chiark.greenend.org.uk/~xensrcts/logs
Test harness code can be found at
    http://xenbits.xensource.com/gitweb?p=osstest.git;a=summary
Pushing revision :
+ branch=linux-3.10
+ revision=538069756ce13f9d0e0ccb7a17b6935a0bfb7cad
+ . cri-lock-repos
++ . cri-common
+++ . cri-getconfig
+++ umask 002
+++ getconfig Repos
+++ perl -e ''
                use Osstest;
                readglobalconfig();
                print $c{"Repos"} or die $!;
        ''
++ repos=/export/home/osstest/repos
++ repos_lock=/export/home/osstest/repos/lock
++ ''['' x ''!=''
x/export/home/osstest/repos/lock '']''
++ OSSTEST_REPOS_LOCK_LOCKED=/export/home/osstest/repos/lock
++ exec with-lock-ex -w /export/home/osstest/repos/lock ./ap-push linux-3.10
538069756ce13f9d0e0ccb7a17b6935a0bfb7cad
+ branch=linux-3.10
+ revision=538069756ce13f9d0e0ccb7a17b6935a0bfb7cad
+ . cri-lock-repos
++ . cri-common
+++ . cri-getconfig
+++ umask 002
+++ getconfig Repos
+++ perl -e ''
                use Osstest;
                readglobalconfig();
                print $c{"Repos"} or die $!;
        ''
++ repos=/export/home/osstest/repos
++ repos_lock=/export/home/osstest/repos/lock
++ ''['' x/export/home/osstest/repos/lock ''!=''
x/export/home/osstest/repos/lock '']''
+ . cri-common
++ . cri-getconfig
++ umask 002
+ select_xenbranch
+ case "$branch" in
+ tree=linux
+ xenbranch=xen-unstable
+ ''['' xlinux = xlinux '']''
+ linuxbranch=linux-3.10
+ : tested/2.6.39.x
+ . ap-common
++ : osstest@xenbits.xensource.com
++ : git://xenbits.xen.org/xen.git
++ : osstest@xenbits.xensource.com:/home/xen/git/xen.git
++ : git://xenbits.xen.org/staging/qemu-xen-unstable.git
++ : git://git.kernel.org
++ : git://git.kernel.org/pub/scm/linux/kernel/git
++ : git
++ : git://xenbits.xen.org/osstest/linux-firmware.git
++ : osstest@xenbits.xensource.com:/home/osstest/ext/linux-firmware.git
++ : git://git.kernel.org/pub/scm/linux/kernel/git/firmware/linux-firmware.git
++ : osstest@xenbits.xensource.com:/home/xen/git/linux-pvops.git
++ : git://xenbits.xen.org/linux-pvops.git
++ : tested/linux-3.4
++ : tested/linux-arm-xen
++ ''[''
xgit://git.kernel.org/pub/scm/linux/kernel/git/stable/linux-stable.git = x
'']''
++ ''['' xgit://xenbits.xen.org/linux-pvops.git = x
'']''
++ : git://git.kernel.org/pub/scm/linux/kernel/git/konrad/xen.git
++ : tested/2.6.39.x
++ : daily-cron.linux-3.10
++ : daily-cron.linux-3.10
++ : http://hg.uk.xensource.com/carbon/trunk/linux-2.6.27
++ : git://xenbits.xen.org/staging/qemu-upstream-unstable.git
++ : daily-cron.linux-3.10
+ TREE_LINUX=osstest@xenbits.xensource.com:/home/xen/git/linux-pvops.git
+
TREE_QEMU_UPSTREAM=osstest@xenbits.xensource.com:/home/xen/git/qemu-upstream-unstable.git
+ TREE_XEN=osstest@xenbits.xensource.com:/home/xen/git/xen.git
+ info_linux_tree linux-3.10
+ case $1 in
+ : git://git.kernel.org/pub/scm/linux/kernel/git/stable/linux-stable.git
+ : linux-3.10.y
+ : linux-3.10.y
+ : git
+ : git
+ : git://xenbits.xen.org/linux-pvops.git
+ : osstest@xenbits.xensource.com:/home/xen/git/linux-pvops.git
+ : tested/linux-3.10
+ : tested/linux-3.10
+ return 0
+ cd /export/home/osstest/repos/linux
+ git push osstest@xenbits.xensource.com:/home/xen/git/linux-pvops.git
538069756ce13f9d0e0ccb7a17b6935a0bfb7cad:tested/linux-3.10
Counting objects: 1   
Counting objects: 83   
Counting objects: 1304   
Counting objects: 1458, done.
Compressing objects:   0% (1/179)   
Compressing objects:   1% (2/179)   
Compressing objects:   2% (4/179)   
Compressing objects:   3% (6/179)   
Compressing objects:   4% (8/179)   
Compressing objects:   5% (9/179)   
Compressing objects:   6% (11/179)   
Compressing objects:   7% (13/179)   
Compressing objects:   8% (15/179)   
Compressing objects:   9% (17/179)   
Compressing objects:  10% (18/179)   
Compressing objects:  11% (20/179)   
Compressing objects:  12% (22/179)   
Compressing objects:  13% (24/179)   
Compressing objects:  14% (26/179)   
Compressing objects:  15% (27/179)   
Compressing objects:  16% (29/179)   
Compressing objects:  17% (31/179)   
Compressing objects:  18% (33/179)   
Compressing objects:  19% (35/179)   
Compressing objects:  20% (36/179)   
Compressing objects:  21% (38/179)   
Compressing objects:  22% (40/179)   
Compressing objects:  23% (42/179)   
Compressing objects:  24% (43/179)   
Compressing objects:  25% (45/179)   
Compressing objects:  26% (47/179)   
Compressing objects:  27% (49/179)   
Compressing objects:  28% (51/179)   
Compressing objects:  29% (52/179)   
Compressing objects:  30% (54/179)   
Compressing objects:  31% (56/179)   
Compressing objects:  32% (58/179)   
Compressing objects:  33% (60/179)   
Compressing objects:  34% (61/179)   
Compressing objects:  35% (63/179)   
Compressing objects:  36% (65/179)   
Compressing objects:  37% (67/179)   
Compressing objects:  38% (69/179)   
Compressing objects:  39% (70/179)   
Compressing objects:  40% (72/179)   
Compressing objects:  41% (74/179)   
Compressing objects:  42% (76/179)   
Compressing objects:  43% (77/179)   
Compressing objects:  44% (79/179)   
Compressing objects:  45% (81/179)   
Compressing objects:  46% (83/179)   
Compressing objects:  47% (85/179)   
Compressing objects:  48% (86/179)   
Compressing objects:  49% (88/179)   
Compressing objects:  50% (90/179)   
Compressing objects:  51% (92/179)   
Compressing objects:  52% (94/179)   
Compressing objects:  53% (95/179)   
Compressing objects:  54% (97/179)   
Compressing objects:  55% (99/179)   
Compressing objects:  56% (101/179)   
Compressing objects:  57% (103/179)   
Compressing objects:  58% (104/179)   
Compressing objects:  59% (106/179)   
Compressing objects:  60% (108/179)   
Compressing objects:  61% (110/179)   
Compressing objects:  62% (111/179)   
Compressing objects:  63% (113/179)   
Compressing objects:  64% (115/179)   
Compressing objects:  65% (117/179)   
Compressing objects:  66% (119/179)   
Compressing objects:  67% (120/179)   
Compressing objects:  68% (122/179)   
Compressing objects:  69% (124/179)   
Compressing objects:  70% (126/179)   
Compressing objects:  71% (128/179)   
Compressing objects:  72% (129/179)   
Compressing objects:  73% (131/179)   
Compressing objects:  74% (133/179)   
Compressing objects:  75% (135/179)   
Compressing objects:  76% (137/179)   
Compressing objects:  77% (138/179)   
Compressing objects:  78% (140/179)   
Compressing objects:  79% (142/179)   
Compressing objects:  80% (144/179)   
Compressing objects:  81% (145/179)   
Compressing objects:  82% (147/179)   
Compressing objects:  83% (149/179)   
Compressing objects:  84% (151/179)   
Compressing objects:  85% (153/179)   
Compressing objects:  86% (154/179)   
Compressing objects:  87% (156/179)   
Compressing objects:  88% (158/179)   
Compressing objects:  89% (160/179)   
Compressing objects:  90% (162/179)   
Compressing objects:  91% (163/179)   
Compressing objects:  92% (165/179)   
Compressing objects:  93% (167/179)   
Compressing objects:  94% (169/179)   
Compressing objects:  95% (171/179)   
Compressing objects:  96% (172/179)   
Compressing objects:  97% (174/179)   
Compressing objects:  98% (176/179)   
Compressing objects:  99% (178/179)   
Compressing objects: 100% (179/179)   
Compressing objects: 100% (179/179), done.
Writing objects:   0% (1/1105)   
Writing objects:   1% (12/1105)   
Writing objects:   2% (23/1105)   
Writing objects:   3% (34/1105)   
Writing objects:   4% (45/1105)   
Writing objects:   5% (56/1105)   
Writing objects:   6% (67/1105)   
Writing objects:   7% (78/1105)   
Writing objects:   8% (89/1105)   
Writing objects:   9% (100/1105)   
Writing objects:  10% (111/1105)   
Writing objects:  11% (122/1105)   
Writing objects:  12% (133/1105)   
Writing objects:  13% (144/1105)   
Writing objects:  14% (155/1105)   
Writing objects:  15% (166/1105)   
Writing objects:  16% (177/1105)   
Writing objects:  17% (188/1105)   
Writing objects:  18% (199/1105)   
Writing objects:  19% (210/1105)   
Writing objects:  20% (221/1105)   
Writing objects:  21% (233/1105)   
Writing objects:  22% (244/1105)   
Writing objects:  23% (255/1105)   
Writing objects:  24% (266/1105)   
Writing objects:  25% (277/1105)   
Writing objects:  26% (288/1105)   
Writing objects:  27% (299/1105)   
Writing objects:  28% (310/1105)   
Writing objects:  29% (321/1105)   
Writing objects:  30% (332/1105)   
Writing objects:  31% (343/1105)   
Writing objects:  32% (354/1105)   
Writing objects:  33% (365/1105)   
Writing objects:  34% (376/1105)   
Writing objects:  35% (387/1105)   
Writing objects:  36% (398/1105)   
Writing objects:  37% (409/1105)   
Writing objects:  38% (420/1105)   
Writing objects:  39% (431/1105)   
Writing objects:  40% (442/1105)   
Writing objects:  41% (454/1105)   
Writing objects:  42% (465/1105)   
Writing objects:  43% (476/1105)   
Writing objects:  44% (487/1105)   
Writing objects:  45% (498/1105)   
Writing objects:  46% (509/1105)   
Writing objects:  47% (520/1105)   
Writing objects:  48% (531/1105)   
Writing objects:  49% (542/1105)   
Writing objects:  50% (553/1105)   
Writing objects:  51% (564/1105)   
Writing objects:  52% (575/1105)   
Writing objects:  53% (586/1105)   
Writing objects:  54% (597/1105)   
Writing objects:  55% (608/1105)   
Writing objects:  56% (619/1105)   
Writing objects:  57% (630/1105)   
Writing objects:  58% (641/1105)   
Writing objects:  59% (652/1105)   
Writing objects:  60% (663/1105)   
Writing objects:  61% (675/1105)   
Writing objects:  62% (686/1105)   
Writing objects:  63% (697/1105)   
Writing objects:  64% (708/1105)   
Writing objects:  65% (719/1105)   
Writing objects:  66% (730/1105)   
Writing objects:  67% (741/1105)   
Writing objects:  68% (752/1105)   
Writing objects:  69% (763/1105)   
Writing objects:  70% (774/1105)   
Writing objects:  71% (785/1105)   
Writing objects:  72% (796/1105)   
Writing objects:  73% (807/1105)   
Writing objects:  74% (818/1105)   
Writing objects:  75% (829/1105)   
Writing objects:  76% (840/1105)   
Writing objects:  77% (851/1105)   
Writing objects:  78% (862/1105)   
Writing objects:  79% (873/1105)   
Writing objects:  80% (884/1105)   
Writing objects:  81% (896/1105)   
Writing objects:  82% (907/1105)   
Writing objects:  83% (918/1105)   
Writing objects:  84% (929/1105)   
Writing objects:  85% (940/1105)   
Writing objects:  86% (951/1105)   
Writing objects:  87% (962/1105)   
Writing objects:  88% (973/1105)   
Writing objects:  89% (984/1105)   
Writing objects:  90% (995/1105)   
Writing objects:  91% (1006/1105)   
Writing objects:  92% (1017/1105)   
Writing objects:  93% (1028/1105)   
Writing objects:  94% (1039/1105)   
Writing objects:  95% (1050/1105)   
Writing objects:  96% (1061/1105)   
Writing objects:  97% (1072/1105)   
Writing objects:  98% (1083/1105)   
Writing objects:  99% (1094/1105)   
Writing objects: 100% (1105/1105)   
Writing objects: 100% (1105/1105), 190.99 KiB, done.
Total 1105 (delta 925), reused 1104 (delta 924)
To osstest@xenbits.xensource.com:/home/xen/git/linux-pvops.git
   43d8b1e..5380697  538069756ce13f9d0e0ccb7a17b6935a0bfb7cad ->
tested/linux-3.10
+ exit 0
--===============7465156281358961058=Content-Type: text/plain;
charset="us-ascii"
MIME-Version: 1.0
Content-Transfer-Encoding: 7bit
Content-Disposition: inline
_______________________________________________
Xen-devel mailing list
Xen-devel@lists.xen.org
http://lists.xen.org/xen-devel
--===============7465156281358961058==--