flight 22291 linux-3.4 real [real]
http://www.chiark.greenend.org.uk/~xensrcts/logs/22291/
Failures :-/ but no regressions.
Regressions which are regarded as allowable (not blocking):
 test-amd64-amd64-xl-win7-amd64 12 guest-localmigrate/x10       fail like 22271
 test-amd64-i386-xl-win7-amd64  7 windows-install              fail  like 22271
 test-amd64-amd64-xl-winxpsp3  7 windows-install              fail   like 22271
 test-amd64-amd64-xl-qemuu-winxpsp3  7 windows-install          fail like 22271
 test-amd64-amd64-xl-qemut-winxpsp3  7 windows-install          fail like 22271
Tests which did not succeed, but are not blocking:
 test-amd64-i386-freebsd10-i386  8 guest-saverestore            fail never pass
 test-amd64-i386-freebsd10-amd64  8 guest-saverestore           fail never pass
 test-amd64-i386-xl-qemut-winxpsp3-vcpus1 13 guest-stop         fail never pass
 test-amd64-amd64-xl-qemuu-win7-amd64 13 guest-stop             fail never pass
 test-amd64-amd64-xl-qemut-win7-amd64 13 guest-stop             fail never pass
 test-amd64-i386-xl-qemut-win7-amd64 13 guest-stop              fail never pass
 test-amd64-i386-xl-winxpsp3-vcpus1 13 guest-stop               fail never pass
 test-amd64-amd64-xl-pcipt-intel  9 guest-start                 fail never pass
 test-amd64-i386-xend-qemut-winxpsp3 16 leak-check/check        fail never pass
 test-amd64-i386-xend-winxpsp3 16 leak-check/check             fail  never pass
version targeted for testing:
 linux                44d19f5a04ae4e433548ba2f25e4d2ccfcac765e
baseline version:
 linux                71ea1738746efcffab98ff04a8a634a2e2a94400
------------------------------------------------------------
People who touched revisions under test:
  "Theodore Ts''o" <tytso@mit.edu>
  Aaron Lu <aaron.lu@intel.com>
  Alasdair G Kergon <agk@redhat.com>
  Alex Deucher <alexander.deucher@amd.com>
  Alex Williamson <alex.williamson@redhat.com>
  Andreas Bießmann <andreas@biessmann.de>
  Andrew Morton <akpm@linux-foundation.org>
  Avi Kivity <avi@redhat.com>
  Avinash Patil <patila@marvell.com>
  Ben Skeggs <bskeggs@redhat.com>
  Benjamin Herrenschmidt <benh@kernel.crashing.org>
  Bing Zhao <bzhao@marvell.com>
  Bjorn Helgaas <bhelgaas@google.com>
  Brian Norris <computersforpeace@gmail.com>
  Dan Williams <dcbw@redhat.com>
  Daniel Vetter <daniel.vetter@ffwll.ch>
  David S. Miller <davem@davemloft.net>
  Dmitry Torokhov <dmitry.torokhov@gmail.com>
  Eric Paris <eparis@redhat.com>
  Eric Seppanen <eric@purestorage.com>
  Felipe Pena <felipensp@gmail.com>
  Frank Blaschka <frank.blaschka@de.ibm.com>
  Greg Kroah-Hartman <gregkh@linuxfoundation.org>
  Gwendal Grignou <gwendal@google.com>
  Hans-Christian Egtvedt <egtvedt@samfundet.no>
  Huang Shijie <b32955@freescale.com>
  Ilija Hadzic <ihadzic@research.bell-labs.com>
  Jakob Bornecrantz <jakob@vmware.com>
  Jan Kara <jack@suse.cz>
  Jens Axboe <axboe@kernel.dk>
  Jerome Glisse <jglisse@redhat.com>
  Jiri Kosina <jkosina@suse.cz>
  Johan Hovold <jhovold@gmail.com>
  John Stultz <john.stultz@linaro.org>
  John W. Linville <linville@tuxdriver.com>
  Jonathan Austin <jonathan.austin@arm.com>
  Juri Lelli <juri.lelli@gmail.com>
  Kailang Yang <kailang@realtek.com>
  Kees Cook <keescook@chromium.org>
  Konrad Rzeszutek Wilk <konrad.wilk@oracle.com>
  KOSAKI Motohiro <kosaki.motohiro@jp.fujitsu.com>
  Kuninori Morimoto <kuninori.morimoto.gx@renesas.com>
  Larry Finger <Larry.Finger@lwfinger.net>
  Li Zefan <lizefan@huawei.com>
  Linus Torvalds <torvalds@linux-foundation.org>
  Linus Walleij <linus.walleij@linaro.org>
  Lothar Waßmann <LW@KARO-electronics.de>
  Lu Zhongjun <lu.zhongjun@zte.com.cn>
  Malcolm Priestley <tvboxspy@gmail.com>
  Marc Kleine-Budde <mkl@pengutronix.de>
  Marcelo Tosatti <mtosatti@redhat.com>
  Mark Brown <broonie@linaro.org>
  Mathias Krause <minipli@googlemail.com>
  Mauro Carvalho Chehab <m.chehab@samsung.com>
  Mel Gorman <mgorman@suse.de>
  Michael Neuling <mikey@neuling.org>
  Mike Marciniszyn <mike.marciniszyn@intel.com>
  Mike Snitzer <snitzer@redhat.com>
  Mikulas Patocka <mpatocka@redhat.com>
  Nanno Langstraat <langstr@gmail.com>
  NeilBrown <neilb@suse.de>
  Nicholas Bellinger <nab@linux-iscsi.org>
  Nicolin Chen <b42378@freescale.com>
  Olof Johansson <olof@lixom.net>
  Pang Xunlei <pang.xunlei@zte.com.cn>
  Paul Moore <pmoore@redhat.com>
  Peter Zijlstra <peterz@infradead.org>
  Phil Edworthy <phil.edworthy@renesas.com>
  Rafael J. Wysocki <rafael.j.wysocki@intel.com>
  Richard Guy Briggs <rgb@redhat.com>
  Roland Dreier <roland@purestorage.com>
  Russell King <rmk+kernel@arm.linux.org.uk>
  Ryan Mallon <rmallon@gmail.com>
  Samir Benmendil <samir.benmendil@gmail.com>
  Shan Hai <shan.hai@windriver.com>
  Stanislaw Gruszka <stf_xl@wp.pl>
  Stefan Achatz <erazor_de@users.sourceforge.net>
  Steven Rostedt <rostedt@goodmis.org>
  Takashi Iwai <tiwai@suse.de>
  Tejun Heo <tj@kernel.org>
  Thomas Hellström <thellstrom@vmware.com>
  Thomas Richter <thor@math.tu-berlin.de>
  Tom Gundersen <teg@jklm.no>
  Tyler Hicks <tyhicks@canonical.com>
  Ursula Braun <ursula.braun@de.ibm.com>
  Vegard Nossum <vegard.nossum@oracle.com>
  Xiangliang Yu <yuxiangl@marvell.com>
  Yinghai Lu <yinghai@kernel.org>
  Zhang Yi <zhang.yi20@zte.com.cn>
------------------------------------------------------------
jobs:
 build-amd64                                                  pass    
 build-i386                                                   pass    
 build-amd64-pvops                                            pass    
 build-i386-pvops                                             pass    
 test-amd64-amd64-xl                                          pass    
 test-amd64-i386-xl                                           pass    
 test-amd64-i386-rhel6hvm-amd                                 pass    
 test-amd64-i386-qemut-rhel6hvm-amd                           pass    
 test-amd64-i386-qemuu-rhel6hvm-amd                           pass    
 test-amd64-i386-freebsd10-amd64                              fail    
 test-amd64-amd64-xl-qemut-win7-amd64                         fail    
 test-amd64-i386-xl-qemut-win7-amd64                          fail    
 test-amd64-amd64-xl-qemuu-win7-amd64                         fail    
 test-amd64-amd64-xl-win7-amd64                               fail    
 test-amd64-i386-xl-win7-amd64                                fail    
 test-amd64-i386-xl-credit2                                   pass    
 test-amd64-i386-freebsd10-i386                               fail    
 test-amd64-amd64-xl-pcipt-intel                              fail    
 test-amd64-i386-rhel6hvm-intel                               pass    
 test-amd64-i386-qemut-rhel6hvm-intel                         pass    
 test-amd64-i386-qemuu-rhel6hvm-intel                         pass    
 test-amd64-i386-xl-multivcpu                                 pass    
 test-amd64-amd64-pair                                        pass    
 test-amd64-i386-pair                                         pass    
 test-amd64-amd64-xl-sedf-pin                                 pass    
 test-amd64-amd64-pv                                          pass    
 test-amd64-i386-pv                                           pass    
 test-amd64-amd64-xl-sedf                                     pass    
 test-amd64-i386-xl-qemut-winxpsp3-vcpus1                     fail    
 test-amd64-i386-xl-winxpsp3-vcpus1                           fail    
 test-amd64-i386-xend-qemut-winxpsp3                          fail    
 test-amd64-amd64-xl-qemut-winxpsp3                           fail    
 test-amd64-amd64-xl-qemuu-winxpsp3                           fail    
 test-amd64-i386-xend-winxpsp3                                fail    
 test-amd64-amd64-xl-winxpsp3                                 fail    
------------------------------------------------------------
sg-report-flight on woking.cam.xci-test.com
logs: /home/xc_osstest/logs
images: /home/xc_osstest/images
Logs, config files, etc. are available at
    http://www.chiark.greenend.org.uk/~xensrcts/logs
Test harness code can be found at
    http://xenbits.xensource.com/gitweb?p=osstest.git;a=summary
Pushing revision :
+ branch=linux-3.4
+ revision=44d19f5a04ae4e433548ba2f25e4d2ccfcac765e
+ . cri-lock-repos
++ . cri-common
+++ . cri-getconfig
+++ umask 002
+++ getconfig Repos
+++ perl -e ''
                use Osstest;
                readglobalconfig();
                print $c{"Repos"} or die $!;
        ''
++ repos=/export/home/osstest/repos
++ repos_lock=/export/home/osstest/repos/lock
++ ''['' x ''!=''
x/export/home/osstest/repos/lock '']''
++ OSSTEST_REPOS_LOCK_LOCKED=/export/home/osstest/repos/lock
++ exec with-lock-ex -w /export/home/osstest/repos/lock ./ap-push linux-3.4
44d19f5a04ae4e433548ba2f25e4d2ccfcac765e
+ branch=linux-3.4
+ revision=44d19f5a04ae4e433548ba2f25e4d2ccfcac765e
+ . cri-lock-repos
++ . cri-common
+++ . cri-getconfig
+++ umask 002
+++ getconfig Repos
+++ perl -e ''
                use Osstest;
                readglobalconfig();
                print $c{"Repos"} or die $!;
        ''
++ repos=/export/home/osstest/repos
++ repos_lock=/export/home/osstest/repos/lock
++ ''['' x/export/home/osstest/repos/lock ''!=''
x/export/home/osstest/repos/lock '']''
+ . cri-common
++ . cri-getconfig
++ umask 002
+ select_xenbranch
+ case "$branch" in
+ tree=linux
+ xenbranch=xen-unstable
+ ''['' xlinux = xlinux '']''
+ linuxbranch=linux-3.4
+ : tested/2.6.39.x
+ . ap-common
++ : osstest@xenbits.xensource.com
++ : git://xenbits.xen.org/xen.git
++ : osstest@xenbits.xensource.com:/home/xen/git/xen.git
++ : git://xenbits.xen.org/staging/qemu-xen-unstable.git
++ : git://git.kernel.org
++ : git://git.kernel.org/pub/scm/linux/kernel/git
++ : git
++ : git://xenbits.xen.org/osstest/linux-firmware.git
++ : osstest@xenbits.xensource.com:/home/osstest/ext/linux-firmware.git
++ : git://git.kernel.org/pub/scm/linux/kernel/git/firmware/linux-firmware.git
++ : osstest@xenbits.xensource.com:/home/xen/git/linux-pvops.git
++ : git://xenbits.xen.org/linux-pvops.git
++ : tested/linux-3.4
++ : tested/linux-arm-xen
++ ''[''
xgit://git.kernel.org/pub/scm/linux/kernel/git/stable/linux-stable.git = x
'']''
++ ''['' xgit://xenbits.xen.org/linux-pvops.git = x
'']''
++ : git://git.kernel.org/pub/scm/linux/kernel/git/konrad/xen.git
++ : tested/2.6.39.x
++ : daily-cron.linux-3.4
++ : daily-cron.linux-3.4
++ : http://hg.uk.xensource.com/carbon/trunk/linux-2.6.27
++ : git://xenbits.xen.org/staging/qemu-upstream-unstable.git
++ : daily-cron.linux-3.4
+ TREE_LINUX=osstest@xenbits.xensource.com:/home/xen/git/linux-pvops.git
+
TREE_QEMU_UPSTREAM=osstest@xenbits.xensource.com:/home/xen/git/qemu-upstream-unstable.git
+ TREE_XEN=osstest@xenbits.xensource.com:/home/xen/git/xen.git
+ info_linux_tree linux-3.4
+ case $1 in
+ : git://git.kernel.org/pub/scm/linux/kernel/git/stable/linux-stable.git
+ : linux-3.4.y
+ : linux-3.4.y
+ : git
+ : git
+ : git://xenbits.xen.org/linux-pvops.git
+ : osstest@xenbits.xensource.com:/home/xen/git/linux-pvops.git
+ : tested/linux-3.4
+ : tested/linux-3.4
+ return 0
+ cd /export/home/osstest/repos/linux
+ git push osstest@xenbits.xensource.com:/home/xen/git/linux-pvops.git
44d19f5a04ae4e433548ba2f25e4d2ccfcac765e:tested/linux-3.4
Counting objects: 1   
Counting objects: 171   
Counting objects: 508, done.
Compressing objects:   1% (1/67)   
Compressing objects:   2% (2/67)   
Compressing objects:   4% (3/67)   
Compressing objects:   5% (4/67)   
Compressing objects:   7% (5/67)   
Compressing objects:   8% (6/67)   
Compressing objects:  10% (7/67)   
Compressing objects:  11% (8/67)   
Compressing objects:  13% (9/67)   
Compressing objects:  14% (10/67)   
Compressing objects:  16% (11/67)   
Compressing objects:  17% (12/67)   
Compressing objects:  19% (13/67)   
Compressing objects:  20% (14/67)   
Compressing objects:  22% (15/67)   
Compressing objects:  23% (16/67)   
Compressing objects:  25% (17/67)   
Compressing objects:  26% (18/67)   
Compressing objects:  28% (19/67)   
Compressing objects:  29% (20/67)   
Compressing objects:  31% (21/67)   
Compressing objects:  32% (22/67)   
Compressing objects:  34% (23/67)   
Compressing objects:  35% (24/67)   
Compressing objects:  37% (25/67)   
Compressing objects:  38% (26/67)   
Compressing objects:  40% (27/67)   
Compressing objects:  41% (28/67)   
Compressing objects:  43% (29/67)   
Compressing objects:  44% (30/67)   
Compressing objects:  46% (31/67)   
Compressing objects:  47% (32/67)   
Compressing objects:  49% (33/67)   
Compressing objects:  50% (34/67)   
Compressing objects:  52% (35/67)   
Compressing objects:  53% (36/67)   
Compressing objects:  55% (37/67)   
Compressing objects:  56% (38/67)   
Compressing objects:  58% (39/67)   
Compressing objects:  59% (40/67)   
Compressing objects:  61% (41/67)   
Compressing objects:  62% (42/67)   
Compressing objects:  64% (43/67)   
Compressing objects:  65% (44/67)   
Compressing objects:  67% (45/67)   
Compressing objects:  68% (46/67)   
Compressing objects:  70% (47/67)   
Compressing objects:  71% (48/67)   
Compressing objects:  73% (49/67)   
Compressing objects:  74% (50/67)   
Compressing objects:  76% (51/67)   
Compressing objects:  77% (52/67)   
Compressing objects:  79% (53/67)   
Compressing objects:  80% (54/67)   
Compressing objects:  82% (55/67)   
Compressing objects:  83% (56/67)   
Compressing objects:  85% (57/67)   
Compressing objects:  86% (58/67)   
Compressing objects:  88% (59/67)   
Compressing objects:  89% (60/67)   
Compressing objects:  91% (61/67)   
Compressing objects:  92% (62/67)   
Compressing objects:  94% (63/67)   
Compressing objects:  95% (64/67)   
Compressing objects:  97% (65/67)   
Compressing objects:  98% (66/67)   
Compressing objects: 100% (67/67)   
Compressing objects: 100% (67/67), done.
Writing objects:   0% (1/368)   
Writing objects:   1% (4/368)   
Writing objects:   2% (8/368)   
Writing objects:   3% (12/368)   
Writing objects:   4% (15/368)   
Writing objects:   5% (19/368)   
Writing objects:   6% (23/368)   
Writing objects:   7% (26/368)   
Writing objects:   8% (30/368)   
Writing objects:   9% (34/368)   
Writing objects:  10% (37/368)   
Writing objects:  11% (41/368)   
Writing objects:  12% (45/368)   
Writing objects:  13% (48/368)   
Writing objects:  14% (52/368)   
Writing objects:  15% (56/368)   
Writing objects:  16% (59/368)   
Writing objects:  17% (63/368)   
Writing objects:  18% (67/368)   
Writing objects:  19% (70/368)   
Writing objects:  20% (74/368)   
Writing objects:  21% (78/368)   
Writing objects:  22% (81/368)   
Writing objects:  23% (85/368)   
Writing objects:  24% (89/368)   
Writing objects:  25% (92/368)   
Writing objects:  26% (96/368)   
Writing objects:  27% (100/368)   
Writing objects:  28% (104/368)   
Writing objects:  29% (107/368)   
Writing objects:  30% (111/368)   
Writing objects:  31% (115/368)   
Writing objects:  32% (118/368)   
Writing objects:  33% (122/368)   
Writing objects:  34% (126/368)   
Writing objects:  35% (129/368)   
Writing objects:  36% (133/368)   
Writing objects:  37% (137/368)   
Writing objects:  38% (140/368)   
Writing objects:  39% (144/368)   
Writing objects:  40% (148/368)   
Writing objects:  41% (151/368)   
Writing objects:  42% (155/368)   
Writing objects:  43% (159/368)   
Writing objects:  44% (162/368)   
Writing objects:  45% (166/368)   
Writing objects:  46% (170/368)   
Writing objects:  47% (173/368)   
Writing objects:  48% (177/368)   
Writing objects:  49% (181/368)   
Writing objects:  50% (184/368)   
Writing objects:  51% (188/368)   
Writing objects:  52% (192/368)   
Writing objects:  53% (196/368)   
Writing objects:  54% (199/368)   
Writing objects:  55% (203/368)   
Writing objects:  56% (207/368)   
Writing objects:  57% (210/368)   
Writing objects:  58% (214/368)   
Writing objects:  59% (218/368)   
Writing objects:  60% (221/368)   
Writing objects:  61% (225/368)   
Writing objects:  62% (229/368)   
Writing objects:  63% (232/368)   
Writing objects:  64% (236/368)   
Writing objects:  65% (240/368)   
Writing objects:  66% (243/368)   
Writing objects:  67% (247/368)   
Writing objects:  68% (251/368)   
Writing objects:  69% (254/368)   
Writing objects:  70% (258/368)   
Writing objects:  71% (262/368)   
Writing objects:  72% (265/368)   
Writing objects:  73% (269/368)   
Writing objects:  74% (273/368)   
Writing objects:  75% (276/368)   
Writing objects:  76% (280/368)   
Writing objects:  77% (284/368)   
Writing objects:  78% (288/368)   
Writing objects:  79% (291/368)   
Writing objects:  80% (295/368)   
Writing objects:  81% (299/368)   
Writing objects:  82% (302/368)   
Writing objects:  83% (306/368)   
Writing objects:  84% (310/368)   
Writing objects:  85% (313/368)   
Writing objects:  86% (317/368)   
Writing objects:  87% (321/368)   
Writing objects:  88% (324/368)   
Writing objects:  89% (328/368)   
Writing objects:  90% (332/368)   
Writing objects:  91% (335/368)   
Writing objects:  92% (339/368)   
Writing objects:  93% (343/368)   
Writing objects:  94% (346/368)   
Writing objects:  95% (350/368)   
Writing objects:  96% (354/368)   
Writing objects:  97% (357/368)   
Writing objects:  98% (361/368)   
Writing objects:  99% (365/368)   
Writing objects: 100% (368/368)   
Writing objects: 100% (368/368), 64.27 KiB, done.
Total 368 (delta 299), reused 368 (delta 299)
To osstest@xenbits.xensource.com:/home/xen/git/linux-pvops.git
   71ea173..44d19f5  44d19f5a04ae4e433548ba2f25e4d2ccfcac765e ->
tested/linux-3.4
+ exit 0
--===============8758667833468496002=Content-Type: text/plain;
charset="us-ascii"
MIME-Version: 1.0
Content-Transfer-Encoding: 7bit
Content-Disposition: inline
_______________________________________________
Xen-devel mailing list
Xen-devel@lists.xen.org
http://lists.xen.org/xen-devel
--===============8758667833468496002==--