flight 22285 xen-4.3-testing real [real]
http://www.chiark.greenend.org.uk/~xensrcts/logs/22285/
Regressions :-(
Tests which did not succeed and are blocking,
including tests which could not be run:
build-armhf 4 xen-build fail REGR. vs. 22152
build-armhf-pvops 4 kernel-build fail REGR. vs. 22152
Tests which did not succeed, but are not blocking:
test-amd64-i386-freebsd10-i386 8 guest-saverestore fail never pass
test-amd64-i386-freebsd10-amd64 8 guest-saverestore fail never pass
test-amd64-amd64-xl-pcipt-intel 9 guest-start fail never pass
test-armhf-armhf-xl 1 xen-build-check(1) blocked n/a
test-amd64-amd64-xl-qemuu-win7-amd64 13 guest-stop fail never pass
test-amd64-i386-xend-winxpsp3 16 leak-check/check fail never pass
test-amd64-i386-xl-win7-amd64 13 guest-stop fail never pass
test-amd64-i386-xl-qemut-win7-amd64 13 guest-stop fail never pass
test-amd64-amd64-xl-win7-amd64 13 guest-stop fail never pass
test-amd64-i386-xl-winxpsp3-vcpus1 13 guest-stop fail never pass
test-amd64-i386-xl-qemut-winxpsp3-vcpus1 13 guest-stop fail never pass
test-amd64-i386-xend-qemut-winxpsp3 16 leak-check/check fail never pass
test-amd64-amd64-xl-qemut-winxpsp3 13 guest-stop fail never pass
test-amd64-amd64-xl-qemut-win7-amd64 13 guest-stop fail never pass
test-amd64-amd64-xl-qemuu-winxpsp3 13 guest-stop fail never pass
test-amd64-amd64-xl-winxpsp3 13 guest-stop fail never pass
version targeted for testing:
xen 922dc04b354fdf45dfd176552098853c79e3033a
baseline version:
xen 86e80b6701270f3ac035f81004a77168d3241ffd
------------------------------------------------------------
People who touched revisions under test:
Ian Campbell <ian.campbell@citrix.com>
Jan Beulich <jbeulich@suse.com>
Suravee Suthikulpanit <suravee.suthikulpanit@amd.com>
------------------------------------------------------------
jobs:
build-amd64 pass
build-armhf fail
build-i386 pass
build-amd64-oldkern pass
build-i386-oldkern pass
build-amd64-pvops pass
build-armhf-pvops fail
build-i386-pvops pass
test-amd64-amd64-xl pass
test-armhf-armhf-xl blocked
test-amd64-i386-xl pass
test-amd64-i386-rhel6hvm-amd pass
test-amd64-i386-qemut-rhel6hvm-amd pass
test-amd64-i386-qemuu-rhel6hvm-amd pass
test-amd64-i386-freebsd10-amd64 fail
test-amd64-amd64-xl-qemut-win7-amd64 fail
test-amd64-i386-xl-qemut-win7-amd64 fail
test-amd64-amd64-xl-qemuu-win7-amd64 fail
test-amd64-amd64-xl-win7-amd64 fail
test-amd64-i386-xl-win7-amd64 fail
test-amd64-i386-xl-credit2 pass
test-amd64-i386-freebsd10-i386 fail
test-amd64-amd64-xl-pcipt-intel fail
test-amd64-i386-rhel6hvm-intel pass
test-amd64-i386-qemut-rhel6hvm-intel pass
test-amd64-i386-qemuu-rhel6hvm-intel pass
test-amd64-i386-xl-multivcpu pass
test-amd64-amd64-pair pass
test-amd64-i386-pair pass
test-amd64-amd64-xl-sedf-pin pass
test-amd64-amd64-pv pass
test-amd64-i386-pv pass
test-amd64-amd64-xl-sedf pass
test-amd64-i386-xl-qemut-winxpsp3-vcpus1 fail
test-amd64-i386-xl-winxpsp3-vcpus1 fail
test-amd64-i386-xend-qemut-winxpsp3 fail
test-amd64-amd64-xl-qemut-winxpsp3 fail
test-amd64-amd64-xl-qemuu-winxpsp3 fail
test-amd64-i386-xend-winxpsp3 fail
test-amd64-amd64-xl-winxpsp3 fail
------------------------------------------------------------
sg-report-flight on woking.cam.xci-test.com
logs: /home/xc_osstest/logs
images: /home/xc_osstest/images
Logs, config files, etc. are available at
http://www.chiark.greenend.org.uk/~xensrcts/logs
Test harness code can be found at
http://xenbits.xensource.com/gitweb?p=osstest.git;a=summary
Not pushing.
------------------------------------------------------------
commit 922dc04b354fdf45dfd176552098853c79e3033a
Author: Jan Beulich <jbeulich@suse.com>
Date: Tue Dec 3 14:12:34 2013 +0100
x86/AMD: work around erratum 793
The recommendation is to set a bit in an MSR - do this if the firmware
didn''t, considering that otherwise we expose ourselves to a guest
induced DoS.
This is CVE-2013-6885 / XSA-82.
Signed-off-by: Jan Beulich <jbeulich@suse.com>
Acked-by: Suravee Suthikulpanit <suravee.suthikulpanit@amd.com>
Acked-by: Ian Campbell <ian.campbell@citrix.com>
master commit: 98162f256ee33994a9881a720419dda9ad4c03a8
master date: 2013-12-03 09:49:54 +0100
(qemu changes not included)