flight 22108 xen-4.2-testing real [real]
http://www.chiark.greenend.org.uk/~xensrcts/logs/22108/
Regressions :-(
Tests which did not succeed and are blocking,
including tests which could not be run:
test-amd64-i386-qemut-rhel6hvm-amd 8 guest-stop fail REGR. vs. 22006
Regressions which are regarded as allowable (not blocking):
test-amd64-amd64-xl-sedf-pin 13 guest-localmigrate.2 fail REGR. vs. 22006
Tests which did not succeed, but are not blocking:
test-amd64-amd64-xl-pcipt-intel 9 guest-start fail never pass
test-amd64-i386-xl-winxpsp3-vcpus1 13 guest-stop fail never pass
test-amd64-amd64-xl-qemut-win7-amd64 13 guest-stop fail never pass
test-amd64-i386-xl-qemut-win7-amd64 13 guest-stop fail never pass
test-amd64-amd64-xl-win7-amd64 13 guest-stop fail never pass
test-amd64-amd64-xl-qemuu-win7-amd64 13 guest-stop fail never pass
test-amd64-i386-xend-winxpsp3 16 leak-check/check fail never pass
test-amd64-amd64-xl-winxpsp3 13 guest-stop fail never pass
test-i386-i386-xl-qemut-winxpsp3 13 guest-stop fail never pass
test-amd64-amd64-xl-qemut-winxpsp3 13 guest-stop fail never pass
test-i386-i386-xl-qemuu-winxpsp3 13 guest-stop fail never pass
test-amd64-i386-xl-qemut-winxpsp3-vcpus1 13 guest-stop fail never pass
test-amd64-i386-xl-win7-amd64 13 guest-stop fail never pass
test-i386-i386-xl-winxpsp3 13 guest-stop fail never pass
test-amd64-i386-xend-qemut-winxpsp3 16 leak-check/check fail never pass
test-amd64-amd64-xl-qemuu-winxpsp3 13 guest-stop fail never pass
version targeted for testing:
xen 7de5167ad9847ffec548fc4e68a3b8934a3a61d1
baseline version:
xen 290924756020b72170100a56843fbd36bc98709c
------------------------------------------------------------
People who touched revisions under test:
Chunyan Liu <cyliu@suse.com>
Ian Campbell <ian.campbell@citrix.com>
Ian Jackson <Ian.Jackson@eu.citrix.com>
------------------------------------------------------------
jobs:
build-amd64 pass
build-i386 pass
build-amd64-oldkern pass
build-i386-oldkern pass
build-amd64-pvops pass
build-i386-pvops pass
test-amd64-amd64-xl pass
test-amd64-i386-xl pass
test-i386-i386-xl pass
test-amd64-i386-rhel6hvm-amd pass
test-amd64-i386-qemut-rhel6hvm-amd fail
test-amd64-i386-qemuu-rhel6hvm-amd pass
test-amd64-amd64-xl-qemut-win7-amd64 fail
test-amd64-i386-xl-qemut-win7-amd64 fail
test-amd64-amd64-xl-qemuu-win7-amd64 fail
test-amd64-amd64-xl-win7-amd64 fail
test-amd64-i386-xl-win7-amd64 fail
test-amd64-i386-xl-credit2 pass
test-amd64-amd64-xl-pcipt-intel fail
test-amd64-i386-rhel6hvm-intel pass
test-amd64-i386-qemut-rhel6hvm-intel pass
test-amd64-i386-qemuu-rhel6hvm-intel pass
test-amd64-i386-xl-multivcpu pass
test-amd64-amd64-pair pass
test-amd64-i386-pair pass
test-i386-i386-pair pass
test-amd64-amd64-xl-sedf-pin fail
test-amd64-amd64-pv pass
test-amd64-i386-pv pass
test-i386-i386-pv pass
test-amd64-amd64-xl-sedf pass
test-amd64-i386-xl-qemut-winxpsp3-vcpus1 fail
test-amd64-i386-xl-winxpsp3-vcpus1 fail
test-amd64-i386-xend-qemut-winxpsp3 fail
test-amd64-amd64-xl-qemut-winxpsp3 fail
test-i386-i386-xl-qemut-winxpsp3 fail
test-amd64-amd64-xl-qemuu-winxpsp3 fail
test-i386-i386-xl-qemuu-winxpsp3 fail
test-amd64-i386-xend-winxpsp3 fail
test-amd64-amd64-xl-winxpsp3 fail
test-i386-i386-xl-winxpsp3 fail
------------------------------------------------------------
sg-report-flight on woking.cam.xci-test.com
logs: /home/xc_osstest/logs
images: /home/xc_osstest/images
Logs, config files, etc. are available at
http://www.chiark.greenend.org.uk/~xensrcts/logs
Test harness code can be found at
http://xenbits.xensource.com/gitweb?p=osstest.git;a=summary
Not pushing.
------------------------------------------------------------
commit 7de5167ad9847ffec548fc4e68a3b8934a3a61d1
Author: Ian Jackson <ian.jackson@eu.citrix.com>
Date: Mon Nov 25 13:53:27 2013 +0000
QEMU_TAG update
commit 9c8a417228ce5a9175047adafd2ae10100ca14f3
Author: Ian Jackson <ian.jackson@eu.citrix.com>
Date: Tue Sep 3 13:41:46 2013 +0100
libxl: Do not generate short block in libxl__datacopier_prefixdata
libxl__datacopier_prefixdata would prepend a deliberately short block
(not just a half-full one, but one with a short buffer) to the
dc->bufs queue. However, this is wrong because datacopier_readable
will find it and try to continue to fill it up.
Instead, allocate a full-sized buffer.
Signed-off-by: Ian Jackson <Ian.Jackson@eu.citrix.com>
Tested-by: Chunyan Liu <cyliu@suse.com>
Acked-by: Ian Campbell <ian.campbell@citrix.com>
(cherry picked from commit f6d2a87f051456bddb7a47922c8cf60f37073063)
(cherry picked from commit 841a5a5aca13255e7006e19eb880eaf6df143ac2)
commit 616dfff3e37bbda0bcfa37991e19d522d7726744
Author: Ian Jackson <ian.jackson@eu.citrix.com>
Date: Mon Nov 11 17:17:55 2013 +0000
libxl: save/restore errno in SIGCHLD handler
Without this, code interrupted by SIGCHLD may experience strange
values of errno. (As far as I know this is not the cause of any
reported bugs.)
This fix should be backported in due course.
Signed-off-by: Ian Jackson <Ian.Jackson@eu.citrix.com>
Acked-by: Ian Campbell <ian.campbell@citrix.com>
(cherry picked from commit 704d10289bcaee46a3ef6cdc7966186e3b8033fa)
(cherry picked from commit be68feb0e12a4538a33f5526ec1a09165aa18a45)
(qemu changes not included)