xen.org
2013-Oct-18 17:57 UTC
[xen-unstable test] 21010: trouble: blocked/broken/fail/pass
flight 21010 xen-unstable real [real]
http://www.chiark.greenend.org.uk/~xensrcts/logs/21010/
Failures and problems with tests :-(
Tests which did not succeed and are blocking,
including tests which could not be run:
build-armhf 2 host-install(2) broken REGR. vs. 21005
Regressions which are regarded as allowable (not blocking):
test-amd64-amd64-xl-sedf-pin 7 debian-install fail REGR. vs. 21005
Tests which did not succeed, but are not blocking:
test-amd64-amd64-xl-pcipt-intel 9 guest-start fail never pass
test-armhf-armhf-xl 1 xen-build-check(1) blocked n/a
test-amd64-i386-xend-winxpsp3 16 leak-check/check fail never pass
test-amd64-amd64-xl-qemuu-winxpsp3 13 guest-stop fail never pass
test-amd64-i386-xl-qemut-win7-amd64 13 guest-stop fail never pass
test-amd64-amd64-xl-qemuu-win7-amd64 13 guest-stop fail never pass
test-amd64-amd64-xl-win7-amd64 13 guest-stop fail never pass
test-amd64-i386-xl-win7-amd64 13 guest-stop fail never pass
test-amd64-amd64-xl-winxpsp3 13 guest-stop fail never pass
test-amd64-amd64-xl-qemut-winxpsp3 13 guest-stop fail never pass
test-amd64-i386-xl-winxpsp3-vcpus1 13 guest-stop fail never pass
test-amd64-i386-xend-qemut-winxpsp3 16 leak-check/check fail never pass
test-amd64-i386-xl-qemut-winxpsp3-vcpus1 13 guest-stop fail never pass
test-amd64-amd64-xl-qemut-win7-amd64 13 guest-stop fail never pass
version targeted for testing:
xen 06afffeffd7a7da83b17ff7f49979d56bbdf6710
baseline version:
xen f72cb6bbc10348f4f7671428e5db509731e9e6a5
------------------------------------------------------------
People who touched revisions under test:
Ian Campbell <ian.campbell@citrix.com>
Marc Carino <marc.ceeeee@gmail.com>
------------------------------------------------------------
jobs:
build-amd64 pass
build-armhf broken
build-i386 pass
build-amd64-oldkern pass
build-i386-oldkern pass
build-amd64-pvops pass
build-armhf-pvops pass
build-i386-pvops pass
test-amd64-amd64-xl pass
test-armhf-armhf-xl blocked
test-amd64-i386-xl pass
test-amd64-i386-rhel6hvm-amd pass
test-amd64-i386-qemut-rhel6hvm-amd pass
test-amd64-i386-qemuu-rhel6hvm-amd pass
test-amd64-amd64-xl-qemut-win7-amd64 fail
test-amd64-i386-xl-qemut-win7-amd64 fail
test-amd64-amd64-xl-qemuu-win7-amd64 fail
test-amd64-amd64-xl-win7-amd64 fail
test-amd64-i386-xl-win7-amd64 fail
test-amd64-i386-xl-credit2 pass
test-amd64-amd64-xl-pcipt-intel fail
test-amd64-i386-rhel6hvm-intel pass
test-amd64-i386-qemut-rhel6hvm-intel pass
test-amd64-i386-qemuu-rhel6hvm-intel pass
test-amd64-i386-xl-multivcpu pass
test-amd64-amd64-pair pass
test-amd64-i386-pair pass
test-amd64-amd64-xl-sedf-pin fail
test-amd64-amd64-pv pass
test-amd64-i386-pv pass
test-amd64-amd64-xl-sedf pass
test-amd64-i386-xl-qemut-winxpsp3-vcpus1 fail
test-amd64-i386-xl-winxpsp3-vcpus1 fail
test-amd64-i386-xend-qemut-winxpsp3 fail
test-amd64-amd64-xl-qemut-winxpsp3 fail
test-amd64-amd64-xl-qemuu-winxpsp3 fail
test-amd64-i386-xend-winxpsp3 fail
test-amd64-amd64-xl-winxpsp3 fail
------------------------------------------------------------
sg-report-flight on woking.cam.xci-test.com
logs: /home/xc_osstest/logs
images: /home/xc_osstest/images
Logs, config files, etc. are available at
http://www.chiark.greenend.org.uk/~xensrcts/logs
Test harness code can be found at
http://xenbits.xensource.com/gitweb?p=osstest.git;a=summary
Not pushing.
------------------------------------------------------------
commit 06afffeffd7a7da83b17ff7f49979d56bbdf6710
Author: Marc Carino <marc.ceeeee@gmail.com>
Date: Wed Oct 16 15:57:06 2013 -0700
xen/arm: Add CPU ID for Broadcom Brahma-B15
Let Xen recognize the Broadcom Brahma-B15 CPU by adding the appropriate
MIDR mask to the initialization phase. Further, ensure that the console
output properly reports the CPU manufacturer as "Broadcom
Corporation".
Signed-off-by: Marc Carino <marc.ceeeee@gmail.com>
Acked-by: Ian Campbell <ian.campbell@citrix.com>
(qemu changes not included)