flight 20987 xen-4.3-testing real [real]
http://www.chiark.greenend.org.uk/~xensrcts/logs/20987/
Regressions :-(
Tests which did not succeed and are blocking,
including tests which could not be run:
build-armhf-pvops 4 kernel-build fail REGR. vs. 20979
Regressions which are regarded as allowable (not blocking):
test-amd64-amd64-xl-qemut-win7-amd64 7 windows-install fail like 20869
Tests which did not succeed, but are not blocking:
test-amd64-amd64-xl-pcipt-intel 9 guest-start fail never pass
test-armhf-armhf-xl 1 xen-build-check(1) blocked n/a
test-amd64-i386-xend-winxpsp3 16 leak-check/check fail never pass
test-amd64-i386-xl-win7-amd64 13 guest-stop fail never pass
test-amd64-amd64-xl-qemuu-win7-amd64 13 guest-stop fail never pass
test-amd64-amd64-xl-win7-amd64 13 guest-stop fail never pass
test-amd64-i386-xl-qemut-win7-amd64 13 guest-stop fail never pass
test-amd64-i386-xl-winxpsp3-vcpus1 13 guest-stop fail never pass
test-amd64-i386-xl-qemut-winxpsp3-vcpus1 13 guest-stop fail never pass
test-amd64-i386-xend-qemut-winxpsp3 16 leak-check/check fail never pass
test-amd64-amd64-xl-qemut-winxpsp3 13 guest-stop fail never pass
test-amd64-amd64-xl-winxpsp3 13 guest-stop fail never pass
test-amd64-amd64-xl-qemuu-winxpsp3 13 guest-stop fail never pass
version targeted for testing:
xen 9119a3fda323be347e13ffbc8221f8fcc8c09f06
baseline version:
xen 7b17418d1a09fa386222394c0ba30be3bd179c8a
------------------------------------------------------------
People who touched revisions under test:
Daniel De Graaf <dgdegra@tycho.nsa.gov>
------------------------------------------------------------
jobs:
build-amd64 pass
build-armhf pass
build-i386 pass
build-amd64-oldkern pass
build-i386-oldkern pass
build-amd64-pvops pass
build-armhf-pvops fail
build-i386-pvops pass
test-amd64-amd64-xl pass
test-armhf-armhf-xl blocked
test-amd64-i386-xl pass
test-amd64-i386-rhel6hvm-amd pass
test-amd64-i386-qemut-rhel6hvm-amd pass
test-amd64-i386-qemuu-rhel6hvm-amd pass
test-amd64-amd64-xl-qemut-win7-amd64 fail
test-amd64-i386-xl-qemut-win7-amd64 fail
test-amd64-amd64-xl-qemuu-win7-amd64 fail
test-amd64-amd64-xl-win7-amd64 fail
test-amd64-i386-xl-win7-amd64 fail
test-amd64-i386-xl-credit2 pass
test-amd64-amd64-xl-pcipt-intel fail
test-amd64-i386-rhel6hvm-intel pass
test-amd64-i386-qemut-rhel6hvm-intel pass
test-amd64-i386-qemuu-rhel6hvm-intel pass
test-amd64-i386-xl-multivcpu pass
test-amd64-amd64-pair pass
test-amd64-i386-pair pass
test-amd64-amd64-xl-sedf-pin pass
test-amd64-amd64-pv pass
test-amd64-i386-pv pass
test-amd64-amd64-xl-sedf pass
test-amd64-i386-xl-qemut-winxpsp3-vcpus1 fail
test-amd64-i386-xl-winxpsp3-vcpus1 fail
test-amd64-i386-xend-qemut-winxpsp3 fail
test-amd64-amd64-xl-qemut-winxpsp3 fail
test-amd64-amd64-xl-qemuu-winxpsp3 fail
test-amd64-i386-xend-winxpsp3 fail
test-amd64-amd64-xl-winxpsp3 fail
------------------------------------------------------------
sg-report-flight on woking.cam.xci-test.com
logs: /home/xc_osstest/logs
images: /home/xc_osstest/images
Logs, config files, etc. are available at
http://www.chiark.greenend.org.uk/~xensrcts/logs
Test harness code can be found at
http://xenbits.xensource.com/gitweb?p=osstest.git;a=summary
Not pushing.
------------------------------------------------------------
commit 9119a3fda323be347e13ffbc8221f8fcc8c09f06
Author: Daniel De Graaf <dgdegra@tycho.nsa.gov>
Date: Wed Oct 16 12:31:25 2013 +0200
fix DOMID_IO mapping permission checks
When the permission checks for memory mapping were moved from
get_pg_owner to xsm_mmu_update in aaba7a677, the exception for DOMID_IO
was not taken into account. This will cause IO memory mappings by PV
domains (mini-os in particular) to fail when XSM/FLASK is not being
used. This patch reintroduces the exception for DOMID_IO; the actual
restrictions on IO memory mappings have always been checked separately
using iomem_access_permitted, so this change should not break existing
access control.
Reported-by: Eduardo Peixoto Macedo <epm@cin.ufpe.br>
Signed-off-by: Daniel De Graaf <dgdegra@tycho.nsa.gov>
master commit: 07344c0f33be13bf9232a113681ef9087557f706
master date: 2013-09-26 10:15:47 +0200
(qemu changes not included)