flight 20856 linux-3.4 real [real]
http://www.chiark.greenend.org.uk/~xensrcts/logs/20856/
Regressions :-(
Tests which did not succeed and are blocking,
including tests which could not be run:
test-amd64-amd64-xl-qemuu-win7-amd64 10 guest-saverestore.2 fail REGR. vs.
20091
Regressions which are regarded as allowable (not blocking):
test-amd64-amd64-xl-qemut-winxpsp3 7 windows-install fail like 20091
Tests which did not succeed, but are not blocking:
test-amd64-amd64-xl-pcipt-intel 9 guest-start fail never pass
test-amd64-i386-xl-qemut-winxpsp3-vcpus1 13 guest-stop fail never pass
test-amd64-amd64-xl-win7-amd64 13 guest-stop fail never pass
test-amd64-i386-xl-qemut-win7-amd64 13 guest-stop fail never pass
test-amd64-i386-xl-winxpsp3-vcpus1 13 guest-stop fail never pass
test-amd64-amd64-xl-qemut-win7-amd64 13 guest-stop fail never pass
test-amd64-i386-xend-qemut-winxpsp3 16 leak-check/check fail never pass
test-amd64-i386-xend-winxpsp3 16 leak-check/check fail never pass
test-amd64-i386-xl-win7-amd64 13 guest-stop fail never pass
test-amd64-amd64-xl-winxpsp3 13 guest-stop fail never pass
test-amd64-amd64-xl-qemuu-winxpsp3 13 guest-stop fail never pass
version targeted for testing:
linux dc3a8b0c212a563bf21c91ac9e776a0875861d3f
baseline version:
linux 5602328b0d66cd6c5ef0dd7be081fd779c49c27e
------------------------------------------------------------
People who touched revisions under test:
"Theodore Ts''o" <tytso@mit.edu>
Andre Guedes <andre.guedes@openbossa.org>
Andrew Morton <akpm@linux-foundation.org>
Ansis Atteka <aatteka@nicira.com>
Anton Blanchard <anton@samba.org>
Benjamin Herrenschmidt <benh@kernel.crashing.org>
Chris Healy <cphealy@gmail.com>
Chris Mason <chris.mason@fusionio.com>
Chris Metcalf <cmetcalf@tilera.com>
Christian Lamparter <chunkeey@googlemail.com>
Claudiu Manoil <claudiu.manoil@freescale.com>
Dan Carpenter <dan.carpenter@oracle.com>
Daniel Borkmann <dborkman@redhat.com>
Dave Jones <davej@fedoraproject.org>
David Rientjes <rientjes@google.com>
David S. Miller <davem@davemloft.net>
Eric Dumazet <edumazet@google.com>
Greg Kroah-Hartman <gregkh@linuxfoundation.org>
Gustavo Padovan <gustavo.padovan@collabora.co.uk>
Hannes Frederic Sowa <hannes@stressinduktion.org>
Herbert Xu <herbert@gondor.apana.org.au>
Ian Abbott <abbotti@mev.co.uk>
Jack Wang <jinpu.wang@profitbricks.com>
Jan Kara <jack@suse.cz>
Jason Andrews <jasona@cadence.com>
John W. Linville <linville@tuxdriver.com>
Josef Bacik <jbacik@fusionio.com>
Kirill Tkhai <tkhai@yandex.ru>
Larry Finger <Larry.Finger@lwfinger.net>
Linus Torvalds <torvalds@linux-foundation.org>
Lv Zheng <lv.zheng@intel.com>
Mark Brown <broonie@linaro.org>
Meelis Roos <mroos@linux.ee>
Michael Grzeschik <m.grzeschik@pengutronix.de>
Michal Hocko <mhocko@suse.cz>
Michal Malý <madcatxster@prifuk.cz>
Mike Miller <mike.miller@hp.com>
Neil Horman <nhorman@tuxdriver.com>
Nicholas Bellinger <nab@linux-iscsi.org>
Nikolay Aleksandrov <nikolay@redhat.com>
Nishanth Aravamudan <nacc@us.ibm.com>
Paul E. McKenney <paulmck@linux.vnet.ibm.com>
Peter Korsgaard <peter@korsgaard.com>
Prarit Bhargava <prarit@redhat.com>
Rafael J. Wysocki <rafael.j.wysocki@intel.com>
Ricardo Ribalda Delgado <ricardo.ribalda@gmail.com>
Roger Luethi <rl@hellgate.ch>
Salam Noureddine <noureddine@aristanetworks.com>
Vinod Koul <vinod.koul@intel.com>
Vlad Yasevich <vyasevich@gmail.com>
------------------------------------------------------------
jobs:
build-amd64 pass
build-i386 pass
build-amd64-pvops pass
build-i386-pvops pass
test-amd64-amd64-xl pass
test-amd64-i386-xl pass
test-amd64-i386-rhel6hvm-amd pass
test-amd64-i386-qemut-rhel6hvm-amd pass
test-amd64-i386-qemuu-rhel6hvm-amd pass
test-amd64-amd64-xl-qemut-win7-amd64 fail
test-amd64-i386-xl-qemut-win7-amd64 fail
test-amd64-amd64-xl-qemuu-win7-amd64 fail
test-amd64-amd64-xl-win7-amd64 fail
test-amd64-i386-xl-win7-amd64 fail
test-amd64-i386-xl-credit2 pass
test-amd64-amd64-xl-pcipt-intel fail
test-amd64-i386-rhel6hvm-intel pass
test-amd64-i386-qemut-rhel6hvm-intel pass
test-amd64-i386-qemuu-rhel6hvm-intel pass
test-amd64-i386-xl-multivcpu pass
test-amd64-amd64-pair pass
test-amd64-i386-pair pass
test-amd64-amd64-xl-sedf-pin pass
test-amd64-amd64-pv pass
test-amd64-i386-pv pass
test-amd64-amd64-xl-sedf pass
test-amd64-i386-xl-qemut-winxpsp3-vcpus1 fail
test-amd64-i386-xl-winxpsp3-vcpus1 fail
test-amd64-i386-xend-qemut-winxpsp3 fail
test-amd64-amd64-xl-qemut-winxpsp3 fail
test-amd64-amd64-xl-qemuu-winxpsp3 fail
test-amd64-i386-xend-winxpsp3 fail
test-amd64-amd64-xl-winxpsp3 fail
------------------------------------------------------------
sg-report-flight on woking.cam.xci-test.com
logs: /home/xc_osstest/logs
images: /home/xc_osstest/images
Logs, config files, etc. are available at
http://www.chiark.greenend.org.uk/~xensrcts/logs
Test harness code can be found at
http://xenbits.xensource.com/gitweb?p=osstest.git;a=summary
Not pushing.
(No revision log; it would be 1304 lines long.)
--===============3971569139288125363=Content-Type: text/plain;
charset="us-ascii"
MIME-Version: 1.0
Content-Transfer-Encoding: 7bit
Content-Disposition: inline
_______________________________________________
Xen-devel mailing list
Xen-devel@lists.xen.org
http://lists.xen.org/xen-devel
--===============3971569139288125363==--