xen.org
2013-Oct-10 21:26 UTC
[qemu-upstream-4.2-testing test] 20674: tolerable FAIL - PUSHED
flight 20674 qemu-upstream-4.2-testing real [real]
http://www.chiark.greenend.org.uk/~xensrcts/logs/20674/
Failures :-/ but no regressions.
Tests which did not succeed, but are not blocking:
test-amd64-amd64-xl-qemuu-win7-amd64 13 guest-stop fail never pass
test-amd64-i386-xl-qemuu-winxpsp3-vcpus1 13 guest-stop fail never pass
test-amd64-i386-xl-qemuu-win7-amd64 13 guest-stop fail never pass
test-amd64-i386-xend-qemuu-winxpsp3 16 leak-check/check fail never pass
test-amd64-amd64-xl-qemuu-winxpsp3 13 guest-stop fail never pass
test-i386-i386-xl-qemuu-winxpsp3 13 guest-stop fail never pass
version targeted for testing:
qemuu 6d17c397dfadb29e641d5da1eb3381d240decedc
baseline version:
qemuu 3389f492465406e48914ee88d6e990dcf4629682
------------------------------------------------------------
People who touched revisions under test:
Matthew Daley <mattjd@gmail.com>
Stefano Stabellini <stefano.stabellini@eu.citrix.com>
------------------------------------------------------------
jobs:
build-amd64 pass
build-i386 pass
build-amd64-oldkern pass
build-i386-oldkern pass
build-amd64-pvops pass
build-i386-pvops pass
test-amd64-i386-qemuu-rhel6hvm-amd pass
test-amd64-amd64-xl-qemuu-win7-amd64 fail
test-amd64-i386-xl-qemuu-win7-amd64 fail
test-amd64-i386-qemuu-rhel6hvm-intel pass
test-amd64-i386-xl-qemuu-winxpsp3-vcpus1 fail
test-amd64-i386-xend-qemuu-winxpsp3 fail
test-amd64-amd64-xl-qemuu-winxpsp3 fail
test-i386-i386-xl-qemuu-winxpsp3 fail
------------------------------------------------------------
sg-report-flight on woking.cam.xci-test.com
logs: /home/xc_osstest/logs
images: /home/xc_osstest/images
Logs, config files, etc. are available at
http://www.chiark.greenend.org.uk/~xensrcts/logs
Test harness code can be found at
http://xenbits.xensource.com/gitweb?p=osstest.git;a=summary
Pushing revision :
+ branch=qemu-upstream-4.2-testing
+ revision=6d17c397dfadb29e641d5da1eb3381d240decedc
+ . cri-lock-repos
++ . cri-common
+++ . cri-getconfig
+++ umask 002
+++ getconfig Repos
+++ perl -e ''
use Osstest;
readglobalconfig();
print $c{"Repos"} or die $!;
''
++ repos=/export/home/osstest/repos
++ repos_lock=/export/home/osstest/repos/lock
++ ''['' x ''!=''
x/export/home/osstest/repos/lock '']''
++ OSSTEST_REPOS_LOCK_LOCKED=/export/home/osstest/repos/lock
++ exec with-lock-ex -w /export/home/osstest/repos/lock ./ap-push
qemu-upstream-4.2-testing 6d17c397dfadb29e641d5da1eb3381d240decedc
+ branch=qemu-upstream-4.2-testing
+ revision=6d17c397dfadb29e641d5da1eb3381d240decedc
+ . cri-lock-repos
++ . cri-common
+++ . cri-getconfig
+++ umask 002
+++ getconfig Repos
+++ perl -e ''
use Osstest;
readglobalconfig();
print $c{"Repos"} or die $!;
''
++ repos=/export/home/osstest/repos
++ repos_lock=/export/home/osstest/repos/lock
++ ''['' x/export/home/osstest/repos/lock ''!=''
x/export/home/osstest/repos/lock '']''
+ . cri-common
++ . cri-getconfig
++ umask 002
+ select_xenbranch
+ case "$branch" in
+ tree=qemuu
+ xenbranch=xen-4.2-testing
+ ''['' xqemuu = xlinux '']''
+ linuxbranch+ : tested/2.6.39.x
+ . ap-common
++ : osstest@xenbits.xensource.com
++ : git://xenbits.xen.org/xen.git
++ : osstest@xenbits.xensource.com:/home/xen/git/xen.git
++ : git://xenbits.xen.org/staging/qemu-xen-4.2-testing.git
++ : git://git.kernel.org
++ : git://git.kernel.org/pub/scm/linux/kernel/git
++ : git
++ : git://xenbits.xen.org/osstest/linux-firmware.git
++ : osstest@xenbits.xensource.com:/home/osstest/ext/linux-firmware.git
++ : git://git.kernel.org/pub/scm/linux/kernel/git/firmware/linux-firmware.git
++ : osstest@xenbits.xensource.com:/home/xen/git/linux-pvops.git
++ : git://xenbits.xen.org/linux-pvops.git
++ : tested/linux-3.4
++ : tested/linux-arm-xen
++ ''['' xgit://xenbits.xen.org/linux-pvops.git = x
'']''
++ ''['' x = x '']''
++ : git://xenbits.xen.org/linux-pvops.git
++ : tested/linux-arm-xen
++ : git://git.kernel.org/pub/scm/linux/kernel/git/konrad/xen.git
++ : tested/2.6.39.x
++ : daily-cron.qemu-upstream-4.2-testing
++ : daily-cron.qemu-upstream-4.2-testing
++ : http://hg.uk.xensource.com/carbon/trunk/linux-2.6.27
++ : git://xenbits.xen.org/staging/qemu-upstream-4.2-testing.git
++ : daily-cron.qemu-upstream-4.2-testing
+ TREE_LINUX=osstest@xenbits.xensource.com:/home/xen/git/linux-pvops.git
+
TREE_QEMU_UPSTREAM=osstest@xenbits.xensource.com:/home/xen/git/qemu-upstream-4.2-testing.git
+ TREE_XEN=osstest@xenbits.xensource.com:/home/xen/git/xen.git
+ info_linux_tree qemu-upstream-4.2-testing
+ case $1 in
+ return 1
+ case "$branch" in
+ cd /export/home/osstest/repos/qemu-upstream-4.2-testing
+ git push
osstest@xenbits.xensource.com:/home/xen/git/qemu-upstream-4.2-testing.git
6d17c397dfadb29e641d5da1eb3381d240decedc:master
Counting objects: 7, done.
Compressing objects: 100% (1/1)
Compressing objects: 100% (1/1), done.
Writing objects: 25% (1/4)
Writing objects: 50% (2/4)
Writing objects: 75% (3/4)
Writing objects: 100% (4/4)
Writing objects: 100% (4/4), 816 bytes, done.
Total 4 (delta 3), reused 4 (delta 3)
To osstest@xenbits.xensource.com:/home/xen/git/qemu-upstream-4.2-testing.git
3389f49..6d17c39 6d17c397dfadb29e641d5da1eb3381d240decedc -> master