xen.org
2013-Sep-20  05:57 UTC
[xen-unstable test] 19756: regressions - trouble: broken/fail/pass
flight 19756 xen-unstable real [real]
http://www.chiark.greenend.org.uk/~xensrcts/logs/19756/
Regressions :-(
Tests which did not succeed and are blocking,
including tests which could not be run:
 test-amd64-amd64-pv          18 leak-check/check          fail REGR. vs. 19708
 test-amd64-i386-pv           18 leak-check/check          fail REGR. vs. 19708
 test-amd64-i386-xl-winxpsp3-vcpus1 10 guest-saverestore.2 fail REGR. vs. 19708
Tests which did not succeed, but are not blocking:
 test-armhf-armhf-xl           3 host-install(3)              broken never pass
 test-armhf-armhf-xl           4 capture-logs(4)              broken never pass
 test-amd64-amd64-xl-pcipt-intel  9 guest-start                 fail never pass
 test-amd64-i386-xend-winxpsp3 16 leak-check/check             fail  never pass
 test-amd64-amd64-xl-qemuu-winxpsp3 13 guest-stop               fail never pass
 test-amd64-amd64-xl-qemuu-win7-amd64 13 guest-stop             fail never pass
 test-amd64-i386-xl-win7-amd64 13 guest-stop                   fail  never pass
 test-amd64-i386-xend-qemut-winxpsp3 16 leak-check/check        fail never pass
 test-amd64-i386-xl-qemut-winxpsp3-vcpus1 13 guest-stop         fail never pass
 test-amd64-amd64-xl-qemut-winxpsp3 13 guest-stop               fail never pass
 test-amd64-amd64-xl-win7-amd64 13 guest-stop                   fail never pass
 test-amd64-amd64-xl-qemut-win7-amd64 13 guest-stop             fail never pass
 test-amd64-amd64-xl-winxpsp3 13 guest-stop                   fail   never pass
 test-amd64-i386-xl-qemut-win7-amd64 13 guest-stop              fail never pass
version targeted for testing:
 xen                  c00a6637315bdd146707dd1f1ad738471bb5caf5
baseline version:
 xen                  c5e9596cd095e3b96a090002d9e6629a980904eb
------------------------------------------------------------
People who touched revisions under test:
  Andre Przywara <andre.przywara@linaro.org>
  Charles Arnold <carnold@suse.com>
  George Dunlap <george.dunlap@eu.citrix.com>
  Ian Campbell <ian.campbell@citrix.com>
  Ian Jackson <ian.jackson@eu.citrix.com>
  Jan Beulich <jbeulich@suse.com>
  Julien Grall <julien.grall@linaro.org>
  Keir Fraser <keir@xen.org>
  Mukesh Rathor <mukesh.rathor@oracle.com>
  Suravee Suthikulpanit <suravee.suthikulpanit@amd.com>
  Tim Deegan <tim@xen.org>
------------------------------------------------------------
jobs:
 build-amd64                                                  pass    
 build-armhf                                                  pass    
 build-i386                                                   pass    
 build-amd64-oldkern                                          pass    
 build-i386-oldkern                                           pass    
 build-amd64-pvops                                            pass    
 build-armhf-pvops                                            pass    
 build-i386-pvops                                             pass    
 test-amd64-amd64-xl                                          pass    
 test-armhf-armhf-xl                                          broken  
 test-amd64-i386-xl                                           pass    
 test-amd64-i386-rhel6hvm-amd                                 pass    
 test-amd64-i386-qemut-rhel6hvm-amd                           pass    
 test-amd64-i386-qemuu-rhel6hvm-amd                           pass    
 test-amd64-amd64-xl-qemut-win7-amd64                         fail    
 test-amd64-i386-xl-qemut-win7-amd64                          fail    
 test-amd64-amd64-xl-qemuu-win7-amd64                         fail    
 test-amd64-amd64-xl-win7-amd64                               fail    
 test-amd64-i386-xl-win7-amd64                                fail    
 test-amd64-i386-xl-credit2                                   pass    
 test-amd64-amd64-xl-pcipt-intel                              fail    
 test-amd64-i386-rhel6hvm-intel                               pass    
 test-amd64-i386-qemut-rhel6hvm-intel                         pass    
 test-amd64-i386-qemuu-rhel6hvm-intel                         pass    
 test-amd64-i386-xl-multivcpu                                 pass    
 test-amd64-amd64-pair                                        pass    
 test-amd64-i386-pair                                         pass    
 test-amd64-amd64-xl-sedf-pin                                 pass    
 test-amd64-amd64-pv                                          fail    
 test-amd64-i386-pv                                           fail    
 test-amd64-amd64-xl-sedf                                     pass    
 test-amd64-i386-xl-qemut-winxpsp3-vcpus1                     fail    
 test-amd64-i386-xl-winxpsp3-vcpus1                           fail    
 test-amd64-i386-xend-qemut-winxpsp3                          fail    
 test-amd64-amd64-xl-qemut-winxpsp3                           fail    
 test-amd64-amd64-xl-qemuu-winxpsp3                           fail    
 test-amd64-i386-xend-winxpsp3                                fail    
 test-amd64-amd64-xl-winxpsp3                                 fail    
------------------------------------------------------------
sg-report-flight on woking.cam.xci-test.com
logs: /home/xc_osstest/logs
images: /home/xc_osstest/images
Logs, config files, etc. are available at
    http://www.chiark.greenend.org.uk/~xensrcts/logs
Test harness code can be found at
    http://xenbits.xensource.com/gitweb?p=osstest.git;a=summary
Not pushing.
(No revision log; it would be 537 lines long.)
Ian Campbell
2013-Sep-20  13:30 UTC
Re: [xen-unstable test] 19756: regressions - trouble: broken/fail/pass
On Fri, 2013-09-20 at 06:57 +0100, xen.org wrote:> flight 19756 xen-unstable real [real] > http://www.chiark.greenend.org.uk/~xensrcts/logs/19756/ > > Regressions :-( > > Tests which did not succeed and are blocking, > including tests which could not be run: > test-amd64-amd64-pv 18 leak-check/check fail REGR. vs. 19708 > test-amd64-i386-pv 18 leak-check/check fail REGR. vs. 19708I have suppressed: 2013-09-19 23:03:42 Z LEAKED [file /tmp/xm-deprecation-long-warning] file: 399061 0 -rw-r--r-- 1 root root 0 Sep 19 23:58 /tmp/xm-deprecation-long-warning It should pass osstests own push gate today...> test-amd64-i386-xl-winxpsp3-vcpus1 10 guest-saverestore.2 fail REGR. vs. 19708This one looks like a spurious networking related timeout. Ian.
Ian Campbell
2013-Sep-20  13:48 UTC
Re: [xen-unstable test] 19756: regressions - trouble: broken/fail/pass
On Fri, 2013-09-20 at 06:57 +0100, xen.org wrote:> Tests which did not succeed, but are not blocking: > test-armhf-armhf-xl 3 host-install(3) broken never passhost marilith-n5 marilith-n5.cam.xci-test.com ? at Osstest/HostDB/Executive.pm line 84. + ./ts-host-install host This machine is actually in the uk.xensource.com domain. I have run: ./mg-hosts setprops marilith-n5 -- fqdn marilith-n5.uk.xensource.com> test-armhf-armhf-xl 4 capture-logs(4) broken never passSame problem. Ian.
Ian Jackson
2013-Oct-11  11:29 UTC
Re: [xen-unstable test] 19756: regressions - trouble: broken/fail/pass
Ian Campbell writes ("Re: [Xen-devel] [xen-unstable test] 19756:
regressions - trouble: broken/fail/pass"):> I have suppressed:
> 2013-09-19 23:03:42 Z LEAKED [file /tmp/xm-deprecation-long-warning] file:
399061    0 -rw-r--r--   1 root     root            0 Sep 19 23:58
/tmp/xm-deprecation-long-warning
Wait, what ?  I assume this is a stamp file to prevent repeated
issuance of the warning ?
It should definitely not be in /tmp.  /var/run I think.
Ian.
Ian Campbell
2013-Oct-11  11:51 UTC
Re: [xen-unstable test] 19756: regressions - trouble: broken/fail/pass
On Fri, 2013-10-11 at 12:29 +0100, Ian Jackson wrote:> Ian Campbell writes ("Re: [Xen-devel] [xen-unstable test] 19756: regressions - trouble: broken/fail/pass"): > > I have suppressed: > > 2013-09-19 23:03:42 Z LEAKED [file /tmp/xm-deprecation-long-warning] file: 399061 0 -rw-r--r-- 1 root root 0 Sep 19 23:58 /tmp/xm-deprecation-long-warning > > Wait, what ? I assume this is a stamp file to prevent repeated > issuance of the warning ? > > It should definitely not be in /tmp. /var/run I think.Yes, quite right. This will need an osstest change to whitelist the new path. 8>-------------------- From 1ba08526200e44317a63ee3e15c05a702bb15bd8 Mon Sep 17 00:00:00 2001 From: Ian Campbell <ian.campbell@citrix.com> Date: Fri, 11 Oct 2013 12:49:05 +0100 Subject: [PATCH] xend: Drop long deprecation warning in /var/run not /tmp Signed-off-by: Ian Campbell <ian.campbell@citrix.com> --- tools/python/xen/xm/xm | 4 ++-- 1 file changed, 2 insertions(+), 2 deletions(-) diff --git a/tools/python/xen/xm/xm b/tools/python/xen/xm/xm index 6a3f545..fef4272 100755 --- a/tools/python/xen/xm/xm +++ b/tools/python/xen/xm/xm @@ -6,7 +6,7 @@ from xen.xm import main print >>sys.stderr, ("WARNING: xend/xm is deprecated.") -if not os.path.exists("/tmp/xm-deprecation-long-warning"): +if not os.path.exists("/var/run/xm-deprecation-long-warning"): print >>sys.stderr, (""" xend is deprecated and scheduled for removal. Please migrate to another toolstack ASAP. @@ -15,6 +15,6 @@ See http://wiki.xen.org/wiki/Choice_of_Toolstacks for information on other alternatives, including xl which is designed to be a drop in replacement for xm (http://wiki.xen.org/wiki/XL). """) - open("/tmp/xm-deprecation-long-warning", "w").close() + open("/var/run/xm-deprecation-long-warning", "w").close() main.main(sys.argv) -- 1.7.10.4
Ian Campbell
2013-Oct-11  11:52 UTC
Re: [xen-unstable test] 19756: regressions - trouble: broken/fail/pass
On Fri, 2013-10-11 at 12:51 +0100, Ian Campbell wrote:> This will need an osstest change to whitelist the new path.This... 8>------------ From 3e1be7e56bd6a1faa96ac3f26a84fd8f373f7b0e Mon Sep 17 00:00:00 2001 From: Ian Campbell <ian.campbell@citrix.com> Date: Fri, 11 Oct 2013 12:50:37 +0100 Subject: [PATCH] ts-leak-check: Allow /var/run/xm-deprecation-long-warning This replaces /tmp/xm-deprecation-long-warning but we are a bit stuck with the former for bisection purposes. --- ts-leak-check | 1 + 1 file changed, 1 insertion(+) diff --git a/ts-leak-check b/ts-leak-check index 89deb3b..ec40435 100755 --- a/ts-leak-check +++ b/ts-leak-check @@ -195,4 +195,5 @@ process .* udevd file /var/run/xenstored/db file /var/run/xenstored/db.debug +file /var/run/xm-deprecation-long-warning file /tmp/xm-deprecation-long-warning -- 1.7.10.4
Ian Jackson
2013-Oct-11  14:52 UTC
Re: [xen-unstable test] 19756: regressions - trouble: broken/fail/pass
Ian Campbell writes ("Re: [Xen-devel] [xen-unstable test] 19756:
regressions - trouble: broken/fail/pass"):> On Fri, 2013-10-11 at 12:51 +0100, Ian Campbell wrote:
> > This will need an osstest change to whitelist the new path. 
> 
> This...
LGTM.  Will you push it ?
Ian.
Ian Campbell
2013-Oct-11  14:56 UTC
Re: [xen-unstable test] 19756: regressions - trouble: broken/fail/pass
On Fri, 2013-10-11 at 15:52 +0100, Ian Jackson wrote:> Ian Campbell writes ("Re: [Xen-devel] [xen-unstable test] 19756: regressions - trouble: broken/fail/pass"): > > On Fri, 2013-10-11 at 12:51 +0100, Ian Campbell wrote: > > > This will need an osstest change to whitelist the new path. > > > > This... > > LGTM. Will you push it ?Yes. and then once it passes the push gate I''ll make the corresponding change to xen.git (if you ack it) Ian.
Ian Jackson
2013-Oct-11  15:11 UTC
Re: [xen-unstable test] 19756: regressions - trouble: broken/fail/pass
Ian Campbell writes ("Re: [Xen-devel] [xen-unstable test] 19756:
regressions - trouble: broken/fail/pass"):> From: Ian Campbell <ian.campbell@citrix.com>
> Date: Fri, 11 Oct 2013 12:49:05 +0100
> Subject: [PATCH] xend: Drop long deprecation warning in /var/run not /tmp
> 
> Signed-off-by: Ian Campbell <ian.campbell@citrix.com>
Acked-by: Ian Jackson <ian.jackson@eu.citrix.com>
Ian Campbell
2013-Oct-16  11:33 UTC
Re: [xen-unstable test] 19756: regressions - trouble: broken/fail/pass
On Fri, 2013-10-11 at 16:11 +0100, Ian Jackson wrote:> Ian Campbell writes ("Re: [Xen-devel] [xen-unstable test] 19756: regressions - trouble: broken/fail/pass"): > > From: Ian Campbell <ian.campbell@citrix.com> > > Date: Fri, 11 Oct 2013 12:49:05 +0100 > > Subject: [PATCH] xend: Drop long deprecation warning in /var/run not /tmp > > > > Signed-off-by: Ian Campbell <ian.campbell@citrix.com> > > Acked-by: Ian Jackson <ian.jackson@eu.citrix.com>The osstest half is through, hence applied.