xen.org
2013-Sep-19 11:13 UTC
[xen-unstable test] 19738: regressions - trouble: broken/fail/pass
flight 19738 xen-unstable real [real]
http://www.chiark.greenend.org.uk/~xensrcts/logs/19738/
Regressions :-(
Tests which did not succeed and are blocking,
including tests which could not be run:
test-amd64-amd64-pv 9 guest-start fail REGR. vs. 19708
test-amd64-i386-xend-winxpsp3 8 guest-saverestore fail REGR. vs. 19708
test-amd64-i386-pv 9 guest-start fail REGR. vs. 19708
test-amd64-i386-xend-qemut-winxpsp3 8 guest-saverestore fail REGR. vs. 19708
Tests which are failing intermittently (not blocking):
test-amd64-amd64-xl-sedf-pin 7 debian-install fail pass in 19732
test-amd64-i386-xl-qemut-winxpsp3-vcpus1 3 host-install(3) broken pass in 19732
Regressions which are regarded as allowable (not blocking):
build-armhf-pvops 4 kernel-build fail in 19732 like 19708
Tests which did not succeed, but are not blocking:
test-armhf-armhf-xl 3 host-install(3) broken never pass
test-armhf-armhf-xl 4 capture-logs(4) broken never pass
test-amd64-amd64-xl-pcipt-intel 9 guest-start fail never pass
test-amd64-amd64-xl-qemuu-winxpsp3 13 guest-stop fail never pass
test-amd64-amd64-xl-qemuu-win7-amd64 13 guest-stop fail never pass
test-amd64-i386-xl-win7-amd64 13 guest-stop fail never pass
test-amd64-i386-xl-winxpsp3-vcpus1 13 guest-stop fail never pass
test-amd64-amd64-xl-qemut-winxpsp3 13 guest-stop fail never pass
test-amd64-amd64-xl-win7-amd64 13 guest-stop fail never pass
test-amd64-amd64-xl-qemut-win7-amd64 13 guest-stop fail never pass
test-amd64-amd64-xl-winxpsp3 13 guest-stop fail never pass
test-amd64-i386-xl-qemut-win7-amd64 13 guest-stop fail never pass
test-armhf-armhf-xl 1 xen-build-check(1) blocked in 19732 n/a
test-amd64-i386-xl-qemut-winxpsp3-vcpus1 13 guest-stop fail in 19732 never pass
version targeted for testing:
xen dad7e45bf44c0569546a3ed7d0fa4182a4a73f0a
baseline version:
xen c5e9596cd095e3b96a090002d9e6629a980904eb
------------------------------------------------------------
People who touched revisions under test:
Andre Przywara <andre.przywara@linaro.org>
Charles Arnold <carnold@suse.com>
George Dunlap <george.dunlap@eu.citrix.com>
Ian Campbell <ian.campbell@citrix.com>
Ian Jackson <ian.jackson@eu.citrix.com>
Jan Beulich <jbeulich@suse.com>
Julien Grall <julien.grall@linaro.org>
Mukesh Rathor <mukesh.rathor@oracle.com>
Suravee Suthikulpanit <suravee.suthikulpanit@amd.com>
Tim Deegan <tim@xen.org>
------------------------------------------------------------
jobs:
build-amd64 pass
build-armhf pass
build-i386 pass
build-amd64-oldkern pass
build-i386-oldkern pass
build-amd64-pvops pass
build-armhf-pvops pass
build-i386-pvops pass
test-amd64-amd64-xl pass
test-armhf-armhf-xl broken
test-amd64-i386-xl pass
test-amd64-i386-rhel6hvm-amd pass
test-amd64-i386-qemut-rhel6hvm-amd pass
test-amd64-i386-qemuu-rhel6hvm-amd pass
test-amd64-amd64-xl-qemut-win7-amd64 fail
test-amd64-i386-xl-qemut-win7-amd64 fail
test-amd64-amd64-xl-qemuu-win7-amd64 fail
test-amd64-amd64-xl-win7-amd64 fail
test-amd64-i386-xl-win7-amd64 fail
test-amd64-i386-xl-credit2 pass
test-amd64-amd64-xl-pcipt-intel fail
test-amd64-i386-rhel6hvm-intel pass
test-amd64-i386-qemut-rhel6hvm-intel pass
test-amd64-i386-qemuu-rhel6hvm-intel pass
test-amd64-i386-xl-multivcpu pass
test-amd64-amd64-pair pass
test-amd64-i386-pair pass
test-amd64-amd64-xl-sedf-pin fail
test-amd64-amd64-pv fail
test-amd64-i386-pv fail
test-amd64-amd64-xl-sedf pass
test-amd64-i386-xl-qemut-winxpsp3-vcpus1 broken
test-amd64-i386-xl-winxpsp3-vcpus1 fail
test-amd64-i386-xend-qemut-winxpsp3 fail
test-amd64-amd64-xl-qemut-winxpsp3 fail
test-amd64-amd64-xl-qemuu-winxpsp3 fail
test-amd64-i386-xend-winxpsp3 fail
test-amd64-amd64-xl-winxpsp3 fail
------------------------------------------------------------
sg-report-flight on woking.cam.xci-test.com
logs: /home/xc_osstest/logs
images: /home/xc_osstest/images
Logs, config files, etc. are available at
http://www.chiark.greenend.org.uk/~xensrcts/logs
Test harness code can be found at
http://xenbits.xensource.com/gitweb?p=osstest.git;a=summary
Not pushing.
(No revision log; it would be 514 lines long.)