flight 19199 osstest real [real]
http://www.chiark.greenend.org.uk/~xensrcts/logs/19199/
Failures :-/ but no regressions.
Regressions which are regarded as allowable (not blocking):
test-amd64-amd64-xl-qemut-winxpsp3 7 windows-install fail like 19187
Tests which did not succeed, but are not blocking:
test-armhf-armhf-xl 1 xen-build-check(1) blocked n/a
build-armhf-pvops 4 kernel-build fail never pass
test-amd64-amd64-xl-pcipt-intel 9 guest-start fail never pass
test-amd64-amd64-xl-win7-amd64 13 guest-stop fail never pass
test-amd64-i386-xl-win7-amd64 13 guest-stop fail never pass
test-amd64-amd64-xl-qemuu-win7-amd64 13 guest-stop fail never pass
test-amd64-amd64-xl-winxpsp3 13 guest-stop fail never pass
test-amd64-i386-xend-winxpsp3 16 leak-check/check fail never pass
test-amd64-amd64-xl-qemuu-winxpsp3 13 guest-stop fail never pass
test-amd64-i386-xl-qemut-winxpsp3-vcpus1 13 guest-stop fail never pass
test-amd64-i386-xl-winxpsp3-vcpus1 13 guest-stop fail never pass
test-amd64-i386-xl-qemut-win7-amd64 13 guest-stop fail never pass
test-amd64-i386-xend-qemut-winxpsp3 16 leak-check/check fail never pass
test-amd64-amd64-xl-qemut-win7-amd64 13 guest-stop fail never pass
version targeted for testing:
osstest 235fd62a48336e6bc07433e5b8ea49a6027eadb1
baseline version:
osstest c0bfb2293a2687521746694ccc77a9488893f99b
jobs:
build-amd64 pass
build-armhf pass
build-i386 pass
build-amd64-oldkern pass
build-i386-oldkern pass
build-amd64-pvops pass
build-armhf-pvops fail
build-i386-pvops pass
test-amd64-amd64-xl pass
test-armhf-armhf-xl blocked
test-amd64-i386-xl pass
test-amd64-i386-rhel6hvm-amd pass
test-amd64-i386-qemut-rhel6hvm-amd pass
test-amd64-i386-qemuu-rhel6hvm-amd pass
test-amd64-amd64-xl-qemut-win7-amd64 fail
test-amd64-i386-xl-qemut-win7-amd64 fail
test-amd64-amd64-xl-qemuu-win7-amd64 fail
test-amd64-amd64-xl-win7-amd64 fail
test-amd64-i386-xl-win7-amd64 fail
test-amd64-i386-xl-credit2 pass
test-amd64-amd64-xl-pcipt-intel fail
test-amd64-i386-rhel6hvm-intel pass
test-amd64-i386-qemut-rhel6hvm-intel pass
test-amd64-i386-qemuu-rhel6hvm-intel pass
test-amd64-i386-xl-multivcpu pass
test-amd64-amd64-pair pass
test-amd64-i386-pair pass
test-amd64-amd64-xl-sedf-pin pass
test-amd64-amd64-pv pass
test-amd64-i386-pv pass
test-amd64-amd64-xl-sedf pass
test-amd64-i386-xl-qemut-winxpsp3-vcpus1 fail
test-amd64-i386-xl-winxpsp3-vcpus1 fail
test-amd64-i386-xend-qemut-winxpsp3 fail
test-amd64-amd64-xl-qemut-winxpsp3 fail
test-amd64-amd64-xl-qemuu-winxpsp3 fail
test-amd64-i386-xend-winxpsp3 fail
test-amd64-amd64-xl-winxpsp3 fail
------------------------------------------------------------
sg-report-flight on woking.cam.xci-test.com
logs: /home/xc_osstest/logs
images: /home/xc_osstest/images
Logs, config files, etc. are available at
http://www.chiark.greenend.org.uk/~xensrcts/logs
Test harness code can be found at
http://xenbits.xensource.com/gitweb?p=osstest.git;a=summary
Pushing revision :
+ branch=osstest
+ revision=235fd62a48336e6bc07433e5b8ea49a6027eadb1
+ . cri-lock-repos
++ . cri-common
+++ . cri-getconfig
+++ umask 002
+++ getconfig Repos
+++ perl -e ''
use Osstest;
readglobalconfig();
print $c{"Repos"} or die $!;
''
++ repos=/export/home/osstest/repos
++ repos_lock=/export/home/osstest/repos/lock
++ ''['' x ''!=''
x/export/home/osstest/repos/lock '']''
++ OSSTEST_REPOS_LOCK_LOCKED=/export/home/osstest/repos/lock
++ exec with-lock-ex -w /export/home/osstest/repos/lock ./ap-push osstest
235fd62a48336e6bc07433e5b8ea49a6027eadb1
+ branch=osstest
+ revision=235fd62a48336e6bc07433e5b8ea49a6027eadb1
+ . cri-lock-repos
++ . cri-common
+++ . cri-getconfig
+++ umask 002
+++ getconfig Repos
+++ perl -e ''
use Osstest;
readglobalconfig();
print $c{"Repos"} or die $!;
''
++ repos=/export/home/osstest/repos
++ repos_lock=/export/home/osstest/repos/lock
++ ''['' x/export/home/osstest/repos/lock ''!=''
x/export/home/osstest/repos/lock '']''
+ . cri-common
++ . cri-getconfig
++ umask 002
+ select_xenbranch
+ case "$branch" in
+ tree=osstest
+ xenbranch=xen-unstable
+ ''['' xosstest = xlinux '']''
+ linuxbranch=linux
+ : tested/2.6.39.x
+ . ap-common
++ : osstest@xenbits.xensource.com
++ : git://xenbits.xen.org/xen.git
++ : osstest@xenbits.xensource.com:/home/xen/git/xen.git
++ : git://xenbits.xen.org/staging/qemu-xen-unstable.git
++ : git://git.kernel.org
++ : git://git.kernel.org/pub/scm/linux/kernel/git
++ : git
++ : git://xenbits.xen.org/osstest/linux-firmware.git
++ : osstest@xenbits.xensource.com:/home/osstest/ext/linux-firmware.git
++ : git://git.kernel.org/pub/scm/linux/kernel/git/firmware/linux-firmware.git
++ : osstest@xenbits.xensource.com:/home/xen/git/linux-pvops.git
++ : git://xenbits.xen.org/linux-pvops.git
++ : tested/linux-3.4
++ ''['' xgit://xenbits.xen.org/linux-pvops.git = x
'']''
++ : git://git.kernel.org/pub/scm/linux/kernel/git/konrad/xen.git
++ : tested/2.6.39.x
++ : daily-cron.osstest
++ : daily-cron.osstest
++ : http://hg.uk.xensource.com/carbon/trunk/linux-2.6.27
++ : git://xenbits.xen.org/staging/qemu-upstream-unstable.git
++ : daily-cron.osstest
+ TREE_LINUX=osstest@xenbits.xensource.com:/home/xen/git/linux-pvops.git
+
TREE_QEMU_UPSTREAM=osstest@xenbits.xensource.com:/home/xen/git/qemu-upstream-unstable.git
+ TREE_XEN=osstest@xenbits.xensource.com:/home/xen/git/xen.git
+ info_linux_tree osstest
+ case $1 in
+ return 1
+ case "$branch" in
+ git push /export/home/osstest/testing.git
235fd62a48336e6bc07433e5b8ea49a6027eadb1:incoming
Total 0 (delta 0), reused 0 (delta 0)
To /export/home/osstest/testing.git
c0bfb22..235fd62 235fd62a48336e6bc07433e5b8ea49a6027eadb1 -> incoming
+ git push osstest@xenbits.xensource.com:/home/xen/git/osstest.git
235fd62a48336e6bc07433e5b8ea49a6027eadb1:master
Counting objects: 1
Counting objects: 193, done.
Compressing objects: 2% (1/49)
Compressing objects: 4% (2/49)
Compressing objects: 6% (3/49)
Compressing objects: 8% (4/49)
Compressing objects: 10% (5/49)
Compressing objects: 12% (6/49)
Compressing objects: 14% (7/49)
Compressing objects: 16% (8/49)
Compressing objects: 18% (9/49)
Compressing objects: 20% (10/49)
Compressing objects: 22% (11/49)
Compressing objects: 24% (12/49)
Compressing objects: 26% (13/49)
Compressing objects: 28% (14/49)
Compressing objects: 30% (15/49)
Compressing objects: 32% (16/49)
Compressing objects: 34% (17/49)
Compressing objects: 36% (18/49)
Compressing objects: 38% (19/49)
Compressing objects: 40% (20/49)
Compressing objects: 42% (21/49)
Compressing objects: 44% (22/49)
Compressing objects: 46% (23/49)
Compressing objects: 48% (24/49)
Compressing objects: 51% (25/49)
Compressing objects: 53% (26/49)
Compressing objects: 55% (27/49)
Compressing objects: 57% (28/49)
Compressing objects: 59% (29/49)
Compressing objects: 61% (30/49)
Compressing objects: 63% (31/49)
Compressing objects: 65% (32/49)
Compressing objects: 67% (33/49)
Compressing objects: 69% (34/49)
Compressing objects: 71% (35/49)
Compressing objects: 73% (36/49)
Compressing objects: 75% (37/49)
Compressing objects: 77% (38/49)
Compressing objects: 79% (39/49)
Compressing objects: 81% (40/49)
Compressing objects: 83% (41/49)
Compressing objects: 85% (42/49)
Compressing objects: 87% (43/49)
Compressing objects: 89% (44/49)
Compressing objects: 91% (45/49)
Compressing objects: 93% (46/49)
Compressing objects: 95% (47/49)
Compressing objects: 97% (48/49)
Compressing objects: 100% (49/49)
Compressing objects: 100% (49/49), done.
Writing objects: 0% (1/171)
Writing objects: 1% (2/171)
Writing objects: 2% (4/171)
Writing objects: 3% (6/171)
Writing objects: 4% (7/171)
Writing objects: 5% (9/171)
Writing objects: 6% (11/171)
Writing objects: 7% (12/171)
Writing objects: 8% (14/171)
Writing objects: 9% (16/171)
Writing objects: 10% (18/171)
Writing objects: 11% (19/171)
Writing objects: 12% (21/171)
Writing objects: 13% (23/171)
Writing objects: 14% (24/171)
Writing objects: 15% (26/171)
Writing objects: 16% (28/171)
Writing objects: 17% (30/171)
Writing objects: 18% (31/171)
Writing objects: 19% (33/171)
Writing objects: 20% (35/171)
Writing objects: 21% (36/171)
Writing objects: 22% (38/171)
Writing objects: 23% (40/171)
Writing objects: 24% (42/171)
Writing objects: 25% (43/171)
Writing objects: 26% (45/171)
Writing objects: 27% (47/171)
Writing objects: 28% (48/171)
Writing objects: 29% (50/171)
Writing objects: 30% (52/171)
Writing objects: 31% (54/171)
Writing objects: 32% (55/171)
Writing objects: 33% (57/171)
Writing objects: 34% (59/171)
Writing objects: 35% (60/171)
Writing objects: 36% (62/171)
Writing objects: 37% (64/171)
Writing objects: 38% (65/171)
Writing objects: 39% (67/171)
Writing objects: 40% (70/171)
Writing objects: 41% (71/171)
Writing objects: 42% (72/171)
Writing objects: 43% (74/171)
Writing objects: 44% (76/171)
Writing objects: 45% (77/171)
Writing objects: 46% (79/171)
Writing objects: 47% (81/171)
Writing objects: 48% (83/171)
Writing objects: 49% (84/171)
Writing objects: 50% (86/171)
Writing objects: 51% (88/171)
Writing objects: 52% (89/171)
Writing objects: 53% (91/171)
Writing objects: 54% (93/171)
Writing objects: 55% (95/171)
Writing objects: 56% (96/171)
Writing objects: 57% (98/171)
Writing objects: 58% (100/171)
Writing objects: 59% (101/171)
Writing objects: 60% (103/171)
Writing objects: 61% (105/171)
Writing objects: 62% (107/171)
Writing objects: 63% (108/171)
Writing objects: 64% (110/171)
Writing objects: 65% (112/171)
Writing objects: 66% (113/171)
Writing objects: 67% (115/171)
Writing objects: 68% (117/171)
Writing objects: 69% (118/171)
Writing objects: 70% (120/171)
Writing objects: 71% (122/171)
Writing objects: 72% (124/171)
Writing objects: 73% (125/171)
Writing objects: 74% (127/171)
Writing objects: 75% (129/171)
Writing objects: 76% (130/171)
Writing objects: 77% (132/171)
Writing objects: 78% (134/171)
Writing objects: 79% (136/171)
Writing objects: 80% (137/171)
Writing objects: 81% (139/171)
Writing objects: 82% (141/171)
Writing objects: 83% (142/171)
Writing objects: 84% (144/171)
Writing objects: 85% (146/171)
Writing objects: 86% (148/171)
Writing objects: 87% (149/171)
Writing objects: 88% (151/171)
Writing objects: 89% (153/171)
Writing objects: 90% (154/171)
Writing objects: 91% (156/171)
Writing objects: 92% (158/171)
Writing objects: 93% (160/171)
Writing objects: 94% (161/171)
Writing objects: 95% (163/171)
Writing objects: 96% (165/171)
Writing objects: 97% (166/171)
Writing objects: 98% (168/171)
Writing objects: 99% (170/171)
Writing objects: 100% (171/171)
Writing objects: 100% (171/171), 26.54 KiB, done.
Total 171 (delta 120), reused 171 (delta 120)
To osstest@xenbits.xensource.com:/home/xen/git/osstest.git
c0bfb22..235fd62 235fd62a48336e6bc07433e5b8ea49a6027eadb1 -> master