flight 19157 linux-3.10 real [real]
http://www.chiark.greenend.org.uk/~xensrcts/logs/19157/
Failures :-/ but no regressions.
Regressions which are regarded as allowable (not blocking):
test-amd64-i386-xl-multivcpu 7 debian-install fail like 19158-bisect
Tests which did not succeed, but are not blocking:
test-amd64-amd64-xl-pcipt-intel 9 guest-start fail never pass
test-amd64-i386-xl-win7-amd64 13 guest-stop fail never pass
test-amd64-i386-xl-winxpsp3-vcpus1 13 guest-stop fail never pass
test-amd64-i386-xl-qemut-win7-amd64 13 guest-stop fail never pass
test-amd64-amd64-xl-qemut-win7-amd64 13 guest-stop fail never pass
test-amd64-amd64-xl-win7-amd64 13 guest-stop fail never pass
test-amd64-i386-xl-qemut-winxpsp3-vcpus1 13 guest-stop fail never pass
test-amd64-amd64-xl-qemuu-win7-amd64 13 guest-stop fail never pass
test-amd64-amd64-xl-winxpsp3 13 guest-stop fail never pass
test-amd64-i386-xend-winxpsp3 16 leak-check/check fail never pass
test-amd64-amd64-xl-qemuu-winxpsp3 13 guest-stop fail never pass
test-amd64-i386-xend-qemut-winxpsp3 16 leak-check/check fail never pass
test-amd64-amd64-xl-qemut-winxpsp3 7 windows-install fail never pass
version targeted for testing:
linux 85cdabba08d484bdcc4b25f0bbc23ac60c75aa5b
baseline version:
linux 8bf3379a74bc9132751bfa685bad2da318fd59d7
------------------------------------------------------------
People who touched revisions under test:
Al Viro <viro@zeniv.linux.org.uk>
Anand Kumar Santhanam <AnandKumar.Santhanam@pmcs.com>
Andrew Morton <akpm@linux-foundation.org>
Andrey Vagin <avagin@openvz.org>
Ben Hutchings <ben@decadent.org.uk>
Ben Skeggs <bskeggs@redhat.com>
Benjamin Herrenschmidt <benh@kernel.crashing.org>
Christian Kujau <lists@nerdbynature.de>
Clemens Ladisch <clemens@ladisch.de>
Daniel Vetter <daniel.vetter@ffwll.ch>
Dave Airlie <airlied@gmail.com>
Dave Hansen <dave.hansen@intel.com>
Dave Kleikamp <dave.kleikamp@oracle.com>
David Jander <david@protonic.nl>
Eugene Surovegin <surovegin@google.com>
Fabio Estevam <fabio.estevam@freescale.com>
Felix Fietkau <nbd@openwrt.org>
Graham Williams <gwilli@broadcom.com>
Greg Kroah-Hartman <gregkh@linuxfoundation.org>
Guenter Roeck <linux@roeck-us.net>
Hans Verkuil <hans.verkuil@cisco.com>
Helmut Schaa <helmut.schaa@googlemail.com>
Imre Deak <imre.deak@intel.com>
Ingo Molnar <mingo@kernel.org>
Jack Wang <xjtuwjp@gmail.com>
Jakob Bornecrantz <jakob@vmware.com>
James Bottomley <JBottomley@Parallels.com>
Jeremy Moles <cubicool@gmail.com>
Johannes Berg <johannes.berg@intel.com>
John W. Linville <linville@tuxdriver.com>
Jonghwan Choi <jhbird.choi@samsung.com>
Julien Grall <julien.grall@linaro.org>
Kevin Hilman <khilman@linaro.org>
Lan Tianyu <tianyu.lan@intel.com>
Linus Torvalds <torvalds@linux-foundation.org>
Marc Kleine-Budde <mkl@blackshift.org>
Mark Brown <broonie@linaro.org>
Mark Rusk <mark.rusk@hp.com>
Matt Craighead <mcraighead@nvidia.com>
Nathan Zimmer <nzimmer@sgi.com>
Nicholas Bellinger <nab@linux-iscsi.org>
Paul Mackerras <paulus@samba.org>
Philipp Zabel <p.zabel@pengutronix.de>
Rafael J. Wysocki <rafael.j.wysocki@intel.com>
Russ Anderson <rja@sgi.com>
Sascha Hauer <s.hauer@pengutronix.de>
Stanislaw Gruszka <sgruszka@redhat.com>
Stefano Stabellini <stefano.stabellini@eu.citrix.com>
Sujith Manoharan <c_manoha@qca.qualcomm.com>
Svenning Soerensen <sss@secomea.dk>
Takashi Iwai <tiwai@suse.de>
Tejun Heo <tj@kernel.org>
Tomas Winkler <tomas.winkler@intel.com>
Trond Myklebust <Trond.Myklebust@netapp.com>
Wei Hu <wei@aristanetworks.com>
Yinghai Lu <yinghai@kernel.org>
Zhouping Liu <zliu@redhat.com>
------------------------------------------------------------
jobs:
build-amd64 pass
build-armhf pass
build-i386 pass
build-amd64-pvops pass
build-i386-pvops pass
test-amd64-amd64-xl pass
test-amd64-i386-xl pass
test-amd64-i386-rhel6hvm-amd pass
test-amd64-i386-qemut-rhel6hvm-amd pass
test-amd64-i386-qemuu-rhel6hvm-amd pass
test-amd64-amd64-xl-qemut-win7-amd64 fail
test-amd64-i386-xl-qemut-win7-amd64 fail
test-amd64-amd64-xl-qemuu-win7-amd64 fail
test-amd64-amd64-xl-win7-amd64 fail
test-amd64-i386-xl-win7-amd64 fail
test-amd64-i386-xl-credit2 pass
test-amd64-amd64-xl-pcipt-intel fail
test-amd64-i386-rhel6hvm-intel pass
test-amd64-i386-qemut-rhel6hvm-intel pass
test-amd64-i386-qemuu-rhel6hvm-intel pass
test-amd64-i386-xl-multivcpu fail
test-amd64-amd64-pair pass
test-amd64-i386-pair pass
test-amd64-amd64-xl-sedf-pin pass
test-amd64-amd64-pv pass
test-amd64-i386-pv pass
test-amd64-amd64-xl-sedf pass
test-amd64-i386-xl-qemut-winxpsp3-vcpus1 fail
test-amd64-i386-xl-winxpsp3-vcpus1 fail
test-amd64-i386-xend-qemut-winxpsp3 fail
test-amd64-amd64-xl-qemut-winxpsp3 fail
test-amd64-amd64-xl-qemuu-winxpsp3 fail
test-amd64-i386-xend-winxpsp3 fail
test-amd64-amd64-xl-winxpsp3 fail
------------------------------------------------------------
sg-report-flight on woking.cam.xci-test.com
logs: /home/xc_osstest/logs
images: /home/xc_osstest/images
Logs, config files, etc. are available at
http://www.chiark.greenend.org.uk/~xensrcts/logs
Test harness code can be found at
http://xenbits.xensource.com/gitweb?p=osstest.git;a=summary
Pushing revision :
+ branch=linux-3.10
+ revision=85cdabba08d484bdcc4b25f0bbc23ac60c75aa5b
+ . cri-lock-repos
++ . cri-common
+++ . cri-getconfig
+++ umask 002
+++ getconfig Repos
+++ perl -e ''
use Osstest;
readglobalconfig();
print $c{"Repos"} or die $!;
''
++ repos=/export/home/osstest/repos
++ repos_lock=/export/home/osstest/repos/lock
++ ''['' x ''!=''
x/export/home/osstest/repos/lock '']''
++ OSSTEST_REPOS_LOCK_LOCKED=/export/home/osstest/repos/lock
++ exec with-lock-ex -w /export/home/osstest/repos/lock ./ap-push linux-3.10
85cdabba08d484bdcc4b25f0bbc23ac60c75aa5b
+ branch=linux-3.10
+ revision=85cdabba08d484bdcc4b25f0bbc23ac60c75aa5b
+ . cri-lock-repos
++ . cri-common
+++ . cri-getconfig
+++ umask 002
+++ getconfig Repos
+++ perl -e ''
use Osstest;
readglobalconfig();
print $c{"Repos"} or die $!;
''
++ repos=/export/home/osstest/repos
++ repos_lock=/export/home/osstest/repos/lock
++ ''['' x/export/home/osstest/repos/lock ''!=''
x/export/home/osstest/repos/lock '']''
+ . cri-common
++ . cri-getconfig
++ umask 002
+ select_xenbranch
+ case "$branch" in
+ tree=linux
+ xenbranch=xen-unstable
+ ''['' xlinux = xlinux '']''
+ linuxbranch=linux-3.10
+ : tested/2.6.39.x
+ . ap-common
++ : osstest@xenbits.xensource.com
++ : git://xenbits.xen.org/xen.git
++ : osstest@xenbits.xensource.com:/home/xen/git/xen.git
++ : git://xenbits.xen.org/staging/qemu-xen-unstable.git
++ : git://git.kernel.org
++ : git://git.kernel.org/pub/scm/linux/kernel/git
++ : git
++ : git://git.kernel.org/pub/scm/linux/kernel/git/stable/linux-stable.git
++ : git://xenbits.xen.org/osstest/linux-firmware.git
++ : osstest@xenbits.xensource.com:/home/osstest/ext/linux-firmware.git
++ : git://git.kernel.org/pub/scm/linux/kernel/git/firmware/linux-firmware.git
++ : osstest@xenbits.xensource.com:/home/xen/git/linux-pvops.git
++ : git://xenbits.xen.org/linux-pvops.git
++ : tested/linux-3.4
++ : git://git.kernel.org/pub/scm/linux/kernel/git/konrad/xen.git
++ : tested/2.6.39.x
++ : daily-cron.linux-3.10
++ : daily-cron.linux-3.10
++ : http://hg.uk.xensource.com/carbon/trunk/linux-2.6.27
++ : git://xenbits.xen.org/staging/qemu-upstream-unstable.git
++ : daily-cron.linux-3.10
+ TREE_LINUX=osstest@xenbits.xensource.com:/home/xen/git/linux-pvops.git
+
TREE_QEMU_UPSTREAM=osstest@xenbits.xensource.com:/home/xen/git/qemu-upstream-unstable.git
+ TREE_XEN=osstest@xenbits.xensource.com:/home/xen/git/xen.git
+ info_linux_tree linux-3.10
+ case $1 in
+ : git://git.kernel.org/pub/scm/linux/kernel/git/stable/linux-stable.git
+ : linux-3.10.y
+ : linux-3.10.y
+ : git
+ : git
+ : git://xenbits.xen.org/linux-pvops.git
+ : osstest@xenbits.xensource.com:/home/xen/git/linux-pvops.git
+ : tested/linux-3.10
+ : tested/linux-3.10
+ return 0
+ cd /export/home/osstest/repos/linux
+ git push osstest@xenbits.xensource.com:/home/xen/git/linux-pvops.git
85cdabba08d484bdcc4b25f0bbc23ac60c75aa5b:tested/linux-3.10
Counting objects: 1
Counting objects: 141
Counting objects: 354, done.
Compressing objects: 2% (1/42)
Compressing objects: 4% (2/42)
Compressing objects: 7% (3/42)
Compressing objects: 9% (4/42)
Compressing objects: 11% (5/42)
Compressing objects: 14% (6/42)
Compressing objects: 16% (7/42)
Compressing objects: 19% (8/42)
Compressing objects: 21% (9/42)
Compressing objects: 23% (10/42)
Compressing objects: 26% (11/42)
Compressing objects: 28% (12/42)
Compressing objects: 30% (13/42)
Compressing objects: 33% (14/42)
Compressing objects: 35% (15/42)
Compressing objects: 38% (16/42)
Compressing objects: 40% (17/42)
Compressing objects: 42% (18/42)
Compressing objects: 45% (19/42)
Compressing objects: 47% (20/42)
Compressing objects: 50% (21/42)
Compressing objects: 52% (22/42)
Compressing objects: 54% (23/42)
Compressing objects: 57% (24/42)
Compressing objects: 59% (25/42)
Compressing objects: 61% (26/42)
Compressing objects: 64% (27/42)
Compressing objects: 66% (28/42)
Compressing objects: 69% (29/42)
Compressing objects: 71% (30/42)
Compressing objects: 73% (31/42)
Compressing objects: 76% (32/42)
Compressing objects: 78% (33/42)
Compressing objects: 80% (34/42)
Compressing objects: 83% (35/42)
Compressing objects: 85% (36/42)
Compressing objects: 88% (37/42)
Compressing objects: 90% (38/42)
Compressing objects: 92% (39/42)
Compressing objects: 95% (40/42)
Compressing objects: 97% (41/42)
Compressing objects: 100% (42/42)
Compressing objects: 100% (42/42), done.
Writing objects: 0% (1/241)
Writing objects: 1% (3/241)
Writing objects: 2% (5/241)
Writing objects: 3% (8/241)
Writing objects: 4% (10/241)
Writing objects: 5% (13/241)
Writing objects: 6% (15/241)
Writing objects: 7% (17/241)
Writing objects: 8% (20/241)
Writing objects: 9% (22/241)
Writing objects: 10% (25/241)
Writing objects: 11% (27/241)
Writing objects: 12% (29/241)
Writing objects: 13% (32/241)
Writing objects: 14% (34/241)
Writing objects: 15% (37/241)
Writing objects: 16% (39/241)
Writing objects: 17% (41/241)
Writing objects: 18% (44/241)
Writing objects: 19% (46/241)
Writing objects: 20% (49/241)
Writing objects: 21% (51/241)
Writing objects: 22% (54/241)
Writing objects: 23% (56/241)
Writing objects: 24% (58/241)
Writing objects: 25% (61/241)
Writing objects: 26% (63/241)
Writing objects: 27% (66/241)
Writing objects: 28% (68/241)
Writing objects: 29% (70/241)
Writing objects: 30% (73/241)
Writing objects: 31% (75/241)
Writing objects: 32% (78/241)
Writing objects: 33% (80/241)
Writing objects: 34% (82/241)
Writing objects: 35% (85/241)
Writing objects: 36% (87/241)
Writing objects: 37% (90/241)
Writing objects: 38% (92/241)
Writing objects: 39% (94/241)
Writing objects: 40% (97/241)
Writing objects: 41% (99/241)
Writing objects: 42% (102/241)
Writing objects: 43% (104/241)
Writing objects: 44% (107/241)
Writing objects: 45% (109/241)
Writing objects: 46% (111/241)
Writing objects: 47% (114/241)
Writing objects: 48% (116/241)
Writing objects: 49% (119/241)
Writing objects: 50% (121/241)
Writing objects: 51% (123/241)
Writing objects: 52% (126/241)
Writing objects: 53% (128/241)
Writing objects: 54% (131/241)
Writing objects: 55% (133/241)
Writing objects: 56% (135/241)
Writing objects: 57% (138/241)
Writing objects: 58% (140/241)
Writing objects: 59% (143/241)
Writing objects: 60% (145/241)
Writing objects: 61% (148/241)
Writing objects: 62% (150/241)
Writing objects: 63% (152/241)
Writing objects: 64% (155/241)
Writing objects: 65% (157/241)
Writing objects: 66% (160/241)
Writing objects: 67% (162/241)
Writing objects: 68% (164/241)
Writing objects: 69% (167/241)
Writing objects: 70% (169/241)
Writing objects: 71% (172/241)
Writing objects: 72% (174/241)
Writing objects: 73% (176/241)
Writing objects: 74% (179/241)
Writing objects: 75% (181/241)
Writing objects: 76% (184/241)
Writing objects: 77% (186/241)
Writing objects: 78% (188/241)
Writing objects: 79% (191/241)
Writing objects: 80% (193/241)
Writing objects: 81% (196/241)
Writing objects: 82% (198/241)
Writing objects: 83% (201/241)
Writing objects: 84% (203/241)
Writing objects: 85% (205/241)
Writing objects: 86% (208/241)
Writing objects: 87% (210/241)
Writing objects: 88% (213/241)
Writing objects: 89% (215/241)
Writing objects: 90% (217/241)
Writing objects: 91% (220/241)
Writing objects: 92% (222/241)
Writing objects: 93% (225/241)
Writing objects: 94% (227/241)
Writing objects: 95% (229/241)
Writing objects: 96% (232/241)
Writing objects: 97% (234/241)
Writing objects: 98% (237/241)
Writing objects: 99% (239/241)
Writing objects: 100% (241/241)
Writing objects: 100% (241/241), 38.85 KiB, done.
Total 241 (delta 199), reused 241 (delta 199)
To osstest@xenbits.xensource.com:/home/xen/git/linux-pvops.git
8bf3379..85cdabb 85cdabba08d484bdcc4b25f0bbc23ac60c75aa5b ->
tested/linux-3.10
+ exit 0