flight 19146 xen-unstable real [real] http://www.chiark.greenend.org.uk/~xensrcts/logs/19146/ Failures :-/ but no regressions. Tests which are failing intermittently (not blocking): test-amd64-amd64-xl-sedf-pin 14 guest-localmigrate/x10 fail pass in 19136 test-amd64-i386-qemuu-rhel6hvm-amd 7 redhat-install fail in 19136 pass in 19146 test-amd64-i386-qemut-rhel6hvm-amd 7 redhat-install fail in 19136 pass in 19146 test-amd64-i386-pv 7 debian-install fail in 19136 pass in 19146 test-amd64-i386-xl-multivcpu 5 xen-boot fail in 19136 pass in 19146 test-amd64-i386-pair 17 guest-migrate/src_host/dst_host fail in 19136 pass in 19146 Regressions which are regarded as allowable (not blocking): test-amd64-i386-rhel6hvm-amd 7 redhat-install fail in 19136 like 18920-bisect Tests which did not succeed, but are not blocking: test-amd64-amd64-xl-pcipt-intel 9 guest-start fail never pass test-amd64-amd64-xl-qemuu-win7-amd64 13 guest-stop fail never pass test-amd64-i386-xl-winxpsp3-vcpus1 13 guest-stop fail never pass test-amd64-i386-xend-winxpsp3 16 leak-check/check fail never pass test-amd64-i386-xl-qemut-winxpsp3-vcpus1 13 guest-stop fail never pass test-amd64-amd64-xl-qemuu-winxpsp3 13 guest-stop fail never pass test-amd64-i386-xend-qemut-winxpsp3 16 leak-check/check fail never pass test-amd64-amd64-xl-qemut-win7-amd64 13 guest-stop fail never pass test-amd64-amd64-xl-qemut-winxpsp3 13 guest-stop fail never pass test-amd64-amd64-xl-winxpsp3 13 guest-stop fail never pass test-amd64-amd64-xl-win7-amd64 13 guest-stop fail never pass test-amd64-i386-xl-qemut-win7-amd64 13 guest-stop fail never pass test-amd64-i386-xl-win7-amd64 13 guest-stop fail never pass version targeted for testing: xen e008e9119d03852020b93e1d4da9a80ec1af9c75 baseline version: xen 8a7769b4453168e23e8935a85e9a875ef5117253 ------------------------------------------------------------ People who touched revisions under test: Andre Przywara <andre.przywara@linaro.org> Andrei Lifchits <andrei.lifchits@citrix.com> Andrew Cooper <andrew.cooper3@citrix.com> Germano Percossi <germano.percossi@citrix.com> Ian Campbell <ian.campbell@citrix.com> Ian Campbell <ijc@hellion.org.uk> Ian Jackson <ian.jackson@eu.citrix.com> Jaeyong Yoo <jaeyong.yoo@samsung.com> Jan Beulich <jbeulich@suse.com> Julien Grall <julien.grall@linaro.org> Keir Fraser <keir@xen.org> Len Brown <len.brown@intel.com> Matt Wilson <msw@amazon.com> Sander Eikelenboom <linux@eikelenboom.it> Steven Noonan <snoonan@amazon.com> Suravee Suthikulpanit <suravee.suthikulapanit@amd.com> Suravee Suthikulpanit <suravee.suthikulpanit@amd.com> Tim Deegan <tim@xen.org> Tomasz Wroblewski <tomasz.wroblewski@citrix.com> Wei Liu <wei.liu2@citrix.com> Xi Xiong <xixiong@amazon.com> ------------------------------------------------------------ jobs: build-amd64 pass build-armhf pass build-i386 pass build-amd64-oldkern pass build-i386-oldkern pass build-amd64-pvops pass build-i386-pvops pass test-amd64-amd64-xl pass test-amd64-i386-xl pass test-amd64-i386-rhel6hvm-amd pass test-amd64-i386-qemut-rhel6hvm-amd pass test-amd64-i386-qemuu-rhel6hvm-amd pass test-amd64-amd64-xl-qemut-win7-amd64 fail test-amd64-i386-xl-qemut-win7-amd64 fail test-amd64-amd64-xl-qemuu-win7-amd64 fail test-amd64-amd64-xl-win7-amd64 fail test-amd64-i386-xl-win7-amd64 fail test-amd64-i386-xl-credit2 pass test-amd64-amd64-xl-pcipt-intel fail test-amd64-i386-rhel6hvm-intel pass test-amd64-i386-qemut-rhel6hvm-intel pass test-amd64-i386-qemuu-rhel6hvm-intel pass test-amd64-i386-xl-multivcpu pass test-amd64-amd64-pair pass test-amd64-i386-pair pass test-amd64-amd64-xl-sedf-pin fail test-amd64-amd64-pv pass test-amd64-i386-pv pass test-amd64-amd64-xl-sedf pass test-amd64-i386-xl-qemut-winxpsp3-vcpus1 fail test-amd64-i386-xl-winxpsp3-vcpus1 fail test-amd64-i386-xend-qemut-winxpsp3 fail test-amd64-amd64-xl-qemut-winxpsp3 fail test-amd64-amd64-xl-qemuu-winxpsp3 fail test-amd64-i386-xend-winxpsp3 fail test-amd64-amd64-xl-winxpsp3 fail ------------------------------------------------------------ sg-report-flight on woking.cam.xci-test.com logs: /home/xc_osstest/logs images: /home/xc_osstest/images Logs, config files, etc. are available at http://www.chiark.greenend.org.uk/~xensrcts/logs Test harness code can be found at http://xenbits.xensource.com/gitweb?p=osstest.git;a=summary Pushing revision : + branch=xen-unstable + revision=e008e9119d03852020b93e1d4da9a80ec1af9c75 + . cri-lock-repos ++ . cri-common +++ . cri-getconfig +++ umask 002 +++ getconfig Repos +++ perl -e '' use Osstest; readglobalconfig(); print $c{"Repos"} or die $!; '' ++ repos=/export/home/osstest/repos ++ repos_lock=/export/home/osstest/repos/lock ++ ''['' x ''!='' x/export/home/osstest/repos/lock '']'' ++ OSSTEST_REPOS_LOCK_LOCKED=/export/home/osstest/repos/lock ++ exec with-lock-ex -w /export/home/osstest/repos/lock ./ap-push xen-unstable e008e9119d03852020b93e1d4da9a80ec1af9c75 + branch=xen-unstable + revision=e008e9119d03852020b93e1d4da9a80ec1af9c75 + . cri-lock-repos ++ . cri-common +++ . cri-getconfig +++ umask 002 +++ getconfig Repos +++ perl -e '' use Osstest; readglobalconfig(); print $c{"Repos"} or die $!; '' ++ repos=/export/home/osstest/repos ++ repos_lock=/export/home/osstest/repos/lock ++ ''['' x/export/home/osstest/repos/lock ''!='' x/export/home/osstest/repos/lock '']'' + . cri-common ++ . cri-getconfig ++ umask 002 + select_xenbranch + case "$branch" in + tree=xen + xenbranch=xen-unstable + ''['' xxen = xlinux '']'' + linuxbranch=linux + : tested/2.6.39.x + . ap-common ++ : osstest@xenbits.xensource.com ++ : git://xenbits.xen.org/xen.git ++ : osstest@xenbits.xensource.com:/home/xen/git/xen.git ++ : git://xenbits.xen.org/staging/qemu-xen-unstable.git ++ : git://git.kernel.org ++ : git://git.kernel.org/pub/scm/linux/kernel/git ++ : git ++ : git://xenbits.xen.org/linux-pvops.git ++ : git://xenbits.xen.org/osstest/linux-firmware.git ++ : osstest@xenbits.xensource.com:/home/osstest/ext/linux-firmware.git ++ : git://git.kernel.org/pub/scm/linux/kernel/git/firmware/linux-firmware.git ++ : osstest@xenbits.xensource.com:/home/xen/git/linux-pvops.git ++ : git://xenbits.xen.org/linux-pvops.git ++ : tested/linux-3.4 ++ : git://git.kernel.org/pub/scm/linux/kernel/git/konrad/xen.git ++ : tested/2.6.39.x ++ : daily-cron.xen-unstable ++ : daily-cron.xen-unstable ++ : http://hg.uk.xensource.com/carbon/trunk/linux-2.6.27 ++ : git://xenbits.xen.org/staging/qemu-upstream-unstable.git ++ : daily-cron.xen-unstable + TREE_LINUX=osstest@xenbits.xensource.com:/home/xen/git/linux-pvops.git + TREE_QEMU_UPSTREAM=osstest@xenbits.xensource.com:/home/xen/git/qemu-upstream-unstable.git + TREE_XEN=osstest@xenbits.xensource.com:/home/xen/git/xen.git + info_linux_tree xen-unstable + case $1 in + return 1 + case "$branch" in + cd /export/home/osstest/repos/xen + git push osstest@xenbits.xensource.com:/home/xen/git/xen.git e008e9119d03852020b93e1d4da9a80ec1af9c75:master Total 0 (delta 0), reused 0 (delta 0) To osstest@xenbits.xensource.com:/home/xen/git/xen.git 8a7769b..e008e91 e008e9119d03852020b93e1d4da9a80ec1af9c75 -> master