flight 19094 xen-4.2-testing real [real]
http://www.chiark.greenend.org.uk/~xensrcts/logs/19094/
Regressions :-(
Tests which did not succeed and are blocking,
including tests which could not be run:
build-i386-pvops 4 kernel-build fail REGR. vs. 19066
Tests which did not succeed, but are not blocking:
build-armhf 4 xen-build fail never pass
test-amd64-i386-xl-credit2 1 xen-build-check(1) blocked n/a
test-amd64-i386-rhel6hvm-amd 1 xen-build-check(1) blocked n/a
test-amd64-amd64-xl-pcipt-intel 9 guest-start fail never pass
test-amd64-i386-xl 1 xen-build-check(1) blocked n/a
test-i386-i386-pv 1 xen-build-check(1) blocked n/a
test-i386-i386-xl 1 xen-build-check(1) blocked n/a
test-amd64-i386-xl-multivcpu 1 xen-build-check(1) blocked n/a
test-amd64-i386-qemuu-rhel6hvm-intel 1 xen-build-check(1) blocked n/a
test-amd64-i386-qemut-rhel6hvm-intel 1 xen-build-check(1) blocked n/a
test-amd64-i386-rhel6hvm-intel 1 xen-build-check(1) blocked n/a
test-amd64-i386-pv 1 xen-build-check(1) blocked n/a
test-amd64-i386-qemut-rhel6hvm-amd 1 xen-build-check(1) blocked n/a
test-amd64-i386-qemuu-rhel6hvm-amd 1 xen-build-check(1) blocked n/a
test-amd64-i386-pair 1 xen-build-check(1) blocked n/a
test-amd64-i386-xl-winxpsp3-vcpus1 1 xen-build-check(1) blocked n/a
test-amd64-i386-xl-qemut-win7-amd64 1 xen-build-check(1) blocked n/a
test-amd64-amd64-xl-win7-amd64 13 guest-stop fail never pass
test-amd64-i386-xend-winxpsp3 1 xen-build-check(1) blocked n/a
test-amd64-amd64-xl-qemuu-win7-amd64 13 guest-stop fail never pass
test-amd64-amd64-xl-qemut-win7-amd64 13 guest-stop fail never pass
test-amd64-amd64-xl-qemut-winxpsp3 13 guest-stop fail never pass
test-i386-i386-xl-qemut-winxpsp3 1 xen-build-check(1) blocked n/a
test-i386-i386-pair 1 xen-build-check(1) blocked n/a
test-i386-i386-xl-qemuu-winxpsp3 1 xen-build-check(1) blocked n/a
test-amd64-i386-xl-qemut-winxpsp3-vcpus1 1 xen-build-check(1) blocked n/a
test-amd64-i386-xl-win7-amd64 1 xen-build-check(1) blocked n/a
test-i386-i386-xl-winxpsp3 1 xen-build-check(1) blocked n/a
test-amd64-i386-xend-qemut-winxpsp3 1 xen-build-check(1) blocked n/a
test-amd64-amd64-xl-qemuu-winxpsp3 13 guest-stop fail never pass
test-amd64-amd64-xl-winxpsp3 13 guest-stop fail never pass
version targeted for testing:
xen 3b5ca240edb5300fedc0a29c1b839984bdbbc89c
baseline version:
xen 51167aac2cb2c5bc390808d5c772fe7d1288a97f
------------------------------------------------------------
People who touched revisions under test:
"Nakajima, Jun" <jun.nakajima@intel.com>
Jan Beulich <jbeulich@suse.com>
Keir Fraser <keir@xen.org>
Suravee Suthikulpanit <suravee.suthikulapanit@amd.com>
Tomasz Wroblewski <tomasz.wroblewski@citrix.com>
------------------------------------------------------------
jobs:
build-amd64 pass
build-armhf fail
build-i386 pass
build-amd64-oldkern pass
build-i386-oldkern pass
build-amd64-pvops pass
build-i386-pvops fail
test-amd64-amd64-xl pass
test-amd64-i386-xl blocked
test-i386-i386-xl blocked
test-amd64-i386-rhel6hvm-amd blocked
test-amd64-i386-qemut-rhel6hvm-amd blocked
test-amd64-i386-qemuu-rhel6hvm-amd blocked
test-amd64-amd64-xl-qemut-win7-amd64 fail
test-amd64-i386-xl-qemut-win7-amd64 blocked
test-amd64-amd64-xl-qemuu-win7-amd64 fail
test-amd64-amd64-xl-win7-amd64 fail
test-amd64-i386-xl-win7-amd64 blocked
test-amd64-i386-xl-credit2 blocked
test-amd64-amd64-xl-pcipt-intel fail
test-amd64-i386-rhel6hvm-intel blocked
test-amd64-i386-qemut-rhel6hvm-intel blocked
test-amd64-i386-qemuu-rhel6hvm-intel blocked
test-amd64-i386-xl-multivcpu blocked
test-amd64-amd64-pair pass
test-amd64-i386-pair blocked
test-i386-i386-pair blocked
test-amd64-amd64-xl-sedf-pin pass
test-amd64-amd64-pv pass
test-amd64-i386-pv blocked
test-i386-i386-pv blocked
test-amd64-amd64-xl-sedf pass
test-amd64-i386-xl-qemut-winxpsp3-vcpus1 blocked
test-amd64-i386-xl-winxpsp3-vcpus1 blocked
test-amd64-i386-xend-qemut-winxpsp3 blocked
test-amd64-amd64-xl-qemut-winxpsp3 fail
test-i386-i386-xl-qemut-winxpsp3 blocked
test-amd64-amd64-xl-qemuu-winxpsp3 fail
test-i386-i386-xl-qemuu-winxpsp3 blocked
test-amd64-i386-xend-winxpsp3 blocked
test-amd64-amd64-xl-winxpsp3 fail
test-i386-i386-xl-winxpsp3 blocked
------------------------------------------------------------
sg-report-flight on woking.cam.xci-test.com
logs: /home/xc_osstest/logs
images: /home/xc_osstest/images
Logs, config files, etc. are available at
http://www.chiark.greenend.org.uk/~xensrcts/logs
Test harness code can be found at
http://xenbits.xensource.com/gitweb?p=osstest.git;a=summary
Not pushing.
------------------------------------------------------------
commit 3b5ca240edb5300fedc0a29c1b839984bdbbc89c
Author: Jan Beulich <jbeulich@suse.com>
Date: Fri Sep 6 14:49:38 2013 +0200
AMD IOMMU: add missing check
We shouldn''t accept IVHD tables specifying IO-APIC IDs beyond the
limit
we support (MAX_IO_APICS, currently 128).
Signed-off-by: Jan Beulich <jbeulich@suse.com>
Reviewed-by: Andrew Cooper <andrew.cooper3@citrix.com>
Acked-by: Suravee Suthikulpanit <suravee.suthikulapanit@amd.com>
master commit: 3785d30efe8264b899499e0883b10cc434bd0959
master date: 2013-08-29 09:31:37 +0200
commit 4917ef594512e1f3b481bfbef83cc5ed743a465c
Author: Tomasz Wroblewski <tomasz.wroblewski@citrix.com>
Date: Fri Sep 6 14:48:49 2013 +0200
Fix inactive timer list corruption on second S3 resume
init_timer cannot be safely called multiple times on same timer since it
does memset(0)
on the structure, erasing the auxiliary member used by linked list code.
This breaks
inactive timer list in common/timer.c.
Moved resume_timer initialisation to ns16550_init_postirq, so it''s
only done once.
Signed-off-by: Tomasz Wroblewski <tomasz.wroblewski@citrix.com>
Acked-by: Keir Fraser <keir@xen.org>
master commit: 9e2c5938246546a5b3f698b7421640d85602b994
master date: 2013-08-28 10:18:39 +0200
commit 22143eb77de49ab265f6a00e6413580d0d452594
Author: Jan Beulich <jbeulich@suse.com>
Date: Fri Sep 6 14:48:00 2013 +0200
x86/Intel: add support for Haswell CPU models
... according to their most recent public documentation.
Signed-off-by: Jan Beulich <jbeulich@suse.com>
Acked-by: Keir Fraser <keir@xen.org>
master commit: 3e787021fb2420851c7bdc3911ea53c728ba5ac0
master date: 2013-08-27 11:15:15 +0200
commit 334b5924569c6e391d78268b1481b96aa4293b0a
Author: Jan Beulich <jbeulich@suse.com>
Date: Fri Sep 6 14:47:37 2013 +0200
x86/Intel: add further support for Ivy Bridge CPU models
And some initial Haswell ones at once.
Signed-off-by: Jan Beulich <jbeulich@suse.com>
Acked-by: "Nakajima, Jun" <jun.nakajima@intel.com>
commit 22ab16cefc04d4e8a0fc72dfff4edd00cc6841da
Author: Jan Beulich <jbeulich@suse.com>
Date: Fri Sep 6 14:43:51 2013 +0200
VT-d: warn about Compatibility Format Interrupts being enabled by firmware
... as being insecure.
Also drop the second (redundant) read DMAR_GSTS_REG from enable_intremap().
Signed-off-by: Jan Beulich <jbeulich@suse.com>
Acked-by Xiantao Zhang <xiantao.zhang@intel.com>
master commit: c9c6abab583d27fdca1d979a7f1d18ae30f54e9b
master date: 2013-08-21 16:44:58 +0200
(qemu changes not included)
Konrad Rzeszutek Wilk
2013-Sep-07 11:17 UTC
Re: [xen-4.2-testing test] 19094: regressions - FAIL
"xen.org" <ian.jackson@eu.citrix.com> wrote:>flight 19094 xen-4.2-testing real [real] >http://www.chiark.greenend.org.uk/~xensrcts/logs/19094/ > >Regressions :-( > >Tests which did not succeed and are blocking, >including tests which could not be run: >build-i386-pvops 4 kernel-build fail REGR. >vs. 19066 >Odd. Again it could not do a git pull? And this time it looks like it''s pulling xenbits?