flight 19040 xen-4.3-testing running [real]
http://www.chiark.greenend.org.uk/~xensrcts/logs/19040/
Failures and problems with tests :-(
Tests which did not succeed and are blocking,
including tests which could not be run:
test-amd64-i386-xl-winxpsp3-vcpus1 2 hosts-allocate running [st=running!]
Tests which did not succeed, but are not blocking:
test-amd64-amd64-xl-pcipt-intel 9 guest-start fail never pass
test-amd64-amd64-xl-qemut-win7-amd64 13 guest-stop fail never pass
test-amd64-i386-xend-winxpsp3 16 leak-check/check fail never pass
test-amd64-i386-xl-win7-amd64 13 guest-stop fail never pass
test-amd64-i386-xl-qemut-win7-amd64 13 guest-stop fail never pass
test-amd64-amd64-xl-win7-amd64 13 guest-stop fail never pass
test-amd64-i386-xl-qemut-winxpsp3-vcpus1 13 guest-stop fail never pass
test-amd64-i386-xend-qemut-winxpsp3 16 leak-check/check fail never pass
test-amd64-amd64-xl-qemut-winxpsp3 13 guest-stop fail never pass
test-amd64-amd64-xl-qemuu-win7-amd64 13 guest-stop fail never pass
test-amd64-amd64-xl-qemuu-winxpsp3 13 guest-stop fail never pass
test-amd64-amd64-xl-winxpsp3 13 guest-stop fail never pass
version targeted for testing:
xen 30f53a4cc56d45a86ef025a0fd8e90e4c5cefe1c
baseline version:
xen 04043eedcc02482ba9e4e346fb777849c4312e9a
------------------------------------------------------------
People who touched revisions under test:
David Scott <dave.scott@eu.citrix.com>
Ian Campbell <ijc@hellion.org.uk>
Ian Jackson <ian.jackson@eu.citrix.com>
John Liu <john.liuqiming@huawei.com>
------------------------------------------------------------
jobs:
build-amd64 pass
build-armhf pass
build-i386 pass
build-amd64-oldkern pass
build-i386-oldkern pass
build-amd64-pvops pass
build-i386-pvops pass
test-amd64-amd64-xl pass
test-amd64-i386-xl pass
test-amd64-i386-rhel6hvm-amd pass
test-amd64-i386-qemut-rhel6hvm-amd pass
test-amd64-i386-qemuu-rhel6hvm-amd pass
test-amd64-amd64-xl-qemut-win7-amd64 fail
test-amd64-i386-xl-qemut-win7-amd64 fail
test-amd64-amd64-xl-qemuu-win7-amd64 fail
test-amd64-amd64-xl-win7-amd64 fail
test-amd64-i386-xl-win7-amd64 fail
test-amd64-i386-xl-credit2 pass
test-amd64-amd64-xl-pcipt-intel fail
test-amd64-i386-rhel6hvm-intel pass
test-amd64-i386-qemut-rhel6hvm-intel pass
test-amd64-i386-qemuu-rhel6hvm-intel pass
test-amd64-i386-xl-multivcpu pass
test-amd64-amd64-pair pass
test-amd64-i386-pair pass
test-amd64-amd64-xl-sedf-pin pass
test-amd64-amd64-pv pass
test-amd64-i386-pv pass
test-amd64-amd64-xl-sedf pass
test-amd64-i386-xl-qemut-winxpsp3-vcpus1 fail
test-amd64-i386-xl-winxpsp3-vcpus1 preparing
test-amd64-i386-xend-qemut-winxpsp3 fail
test-amd64-amd64-xl-qemut-winxpsp3 fail
test-amd64-amd64-xl-qemuu-winxpsp3 fail
test-amd64-i386-xend-winxpsp3 fail
test-amd64-amd64-xl-winxpsp3 fail
------------------------------------------------------------
sg-report-flight on woking.cam.xci-test.com
logs: /home/xc_osstest/logs
images: /home/xc_osstest/images
Logs, config files, etc. are available at
http://www.chiark.greenend.org.uk/~xensrcts/logs
Test harness code can be found at
http://xenbits.xensource.com/gitweb?p=osstest.git;a=summary
Not pushing.
------------------------------------------------------------
commit 30f53a4cc56d45a86ef025a0fd8e90e4c5cefe1c
Author: Ian Campbell <ijc@hellion.org.uk>
Date: Fri Aug 16 15:21:05 2013 +0100
pygrub: add Debian extlinux.conf path
This is Debian bug #697407.
http://bugs.debian.org/cgi-bin/bugreport.cgi?bug=697407
Signed-off-by: Ian Campbell <ijc@hellion.org.uk>
Acked-by: Ian Jackson <ian.jackson@eu.citrix.com>
(cherry picked from commit 258d27a1d9fb33a490bef1381f52d522225c3dca)
commit a978634bee4db6c5e0ceeb66adcc5114f3f9bc48
Author: John Liu <john.liuqiming@huawei.com>
Date: Mon Jul 22 22:23:10 2013 +0100
oxenstored: Protect oxenstored from malicious domains.
add check logic when read from IO ring, and if error happens,
then mark the reading connection as "bad", Unless vm reboot,
oxenstored will not handle message from this connection any more.
xs_ring_stubs.c: add a more strict check on ring reading
connection.ml, domain.ml: add getter and setter for bad flag
process.ml: if exception raised when reading from domain''s ring,
mark this domain as "bad"
xenstored.ml: if a domain is marked as "bad", do not handle it.
Signed-off-by: John Liu <john.liuqiming@huawei.com>
Acked-by: David Scott <dave.scott@eu.citrix.com>
(cherry picked from commit 704302ce9404c73cfb687d31adcf67094ab5bb53)
(qemu changes not included)