flight 18933 linux-3.10 real [real]
http://www.chiark.greenend.org.uk/~xensrcts/logs/18933/
Regressions :-(
Tests which did not succeed and are blocking,
including tests which could not be run:
build-i386 4 xen-build fail REGR. vs. 18850
Tests which did not succeed, but are not blocking:
test-amd64-i386-rhel6hvm-amd 1 xen-build-check(1) blocked n/a
test-amd64-i386-xl-credit2 1 xen-build-check(1) blocked n/a
test-amd64-amd64-xl-pcipt-intel 9 guest-start fail never pass
test-amd64-i386-xl-multivcpu 1 xen-build-check(1) blocked n/a
test-amd64-i386-xl 1 xen-build-check(1) blocked n/a
test-amd64-i386-qemut-rhel6hvm-amd 1 xen-build-check(1) blocked n/a
test-amd64-i386-qemut-rhel6hvm-intel 1 xen-build-check(1) blocked n/a
test-amd64-i386-qemuu-rhel6hvm-amd 1 xen-build-check(1) blocked n/a
test-amd64-i386-pv 1 xen-build-check(1) blocked n/a
test-amd64-i386-qemuu-rhel6hvm-intel 1 xen-build-check(1) blocked n/a
test-amd64-i386-rhel6hvm-intel 1 xen-build-check(1) blocked n/a
test-amd64-i386-pair 1 xen-build-check(1) blocked n/a
test-amd64-i386-xl-win7-amd64 1 xen-build-check(1) blocked n/a
test-amd64-i386-xl-qemut-win7-amd64 1 xen-build-check(1) blocked n/a
test-amd64-i386-xl-winxpsp3-vcpus1 1 xen-build-check(1) blocked n/a
test-amd64-amd64-xl-qemut-win7-amd64 13 guest-stop fail never pass
test-amd64-amd64-xl-win7-amd64 13 guest-stop fail never pass
test-amd64-i386-xl-qemut-winxpsp3-vcpus1 1 xen-build-check(1) blocked n/a
test-amd64-amd64-xl-qemuu-win7-amd64 13 guest-stop fail never pass
test-amd64-amd64-xl-winxpsp3 13 guest-stop fail never pass
test-amd64-i386-xend-winxpsp3 1 xen-build-check(1) blocked n/a
test-amd64-i386-xend-qemut-winxpsp3 1 xen-build-check(1) blocked n/a
test-amd64-amd64-xl-qemuu-winxpsp3 13 guest-stop fail never pass
test-amd64-amd64-xl-qemut-winxpsp3 7 windows-install fail never pass
version targeted for testing:
linux 8bf3379a74bc9132751bfa685bad2da318fd59d7
baseline version:
linux 0a4b6d4ff200a553951f77f765971cb3e4c91ec0
------------------------------------------------------------
People who touched revisions under test:
Al Viro <viro@zeniv.linux.org.uk>
Alex Deucher <alexander.deucher@amd.com>
Alexander Sverdlin <alexander.sverdlin@nsn.com>
Anatolij Gustschin <agust@denx.de>
Andrew Morton <akpm@linux-foundation.org>
Anthony Foiani <anthony.foiani@gmail.com>
Anton Blanchard <anton@samba.org>
Anton Kolesov <akolesov@synopsys.com>
Bjorn Helgaas <bhelgaas@google.com>
Catalin Marinas <catalin.marinas@arm.com>
Chris Wilson <chris@chris-wilson.co.uk>
Christian Borntraeger <borntraeger@de.ibm.com>
Christian König <christian.koenig@amd.com>
Dan Carpenter <dan.carpenter@oracle.com>
Daniel Drake <dsd@laptop.org>
Daniel Vetter <daniel.vetter@ffwll.ch>
David Milburn <dmilburn@redhat.com>
David Vrabel <david.vrabel@citrix.com>
Dominik Dingel <dingel@linux.vnet.ibm.com>
Emmanuel Grumbach <emmanuel.grumbach@intel.com>
Greg Kroah-Hartman <gregkh@linuxfoundation.org>
H. Peter Anvin <hpa@linux.intel.com>
Ian Abbott <abbotti@mev.co.uk>
James Bottomley <JBottomley@Parallels.com>
Jeff Wu <zlinuxkernel@gmail.com>
Joern Rennecke <joern.rennecke@embecosm.com>
Johannes Berg <johannes.berg@intel.com>
Johannes Berg <johannes@sipsolutions.net>
John W. Linville <linville@tuxdriver.com>
Jonghwan Choi <jhbird.choi@samsung.com>
Jussi Kivilinna <jussi.kivilinna@iki.fi>
Kent Overstreet <koverstreet@google.com>
Kevin Hilman <khilman@linaro.org>
Konrad Rzeszutek Wilk <konrad.wilk@oracle.com>
Kumar Amit Mehta <gmate.amit@gmail.com>
Linus Torvalds <torvalds@linux-foundation.org>
Luciano Coelho <luciano.coelho@intel.com>
Martin Peschke <mpeschke@linux.vnet.ibm.com>
Masami Hiramatsu <masami.hiramatsu.pt@hitachi.com>
Namhyung Kim <namhyung@kernel.org>
Nicolas Ferre <nicolas.ferre@atmel.com>
Nicolas Pitre <nico@linaro.org>
Oleg Nesterov <oleg@redhat.com>
Paolo Bonzini <pbonzini@redhat.com>
Radu Caragea <sinaelgl@gmail.com>
Rafael J. Wysocki <rafael.j.wysocki@intel.com>
Rafał Miłecki <zajec5@gmail.com>
Rob Herring <rob.herring@calxeda.com>
Roland Dreier <roland@purestorage.com>
Russell King <rmk+kernel@arm.linux.org.uk>
Ryusuke Konishi <konishi.ryusuke@lab.ntt.co.jp>
Samuel Ortiz <sameo@linux.intel.com>
Sekhar Nori <nsekhar@ti.com>
Shuah Khan <shuah.kh@samsung.com>
Srivatsa S. Bhat <srivatsa.bhat@linux.vnet.ibm.com>
Stanislaw Gruszka <sgruszka@redhat.com>
Steffen Maier <maier@linux.vnet.ibm.com>
Steve Hodgson <steve@purestorage.com>
Steven Rostedt <rostedt@goodmis.org>
Tejun Heo <tj@kernel.org>
Terry Suereth <terry.suereth@gmail.com>
Thiago Macieira <thiago@kde.org>
Tomas Winkler <tomas.winkler@intel.com>
Vineet Gupta <vgupta@synopsys.com>
Vladimir Lalov <mail@vlalov.com>
Vyacheslav Dubeyko <slava@dubeyko.com>
Will Deacon <will.deacon@arm.com>
Wladislav Wiebe <wladislav.kw@gmail.com>
Yinghai Lu <yinghai@kernel.org>
------------------------------------------------------------
jobs:
build-amd64 pass
build-armhf pass
build-i386 fail
build-amd64-pvops pass
build-i386-pvops pass
test-amd64-amd64-xl pass
test-amd64-i386-xl blocked
test-amd64-i386-rhel6hvm-amd blocked
test-amd64-i386-qemut-rhel6hvm-amd blocked
test-amd64-i386-qemuu-rhel6hvm-amd blocked
test-amd64-amd64-xl-qemut-win7-amd64 fail
test-amd64-i386-xl-qemut-win7-amd64 blocked
test-amd64-amd64-xl-qemuu-win7-amd64 fail
test-amd64-amd64-xl-win7-amd64 fail
test-amd64-i386-xl-win7-amd64 blocked
test-amd64-i386-xl-credit2 blocked
test-amd64-amd64-xl-pcipt-intel fail
test-amd64-i386-rhel6hvm-intel blocked
test-amd64-i386-qemut-rhel6hvm-intel blocked
test-amd64-i386-qemuu-rhel6hvm-intel blocked
test-amd64-i386-xl-multivcpu blocked
test-amd64-amd64-pair pass
test-amd64-i386-pair blocked
test-amd64-amd64-xl-sedf-pin pass
test-amd64-amd64-pv pass
test-amd64-i386-pv blocked
test-amd64-amd64-xl-sedf pass
test-amd64-i386-xl-qemut-winxpsp3-vcpus1 blocked
test-amd64-i386-xl-winxpsp3-vcpus1 blocked
test-amd64-i386-xend-qemut-winxpsp3 blocked
test-amd64-amd64-xl-qemut-winxpsp3 fail
test-amd64-amd64-xl-qemuu-winxpsp3 fail
test-amd64-i386-xend-winxpsp3 blocked
test-amd64-amd64-xl-winxpsp3 fail
------------------------------------------------------------
sg-report-flight on woking.cam.xci-test.com
logs: /home/xc_osstest/logs
images: /home/xc_osstest/images
Logs, config files, etc. are available at
http://www.chiark.greenend.org.uk/~xensrcts/logs
Test harness code can be found at
http://xenbits.xensource.com/gitweb?p=osstest.git;a=summary
Not pushing.
(No revision log; it would be 2297 lines long.)
--===============2260394274546267182=Content-Type: text/plain;
charset="us-ascii"
MIME-Version: 1.0
Content-Transfer-Encoding: 7bit
Content-Disposition: inline
_______________________________________________
Xen-devel mailing list
Xen-devel@lists.xen.org
http://lists.xen.org/xen-devel
--===============2260394274546267182==--