xen.org
2013-Aug-19 17:07 UTC
[xen-4.1-testing test] 18720: trouble: blocked/broken/fail/pass
flight 18720 xen-4.1-testing real [real]
http://www.chiark.greenend.org.uk/~xensrcts/logs/18720/
Failures and problems with tests :-(
Tests which did not succeed and are blocking,
including tests which could not be run:
test-i386-i386-xl 3 host-install(3) broken REGR. vs. 18651
test-i386-i386-pv 3 host-install(3) broken REGR. vs. 18651
build-amd64 2 host-install(2) broken REGR. vs. 18651
test-i386-i386-pair 4 host-install/dst_host(4) broken REGR. vs. 18651
test-i386-i386-pair 3 host-install/src_host(3) broken REGR. vs. 18651
build-amd64-pvops 2 host-install(2) broken REGR. vs. 18651
test-i386-i386-xl-qemut-winxpsp3 3 host-install(3) broken REGR. vs. 18651
build-amd64-oldkern 2 host-install(2) broken REGR. vs. 18651
test-i386-i386-xl-qemuu-winxpsp3 3 host-install(3) broken REGR. vs. 18651
Tests which did not succeed, but are not blocking:
build-armhf 4 xen-build fail never pass
test-amd64-amd64-xl-pcipt-intel 1 xen-build-check(1) blocked n/a
test-amd64-amd64-xl-sedf 1 xen-build-check(1) blocked n/a
test-amd64-i386-xl 1 xen-build-check(1) blocked n/a
test-amd64-amd64-xl-sedf-pin 1 xen-build-check(1) blocked n/a
test-amd64-amd64-pv 1 xen-build-check(1) blocked n/a
test-amd64-amd64-xl 1 xen-build-check(1) blocked n/a
test-amd64-i386-qemuu-rhel6hvm-amd 1 xen-build-check(1) blocked n/a
test-amd64-i386-qemut-rhel6hvm-amd 1 xen-build-check(1) blocked n/a
test-amd64-i386-pv 1 xen-build-check(1) blocked n/a
test-amd64-i386-rhel6hvm-intel 1 xen-build-check(1) blocked n/a
test-amd64-amd64-pair 1 xen-build-check(1) blocked n/a
test-amd64-i386-qemut-rhel6hvm-intel 1 xen-build-check(1) blocked n/a
test-amd64-i386-xl-credit2 1 xen-build-check(1) blocked n/a
test-amd64-i386-rhel6hvm-amd 1 xen-build-check(1) blocked n/a
test-amd64-i386-pair 1 xen-build-check(1) blocked n/a
test-amd64-amd64-xl-qemut-winxpsp3 1 xen-build-check(1) blocked n/a
test-amd64-amd64-xl-qemuu-win7-amd64 1 xen-build-check(1) blocked n/a
test-i386-i386-xl-winxpsp3 13 guest-stop fail never pass
test-amd64-amd64-xl-win7-amd64 1 xen-build-check(1) blocked n/a
test-amd64-i386-xend-winxpsp3 1 xen-build-check(1) blocked n/a
test-amd64-i386-xl-win7-amd64 1 xen-build-check(1) blocked n/a
test-amd64-amd64-xl-winxpsp3 1 xen-build-check(1) blocked n/a
test-amd64-i386-xl-qemut-win7-amd64 1 xen-build-check(1) blocked n/a
test-amd64-i386-xl-winxpsp3-vcpus1 1 xen-build-check(1) blocked n/a
test-amd64-i386-xl-qemut-winxpsp3-vcpus1 1 xen-build-check(1) blocked n/a
test-amd64-i386-xend-qemut-winxpsp3 1 xen-build-check(1) blocked n/a
test-amd64-i386-qemuu-rhel6hvm-intel 1 xen-build-check(1) blocked n/a
test-amd64-i386-xl-multivcpu 1 xen-build-check(1) blocked n/a
test-amd64-amd64-xl-qemuu-winxpsp3 1 xen-build-check(1) blocked n/a
test-amd64-amd64-xl-qemut-win7-amd64 1 xen-build-check(1) blocked n/a
version targeted for testing:
xen e737f237a373c673537062a7a3324f345120a113
baseline version:
xen c60e85a6a61af79ef49094be28588760993183d1
------------------------------------------------------------
People who touched revisions under test:
Jan Beulich <jbeulich@suse.com>
Tim Deegan <tim@xen.org>
------------------------------------------------------------
jobs:
build-amd64 broken
build-armhf fail
build-i386 pass
build-amd64-oldkern broken
build-i386-oldkern pass
build-amd64-pvops broken
build-i386-pvops pass
test-amd64-amd64-xl blocked
test-amd64-i386-xl blocked
test-i386-i386-xl broken
test-amd64-i386-rhel6hvm-amd blocked
test-amd64-i386-qemut-rhel6hvm-amd blocked
test-amd64-i386-qemuu-rhel6hvm-amd blocked
test-amd64-amd64-xl-qemut-win7-amd64 blocked
test-amd64-i386-xl-qemut-win7-amd64 blocked
test-amd64-amd64-xl-qemuu-win7-amd64 blocked
test-amd64-amd64-xl-win7-amd64 blocked
test-amd64-i386-xl-win7-amd64 blocked
test-amd64-i386-xl-credit2 blocked
test-amd64-amd64-xl-pcipt-intel blocked
test-amd64-i386-rhel6hvm-intel blocked
test-amd64-i386-qemut-rhel6hvm-intel blocked
test-amd64-i386-qemuu-rhel6hvm-intel blocked
test-amd64-i386-xl-multivcpu blocked
test-amd64-amd64-pair blocked
test-amd64-i386-pair blocked
test-i386-i386-pair broken
test-amd64-amd64-xl-sedf-pin blocked
test-amd64-amd64-pv blocked
test-amd64-i386-pv blocked
test-i386-i386-pv broken
test-amd64-amd64-xl-sedf blocked
test-amd64-i386-xl-qemut-winxpsp3-vcpus1 blocked
test-amd64-i386-xl-winxpsp3-vcpus1 blocked
test-amd64-i386-xend-qemut-winxpsp3 blocked
test-amd64-amd64-xl-qemut-winxpsp3 blocked
test-i386-i386-xl-qemut-winxpsp3 broken
test-amd64-amd64-xl-qemuu-winxpsp3 blocked
test-i386-i386-xl-qemuu-winxpsp3 broken
test-amd64-i386-xend-winxpsp3 blocked
test-amd64-amd64-xl-winxpsp3 blocked
test-i386-i386-xl-winxpsp3 fail
------------------------------------------------------------
sg-report-flight on woking.cam.xci-test.com
logs: /home/xc_osstest/logs
images: /home/xc_osstest/images
Logs, config files, etc. are available at
http://www.chiark.greenend.org.uk/~xensrcts/logs
Test harness code can be found at
http://xenbits.xensource.com/gitweb?p=osstest.git;a=summary
Not pushing.
------------------------------------------------------------
commit e737f237a373c673537062a7a3324f345120a113
Author: Tim Deegan <tim@xen.org>
Date: Fri Aug 16 12:11:21 2013 +0200
x86: explicit suffix in inline assembler (for clang).
This fixes the clang build, and has no effect on gcc''s output.
Signed-off-by: Tim Deegan <tim@xen.org>
Committed-by: Jan Beulich <jbeulich@suse.com>
master commit: 59a28b5f045331641cbf0c1fc8d5d67afe328939
master date: 2013-02-14 14:20:06 +0100
Note that this isn''t just a build fix - if the "delta"
input ends up
in memory, gas would default to 32-bit operand size (and should really
warn about the ambiguity).
(qemu changes not included)
Ian Jackson
2013-Aug-19 17:17 UTC
Re: [xen-4.1-testing test] 18720: trouble: blocked/broken/fail/pass
xen.org writes ("[xen-4.1-testing test] 18720: trouble:
blocked/broken/fail/pass"):> Tests which did not succeed and are blocking,
> including tests which could not be run:
> test-i386-i386-xl 3 host-install(3) broken REGR. vs. 18651
Infrastructure problem which I think I have kicked sufficiently :-/
Ian.