flight 18399 xen-unstable real [real]
http://www.chiark.greenend.org.uk/~xensrcts/logs/18399/
Regressions :-(
Tests which did not succeed and are blocking,
including tests which could not be run:
test-amd64-i386-qemuu-rhel6hvm-intel 9 guest-start.2 fail REGR. vs. 18260
build-i386 4 xen-build fail in 18385 REGR. vs. 18260
build-i386-pvops 4 kernel-build fail in 18385 REGR. vs. 18260
Tests which are failing intermittently (not blocking):
test-amd64-i386-rhel6hvm-intel 7 redhat-install fail pass in 18355
test-amd64-amd64-xl-qemuu-winxpsp3 8 guest-saverestore fail pass in 18385
test-amd64-i386-qemut-rhel6hvm-intel 9 guest-start.2 fail pass in 18318
test-amd64-i386-qemuu-rhel6hvm-intel 7 redhat-install fail in 18355 pass in
18399
test-amd64-i386-qemut-rhel6hvm-intel 7 redhat-install fail in 18355 pass in
18399
Tests which did not succeed, but are not blocking:
test-amd64-amd64-xl-pcipt-intel 9 guest-start fail never pass
test-amd64-i386-xend-winxpsp3 16 leak-check/check fail never pass
test-amd64-amd64-xl-qemut-win7-amd64 13 guest-stop fail never pass
test-amd64-amd64-xl-qemuu-win7-amd64 13 guest-stop fail never pass
test-amd64-amd64-xl-win7-amd64 13 guest-stop fail never pass
test-amd64-i386-xl-win7-amd64 13 guest-stop fail never pass
test-amd64-i386-xl-qemut-win7-amd64 13 guest-stop fail never pass
test-amd64-amd64-xl-winxpsp3 13 guest-stop fail never pass
test-amd64-amd64-xl-qemut-winxpsp3 13 guest-stop fail never pass
test-amd64-i386-xl-winxpsp3-vcpus1 13 guest-stop fail never pass
test-amd64-i386-xend-qemut-winxpsp3 16 leak-check/check fail never pass
test-amd64-i386-xl-qemut-winxpsp3-vcpus1 13 guest-stop fail never pass
test-amd64-amd64-xl-qemuu-winxpsp3 13 guest-stop fail in 18355 never pass
test-amd64-i386-rhel6hvm-intel 1 xen-build-check(1) blocked in 18385 n/a
test-amd64-i386-pv 1 xen-build-check(1) blocked in 18385 n/a
test-amd64-i386-qemuu-rhel6hvm-intel 1 xen-build-check(1) blocked in 18385 n/a
test-amd64-i386-xl 1 xen-build-check(1) blocked in 18385 n/a
test-amd64-i386-xl-credit2 1 xen-build-check(1) blocked in 18385 n/a
test-amd64-i386-xl-multivcpu 1 xen-build-check(1) blocked in 18385 n/a
test-amd64-i386-qemuu-rhel6hvm-amd 1 xen-build-check(1) blocked in 18385 n/a
test-amd64-i386-rhel6hvm-amd 1 xen-build-check(1) blocked in 18385 n/a
test-amd64-i386-qemut-rhel6hvm-amd 1 xen-build-check(1) blocked in 18385 n/a
test-amd64-i386-pair 1 xen-build-check(1) blocked in 18385 n/a
test-amd64-i386-xend-winxpsp3 1 xen-build-check(1) blocked in 18385 n/a
test-amd64-i386-qemut-rhel6hvm-intel 1 xen-build-check(1) blocked in 18385 n/a
test-amd64-i386-xl-win7-amd64 1 xen-build-check(1) blocked in 18385 n/a
test-amd64-i386-xl-qemut-win7-amd64 1 xen-build-check(1) blocked in 18385 n/a
test-amd64-i386-xl-winxpsp3-vcpus1 1 xen-build-check(1) blocked in 18385 n/a
test-amd64-i386-xend-qemut-winxpsp3 1 xen-build-check(1) blocked in 18385 n/a
test-amd64-i386-xl-qemut-winxpsp3-vcpus1 1 xen-build-check(1) blocked in 18385
n/a
version targeted for testing:
xen 521ce5beba17a34324dbe0077cca85d347cf2b7d
baseline version:
xen 9eabb0735400e2b6059dfa3f0b47a426f61f570a
------------------------------------------------------------
People who touched revisions under test:
Andrew Cooper <andrew.cooper3@citrix.com>
Ben Guthro <benjamin.guthro@citrix.com>
Chen Baozi <baozich@gmail.com>
Ian Campbell <ian.campbell@citrix.com>
James Bulpin <james.bulpin@citrix.com>
Jan Beulich <jbeulich@suse.com>
Julien Grall <julien.grall@linaro.org>
Keir Fraser <keir.xen@gmail.com>
Keir Fraser <keir@xen.org
Keir Fraser <keir@xen.org>
Marek Marczykowski <marmarek@invisiblethingslab.com>
Samuel Thibault <samuel.thibault@ens-lyon.org>
Wei Liu <wei.liu2@citrix.com>
Will.Deacon@arm.com
------------------------------------------------------------
jobs:
build-amd64 pass
build-armhf pass
build-i386 pass
build-amd64-oldkern pass
build-i386-oldkern pass
build-amd64-pvops pass
build-i386-pvops pass
test-amd64-amd64-xl pass
test-amd64-i386-xl pass
test-amd64-i386-rhel6hvm-amd pass
test-amd64-i386-qemut-rhel6hvm-amd pass
test-amd64-i386-qemuu-rhel6hvm-amd pass
test-amd64-amd64-xl-qemut-win7-amd64 fail
test-amd64-i386-xl-qemut-win7-amd64 fail
test-amd64-amd64-xl-qemuu-win7-amd64 fail
test-amd64-amd64-xl-win7-amd64 fail
test-amd64-i386-xl-win7-amd64 fail
test-amd64-i386-xl-credit2 pass
test-amd64-amd64-xl-pcipt-intel fail
test-amd64-i386-rhel6hvm-intel fail
test-amd64-i386-qemut-rhel6hvm-intel fail
test-amd64-i386-qemuu-rhel6hvm-intel fail
test-amd64-i386-xl-multivcpu pass
test-amd64-amd64-pair pass
test-amd64-i386-pair pass
test-amd64-amd64-xl-sedf-pin pass
test-amd64-amd64-pv pass
test-amd64-i386-pv pass
test-amd64-amd64-xl-sedf pass
test-amd64-i386-xl-qemut-winxpsp3-vcpus1 fail
test-amd64-i386-xl-winxpsp3-vcpus1 fail
test-amd64-i386-xend-qemut-winxpsp3 fail
test-amd64-amd64-xl-qemut-winxpsp3 fail
test-amd64-amd64-xl-qemuu-winxpsp3 fail
test-amd64-i386-xend-winxpsp3 fail
test-amd64-amd64-xl-winxpsp3 fail
------------------------------------------------------------
sg-report-flight on woking.cam.xci-test.com
logs: /home/xc_osstest/logs
images: /home/xc_osstest/images
Logs, config files, etc. are available at
http://www.chiark.greenend.org.uk/~xensrcts/logs
Test harness code can be found at
http://xenbits.xensource.com/gitweb?p=osstest.git;a=summary
Not pushing.
(No revision log; it would be 327 lines long.)