flight 18272 xen-4.1-testing real [real]
http://www.chiark.greenend.org.uk/~xensrcts/logs/18272/
Regressions :-(
Tests which did not succeed and are blocking,
including tests which could not be run:
build-i386-oldkern 4 xen-build fail REGR. vs. 18231
build-i386 4 xen-build fail REGR. vs. 18231
Tests which did not succeed, but are not blocking:
build-armhf 4 xen-build fail never pass
test-amd64-amd64-xl-pcipt-intel 9 guest-start fail never pass
test-amd64-i386-xl-credit2 1 xen-build-check(1) blocked n/a
test-i386-i386-pv 1 xen-build-check(1) blocked n/a
test-amd64-i386-qemuu-rhel6hvm-intel 1 xen-build-check(1) blocked n/a
test-amd64-i386-qemut-rhel6hvm-intel 1 xen-build-check(1) blocked n/a
test-amd64-i386-rhel6hvm-intel 1 xen-build-check(1) blocked n/a
test-amd64-i386-pv 1 xen-build-check(1) blocked n/a
test-amd64-i386-pair 1 xen-build-check(1) blocked n/a
test-i386-i386-xl 1 xen-build-check(1) blocked n/a
test-amd64-i386-xl-multivcpu 1 xen-build-check(1) blocked n/a
test-amd64-i386-rhel6hvm-amd 1 xen-build-check(1) blocked n/a
test-amd64-i386-qemut-rhel6hvm-amd 1 xen-build-check(1) blocked n/a
test-amd64-i386-xl 1 xen-build-check(1) blocked n/a
test-amd64-i386-qemuu-rhel6hvm-amd 1 xen-build-check(1) blocked n/a
test-amd64-i386-xend-qemut-winxpsp3 1 xen-build-check(1) blocked n/a
test-amd64-amd64-xl-winxpsp3 13 guest-stop fail never pass
test-amd64-amd64-xl-win7-amd64 13 guest-stop fail never pass
test-amd64-i386-xl-qemut-win7-amd64 1 xen-build-check(1) blocked n/a
test-i386-i386-xl-qemut-winxpsp3 1 xen-build-check(1) blocked n/a
test-amd64-i386-xl-win7-amd64 1 xen-build-check(1) blocked n/a
test-amd64-amd64-xl-qemuu-win7-amd64 13 guest-stop fail never pass
test-amd64-i386-xend-winxpsp3 1 xen-build-check(1) blocked n/a
test-amd64-amd64-xl-qemut-win7-amd64 13 guest-stop fail never pass
test-i386-i386-pair 1 xen-build-check(1) blocked n/a
test-amd64-i386-xl-qemut-winxpsp3-vcpus1 1 xen-build-check(1) blocked n/a
test-amd64-i386-xl-winxpsp3-vcpus1 1 xen-build-check(1) blocked n/a
test-amd64-amd64-xl-qemuu-winxpsp3 13 guest-stop fail never pass
test-i386-i386-xl-winxpsp3 1 xen-build-check(1) blocked n/a
test-amd64-amd64-xl-qemut-winxpsp3 13 guest-stop fail never pass
test-i386-i386-xl-qemuu-winxpsp3 1 xen-build-check(1) blocked n/a
version targeted for testing:
xen 75c411d02b1b8eca02c97d32120ded0ce4146114
baseline version:
xen 8e49bda945b85050a3583d8a6f3831b5f14cca16
------------------------------------------------------------
People who touched revisions under test:
Aurelien Chartier <aurelien.chartier@citrix.com>
Daniel De Graaf <dgdegra@tycho.nsa.gov>
------------------------------------------------------------
jobs:
build-amd64 pass
build-armhf fail
build-i386 fail
build-amd64-oldkern pass
build-i386-oldkern fail
build-amd64-pvops pass
build-i386-pvops pass
test-amd64-amd64-xl pass
test-amd64-i386-xl blocked
test-i386-i386-xl blocked
test-amd64-i386-rhel6hvm-amd blocked
test-amd64-i386-qemut-rhel6hvm-amd blocked
test-amd64-i386-qemuu-rhel6hvm-amd blocked
test-amd64-amd64-xl-qemut-win7-amd64 fail
test-amd64-i386-xl-qemut-win7-amd64 blocked
test-amd64-amd64-xl-qemuu-win7-amd64 fail
test-amd64-amd64-xl-win7-amd64 fail
test-amd64-i386-xl-win7-amd64 blocked
test-amd64-i386-xl-credit2 blocked
test-amd64-amd64-xl-pcipt-intel fail
test-amd64-i386-rhel6hvm-intel blocked
test-amd64-i386-qemut-rhel6hvm-intel blocked
test-amd64-i386-qemuu-rhel6hvm-intel blocked
test-amd64-i386-xl-multivcpu blocked
test-amd64-amd64-pair pass
test-amd64-i386-pair blocked
test-i386-i386-pair blocked
test-amd64-amd64-xl-sedf-pin pass
test-amd64-amd64-pv pass
test-amd64-i386-pv blocked
test-i386-i386-pv blocked
test-amd64-amd64-xl-sedf pass
test-amd64-i386-xl-qemut-winxpsp3-vcpus1 blocked
test-amd64-i386-xl-winxpsp3-vcpus1 blocked
test-amd64-i386-xend-qemut-winxpsp3 blocked
test-amd64-amd64-xl-qemut-winxpsp3 fail
test-i386-i386-xl-qemut-winxpsp3 blocked
test-amd64-amd64-xl-qemuu-winxpsp3 fail
test-i386-i386-xl-qemuu-winxpsp3 blocked
test-amd64-i386-xend-winxpsp3 blocked
test-amd64-amd64-xl-winxpsp3 fail
test-i386-i386-xl-winxpsp3 blocked
------------------------------------------------------------
sg-report-flight on woking.cam.xci-test.com
logs: /home/xc_osstest/logs
images: /home/xc_osstest/images
Logs, config files, etc. are available at
http://www.chiark.greenend.org.uk/~xensrcts/logs
Test harness code can be found at
http://xenbits.xensource.com/gitweb?p=osstest.git;a=summary
Not pushing.
------------------------------------------------------------
commit 75c411d02b1b8eca02c97d32120ded0ce4146114
Author: Aurelien Chartier <aurelien.chartier@citrix.com>
Date: Thu Jul 4 10:46:25 2013 +0200
xsm/flask: Fix XSM support for HVMOP_track_dirty_vram
The XSM check for HVMOP_track_dirty_vram is done with a call to
xsm_hvm_param,
therefore the switch handling that case should be located in flask_hvm_param
and not in flask_hvmcontext.
This was fixed upstream by the two following patches :
* 875756ca34fabc7243c4a682ffd7008710a907e2 (add case in flask_hvm_param)
* 652f94327383c5517b709f0a3e4b970216b3d375 (remove case from
flask_hvmcontext)
Signed-off-by: Aurelien Chartier <aurelien.chartier@citrix.com>
Acked-by: Daniel De Graaf <dgdegra@tycho.nsa.gov>
(qemu changes not included)